66.249.92.197 - - [01/Apr/2026:11:48:28 -0700] "GET /wp-content/plugins/elementor/assets/css/widget-social-icons.min.css?ver=3.35.9 HTTP/1.1" 200 1039 "http://galvanizingnearme.com/vedpr/c1252657.html" "Mozilla/5.0 (X11; Linux x86_64) AppleWebKit/537.36 (KHTML, like Gecko) Chrome/146.0.7680.153 Safari/537.36" 9 **0/9260**
66.249.92.199 - - [01/Apr/2026:11:48:28 -0700] "GET /wp-content/plugins/dropex-common/redux-framework/redux-core/assets/css/extendify-utilities.css?ver=4.4.13 HTTP/1.1" 200 5381 "http://galvanizingnearme.com/vedpr/c1252657.html" "Mozilla/5.0 (X11; Linux x86_64) AppleWebKit/537.36 (KHTML, like Gecko) Chrome/146.0.7680.153 Safari/537.36" 14 **0/14363**
66.249.92.165 - - [01/Apr/2026:11:48:28 -0700] "GET /wp-content/themes/dropex/css/responsive.css?ver=6.9.4 HTTP/1.1" 200 4784 "http://galvanizingnearme.com/vedpr/c1252657.html" "Mozilla/5.0 (X11; Linux x86_64) AppleWebKit/537.36 (KHTML, like Gecko) Chrome/146.0.7680.153 Safari/537.36" 11 **0/11902**
66.249.92.164 - - [01/Apr/2026:11:48:28 -0700] "GET /wp-content/plugins/contact-form-7/includes/css/styles.css?ver=6.1.5 HTTP/1.1" 200 900 "http://galvanizingnearme.com/vedpr/c1252657.html" "Mozilla/5.0 (X11; Linux x86_64) AppleWebKit/537.36 (KHTML, like Gecko) Chrome/146.0.7680.153 Safari/537.36" 14 **0/14081**
66.249.92.165 - - [01/Apr/2026:11:48:28 -0700] "GET /wp-content/themes/dropex/css/all.min.css?ver=6.9.4 HTTP/1.1" 200 9811 "http://galvanizingnearme.com/vedpr/c1252657.html" "Mozilla/5.0 (X11; Linux x86_64) AppleWebKit/537.36 (KHTML, like Gecko) Chrome/146.0.7680.153 Safari/537.36" 16 **0/16090**
66.249.92.44 - - [01/Apr/2026:11:48:29 -0700] "GET /wp-content/uploads/elementor/css/post-11.css?ver=1774536648 HTTP/1.1" 200 344 "http://galvanizingnearme.com/vedpr/c1252657.html" "Mozilla/5.0 (X11; Linux x86_64) AppleWebKit/537.36 (KHTML, like Gecko) Chrome/146.0.7680.153 Safari/537.36" 10 **0/10999**
66.249.92.43 - - [01/Apr/2026:11:48:29 -0700] "GET /wp-content/themes/dropex/css/tp-animation.css?ver=6.9.4 HTTP/1.1" 200 1115 "http://galvanizingnearme.com/vedpr/c1252657.html" "Mozilla/5.0 (X11; Linux x86_64) AppleWebKit/537.36 (KHTML, like Gecko) Chrome/146.0.7680.153 Safari/537.36" 9 **0/9502**
66.249.92.165 - - [01/Apr/2026:11:48:29 -0700] "GET /wp-content/plugins/all-in-one-seo-pack/dist/Lite/assets/css/table-of-contents/global.e90f6d47.css?ver=4.9.5.1 HTTP/1.1" 200 420 "http://galvanizingnearme.com/vedpr/c1252657.html" "Mozilla/5.0 (X11; Linux x86_64) AppleWebKit/537.36 (KHTML, like Gecko) Chrome/146.0.7680.153 Safari/537.36" 16 **0/16125**
66.249.92.10 - - [01/Apr/2026:11:48:29 -0700] "GET /wp-content/themes/dropex/css/light-box.css?ver=6.9.4 HTTP/1.1" 200 1683 "http://galvanizingnearme.com/vedpr/c1252657.html" "Mozilla/5.0 (X11; Linux x86_64) AppleWebKit/537.36 (KHTML, like Gecko) Chrome/146.0.7680.153 Safari/537.36" 10 **0/10930**
66.249.92.10 - - [01/Apr/2026:11:48:29 -0700] "GET /wp-content/themes/dropex/css/owl.carousel.min.css?ver=6.9.4 HTTP/1.1" 200 916 "http://galvanizingnearme.com/vedpr/c1252657.html" "Mozilla/5.0 (X11; Linux x86_64) AppleWebKit/537.36 (KHTML, like Gecko) Chrome/146.0.7680.153 Safari/537.36" 8 **0/8974**
66.249.92.45 - - [01/Apr/2026:11:48:29 -0700] "GET /wp-content/themes/dropex/css/style.css?ver=6.9.4 HTTP/1.1" 200 63077 "http://galvanizingnearme.com/vedpr/c1252657.html" "Mozilla/5.0 (X11; Linux x86_64) AppleWebKit/537.36 (KHTML, like Gecko) Chrome/146.0.7680.153 Safari/537.36" 43 **0/43394**
66.249.92.44 - - [01/Apr/2026:11:48:29 -0700] "GET /wp-content/themes/dropex/style.css?ver=2023-08-29 HTTP/1.1" 200 7560 "http://galvanizingnearme.com/vedpr/c1252657.html" "Mozilla/5.0 (X11; Linux x86_64) AppleWebKit/537.36 (KHTML, like Gecko) Chrome/146.0.7680.153 Safari/537.36" 13 **0/13942**
66.249.92.165 - - [01/Apr/2026:11:48:29 -0700] "GET /wp-content/plugins/elementor-pro/assets/css/widget-nav-menu.min.css?ver=3.34.0 HTTP/1.1" 200 3246 "http://galvanizingnearme.com/vedpr/c1252657.html" "Mozilla/5.0 (X11; Linux x86_64) AppleWebKit/537.36 (KHTML, like Gecko) Chrome/146.0.7680.153 Safari/537.36" 11 **0/11627**
66.249.92.199 - - [01/Apr/2026:11:48:30 -0700] "GET /wp-content/plugins/fluentform/assets/css/fluent-forms-elementor-widget.css?ver=6.1.21 HTTP/1.1" 200 772 "http://galvanizingnearme.com/vedpr/c1252657.html" "Mozilla/5.0 (X11; Linux x86_64) AppleWebKit/537.36 (KHTML, like Gecko) Chrome/146.0.7680.153 Safari/537.36" 12 **0/12333**
66.249.92.43 - - [01/Apr/2026:11:48:30 -0700] "GET /wp-content/uploads/elementor/css/post-1513.css?ver=1774536648 HTTP/1.1" 200 1515 "http://galvanizingnearme.com/vedpr/c1252657.html" "Mozilla/5.0 (X11; Linux x86_64) AppleWebKit/537.36 (KHTML, like Gecko) Chrome/146.0.7680.153 Safari/537.36" 12 **0/12963**
66.249.92.44 - - [01/Apr/2026:11:48:30 -0700] "GET /wp-content/uploads/elementor/css/post-1506.css?ver=1774536648 HTTP/1.1" 200 1141 "http://galvanizingnearme.com/vedpr/c1252657.html" "Mozilla/5.0 (X11; Linux x86_64) AppleWebKit/537.36 (KHTML, like Gecko) Chrome/146.0.7680.153 Safari/537.36" 12 **0/12847**
66.249.92.197 - - [01/Apr/2026:11:48:30 -0700] "GET /wp-content/plugins/fluentform/assets/js/fluent-forms-elementor-widget.js?ver=6.1.21 HTTP/1.1" 200 367 "http://galvanizingnearme.com/vedpr/c1252657.html" "Mozilla/5.0 (X11; Linux x86_64) AppleWebKit/537.36 (KHTML, like Gecko) Chrome/146.0.7680.153 Safari/537.36" 14 **0/14905**
66.249.92.198 - - [01/Apr/2026:11:48:30 -0700] "GET /wp-content/plugins/elementor-pro/assets/css/modules/sticky.min.css?ver=3.34.0 HTTP/1.1" 200 86 "http://galvanizingnearme.com/vedpr/c1252657.html" "Mozilla/5.0 (X11; Linux x86_64) AppleWebKit/537.36 (KHTML, like Gecko) Chrome/146.0.7680.153 Safari/537.36" 11 **0/11427**
66.249.92.45 - - [01/Apr/2026:11:48:30 -0700] "GET /wp-content/plugins/elementor/assets/css/frontend.min.css?ver=3.35.9 HTTP/1.1" 200 6618 "http://galvanizingnearme.com/vedpr/c1252657.html" "Mozilla/5.0 (X11; Linux x86_64) AppleWebKit/537.36 (KHTML, like Gecko) Chrome/146.0.7680.153 Safari/537.36" 17 **0/17301**
66.249.92.137 - - [01/Apr/2026:11:48:30 -0700] "GET /wp-content/plugins/elementor/assets/css/conditionals/apple-webkit.min.css?ver=3.35.9 HTTP/1.1" 200 464 "http://galvanizingnearme.com/vedpr/c1252657.html" "Mozilla/5.0 (X11; Linux x86_64) AppleWebKit/537.36 (KHTML, like Gecko) Chrome/146.0.7680.153 Safari/537.36" 8 **0/8497**
66.249.92.10 - - [01/Apr/2026:11:48:31 -0700] "GET /wp-includes/js/dist/hooks.min.js?ver=dd5603f07f9220ed27f1 HTTP/1.1" 200 1855 "http://galvanizingnearme.com/vedpr/c1252657.html" "Mozilla/5.0 (X11; Linux x86_64) AppleWebKit/537.36 (KHTML, like Gecko) Chrome/146.0.7680.153 Safari/537.36" 15 **0/15494**
66.249.92.198 - - [01/Apr/2026:11:48:31 -0700] "GET /wp-includes/js/jquery/jquery-migrate.min.js?ver=3.4.1 HTTP/1.1" 200 4685 "http://galvanizingnearme.com/vedpr/c1252657.html" "Mozilla/5.0 (X11; Linux x86_64) AppleWebKit/537.36 (KHTML, like Gecko) Chrome/146.0.7680.153 Safari/537.36" 13 **0/13425**
66.249.92.197 - - [01/Apr/2026:11:48:31 -0700] "GET /wp-content/plugins/elementor/assets/css/widget-image-box.min.css?ver=3.35.9 HTTP/1.1" 200 298 "http://galvanizingnearme.com/vedpr/c1252657.html" "Mozilla/5.0 (X11; Linux x86_64) AppleWebKit/537.36 (KHTML, like Gecko) Chrome/146.0.7680.153 Safari/537.36" 9 **0/9433**
66.249.92.164 - - [01/Apr/2026:11:48:31 -0700] "GET /wp-includes/js/jquery/jquery.min.js?ver=3.7.1 HTTP/1.1" 200 29769 "http://galvanizingnearme.com/vedpr/c1252657.html" "Mozilla/5.0 (X11; Linux x86_64) AppleWebKit/537.36 (KHTML, like Gecko) Chrome/146.0.7680.153 Safari/537.36" 22 **0/22478**
66.249.92.164 - - [01/Apr/2026:11:48:31 -0700] "GET /wp-content/plugins/elementor/assets/css/widget-image.min.css?ver=3.35.9 HTTP/1.1" 200 96 "http://galvanizingnearme.com/vedpr/c1252657.html" "Mozilla/5.0 (X11; Linux x86_64) AppleWebKit/537.36 (KHTML, like Gecko) Chrome/146.0.7680.153 Safari/537.36" 8 **0/8801**
66.249.92.163 - - [01/Apr/2026:11:48:31 -0700] "GET /wp-includes/js/dist/i18n.min.js?ver=c26c3dc7bed366793375 HTTP/1.1" 200 2118 "http://galvanizingnearme.com/vedpr/c1252657.html" "Mozilla/5.0 (X11; Linux x86_64) AppleWebKit/537.36 (KHTML, like Gecko) Chrome/146.0.7680.153 Safari/537.36" 10 **0/10216**
66.249.92.44 - - [01/Apr/2026:11:48:31 -0700] "GET /wp-content/plugins/contact-form-7/includes/swv/js/index.js?ver=6.1.5 HTTP/1.1" 200 3369 "http://galvanizingnearme.com/vedpr/c1252657.html" "Mozilla/5.0 (X11; Linux x86_64) AppleWebKit/537.36 (KHTML, like Gecko) Chrome/146.0.7680.153 Safari/537.36" 16 **0/16461**
66.249.92.198 - - [01/Apr/2026:11:48:31 -0700] "GET /wp-content/themes/dropex/js/progressbar.min.js?ver=6.9.4 HTTP/1.1" 200 6814 "http://galvanizingnearme.com/vedpr/c1252657.html" "Mozilla/5.0 (X11; Linux x86_64) AppleWebKit/537.36 (KHTML, like Gecko) Chrome/146.0.7680.153 Safari/537.36" 16 **0/16228**
66.249.92.10 - - [01/Apr/2026:11:48:31 -0700] "GET /wp-content/themes/dropex/js/jquery.event.move.js?ver=6.9.4 HTTP/1.1" 200 4097 "http://galvanizingnearme.com/vedpr/c1252657.html" "Mozilla/5.0 (X11; Linux x86_64) AppleWebKit/537.36 (KHTML, like Gecko) Chrome/146.0.7680.153 Safari/537.36" 9 **0/9409**
66.249.92.164 - - [01/Apr/2026:11:48:32 -0700] "GET /wp-content/plugins/contact-form-7/includes/js/index.js?ver=6.1.5 HTTP/1.1" 200 4020 "http://galvanizingnearme.com/vedpr/c1252657.html" "Mozilla/5.0 (X11; Linux x86_64) AppleWebKit/537.36 (KHTML, like Gecko) Chrome/146.0.7680.153 Safari/537.36" 12 **0/12013**
66.249.92.198 - - [01/Apr/2026:11:48:32 -0700] "GET /wp-content/themes/dropex/js/owl.carousel.min.js?ver=6.9.4 HTTP/1.1" 200 11161 "http://galvanizingnearme.com/vedpr/c1252657.html" "Mozilla/5.0 (X11; Linux x86_64) AppleWebKit/537.36 (KHTML, like Gecko) Chrome/146.0.7680.153 Safari/537.36" 10 **0/10666**
66.249.92.198 - - [01/Apr/2026:11:48:32 -0700] "GET /wp-content/themes/dropex/js/odometer.min.js?ver=6.9.4 HTTP/1.1" 200 3374 "http://galvanizingnearme.com/vedpr/c1252657.html" "Mozilla/5.0 (X11; Linux x86_64) AppleWebKit/537.36 (KHTML, like Gecko) Chrome/146.0.7680.153 Safari/537.36" 11 **0/11745**
66.249.92.9 - - [01/Apr/2026:11:48:32 -0700] "GET /wp-content/themes/dropex/js/noframework.waypoints.min.js?ver=6.9.4 HTTP/1.1" 200 2972 "http://galvanizingnearme.com/vedpr/c1252657.html" "Mozilla/5.0 (X11; Linux x86_64) AppleWebKit/537.36 (KHTML, like Gecko) Chrome/146.0.7680.153 Safari/537.36" 13 **0/13817**
66.249.92.197 - - [01/Apr/2026:11:48:32 -0700] "GET /wp-content/plugins/elementor-pro/assets/js/elements-handlers.min.js?ver=3.34.0 HTTP/1.1" 200 10107 "http://galvanizingnearme.com/vedpr/c1252657.html" "Mozilla/5.0 (X11; Linux x86_64) AppleWebKit/537.36 (KHTML, like Gecko) Chrome/146.0.7680.153 Safari/537.36" 16 **0/16263**
66.249.92.197 - - [01/Apr/2026:11:48:32 -0700] "GET /wp-content/plugins/elementor-pro/assets/js/frontend.min.js?ver=3.34.0 HTTP/1.1" 200 6208 "http://galvanizingnearme.com/vedpr/c1252657.html" "Mozilla/5.0 (X11; Linux x86_64) AppleWebKit/537.36 (KHTML, like Gecko) Chrome/146.0.7680.153 Safari/537.36" 12 **0/12412**
66.249.92.198 - - [01/Apr/2026:11:48:32 -0700] "GET /wp-content/themes/dropex/js/jquery.twentytwenty.js?ver=6.9.4 HTTP/1.1" 200 1297 "http://galvanizingnearme.com/vedpr/c1252657.html" "Mozilla/5.0 (X11; Linux x86_64) AppleWebKit/537.36 (KHTML, like Gecko) Chrome/146.0.7680.153 Safari/537.36" 11 **0/11822**
66.249.92.163 - - [01/Apr/2026:11:48:32 -0700] "GET /wp-content/themes/dropex/js/masonary.min.js?ver=6.9.4 HTTP/1.1" 200 7108 "http://galvanizingnearme.com/vedpr/c1252657.html" "Mozilla/5.0 (X11; Linux x86_64) AppleWebKit/537.36 (KHTML, like Gecko) Chrome/146.0.7680.153 Safari/537.36" 13 **0/13135**
66.249.92.10 - - [01/Apr/2026:11:48:32 -0700] "GET /wp-content/themes/dropex/js/chartjs.js?ver=6.9.4 HTTP/1.1" 404 14160 "http://galvanizingnearme.com/vedpr/c1252657.html" "Mozilla/5.0 (X11; Linux x86_64) AppleWebKit/537.36 (KHTML, like Gecko) Chrome/146.0.7680.153 Safari/537.36" 819 **0/819908**
66.249.92.10 - - [01/Apr/2026:11:48:32 -0700] "GET /wp-content/themes/dropex/js/index.js?ver=6.9.4 HTTP/1.1" 200 5737 "http://galvanizingnearme.com/vedpr/c1252657.html" "Mozilla/5.0 (X11; Linux x86_64) AppleWebKit/537.36 (KHTML, like Gecko) Chrome/146.0.7680.153 Safari/537.36" 12 **0/12662**
66.249.92.163 - - [01/Apr/2026:11:48:33 -0700] "GET /wp-content/themes/dropex/js/light-box.js?ver=6.9.4 HTTP/1.1" 200 7058 "http://galvanizingnearme.com/vedpr/c1252657.html" "Mozilla/5.0 (X11; Linux x86_64) AppleWebKit/537.36 (KHTML, like Gecko) Chrome/146.0.7680.153 Safari/537.36" 15 **0/15592**
66.249.92.198 - - [01/Apr/2026:11:48:33 -0700] "GET /wp-content/plugins/elementor/assets/js/frontend-modules.min.js?ver=3.35.9 HTTP/1.1" 200 15429 "http://galvanizingnearme.com/vedpr/c1252657.html" "Mozilla/5.0 (X11; Linux x86_64) AppleWebKit/537.36 (KHTML, like Gecko) Chrome/146.0.7680.153 Safari/537.36" 19 **0/19429**
66.249.92.9 - - [01/Apr/2026:11:48:33 -0700] "GET /wp-content/plugins/elementor-pro/assets/lib/sticky/jquery.sticky.min.js?ver=3.34.0 HTTP/1.1" 200 1446 "http://galvanizingnearme.com/vedpr/c1252657.html" "Mozilla/5.0 (X11; Linux x86_64) AppleWebKit/537.36 (KHTML, like Gecko) Chrome/146.0.7680.153 Safari/537.36" 10 **0/10370**
66.249.92.9 - - [01/Apr/2026:11:48:33 -0700] "GET /wp-content/plugins/elementor/assets/js/webpack.runtime.min.js?ver=3.35.9 HTTP/1.1" 200 2282 "http://galvanizingnearme.com/vedpr/c1252657.html" "Mozilla/5.0 (X11; Linux x86_64) AppleWebKit/537.36 (KHTML, like Gecko) Chrome/146.0.7680.153 Safari/537.36" 13 **0/13687**
66.249.92.9 - - [01/Apr/2026:11:48:33 -0700] "GET /wp-content/themes/dropex/js/multipleFilterMasonry.js?ver=6.9.4 HTTP/1.1" 200 997 "http://galvanizingnearme.com/vedpr/c1252657.html" "Mozilla/5.0 (X11; Linux x86_64) AppleWebKit/537.36 (KHTML, like Gecko) Chrome/146.0.7680.153 Safari/537.36" 11 **0/11457**
66.249.92.197 - - [01/Apr/2026:11:48:33 -0700] "GET /wp-content/plugins/elementor-pro/assets/lib/smartmenus/jquery.smartmenus.min.js?ver=1.2.1 HTTP/1.1" 200 6877 "http://galvanizingnearme.com/vedpr/c1252657.html" "Mozilla/5.0 (X11; Linux x86_64) AppleWebKit/537.36 (KHTML, like Gecko) Chrome/146.0.7680.153 Safari/537.36" 14 **0/14287**
66.249.92.44 - - [01/Apr/2026:11:48:33 -0700] "GET /wp-content/plugins/elementor/assets/js/frontend.min.js?ver=3.35.9 HTTP/1.1" 200 10063 "http://galvanizingnearme.com/vedpr/c1252657.html" "Mozilla/5.0 (X11; Linux x86_64) AppleWebKit/537.36 (KHTML, like Gecko) Chrome/146.0.7680.153 Safari/537.36" 13 **0/13159**
66.249.92.197 - - [01/Apr/2026:11:48:33 -0700] "GET /wp-includes/js/jquery/ui/core.min.js?ver=1.13.3 HTTP/1.1" 200 6820 "http://galvanizingnearme.com/vedpr/c1252657.html" "Mozilla/5.0 (X11; Linux x86_64) AppleWebKit/537.36 (KHTML, like Gecko) Chrome/146.0.7680.153 Safari/537.36" 15 **0/15871**
66.249.92.10 - - [01/Apr/2026:11:48:33 -0700] "GET /wp-content/plugins/click-to-chat-for-whatsapp/new/inc/assets/js/app.js?ver=4.38 HTTP/1.1" 200 5148 "http://galvanizingnearme.com/vedpr/c1252657.html" "Mozilla/5.0 (X11; Linux x86_64) AppleWebKit/537.36 (KHTML, like Gecko) Chrome/146.0.7680.153 Safari/537.36" 12 **0/12114**
66.249.92.44 - - [01/Apr/2026:11:48:33 -0700] "GET /wp-content/plugins/elementor-pro/assets/js/webpack-pro.runtime.min.js?ver=3.34.0 HTTP/1.1" 200 2630 "http://galvanizingnearme.com/vedpr/c1252657.html" "Mozilla/5.0 (X11; Linux x86_64) AppleWebKit/537.36 (KHTML, like Gecko) Chrome/146.0.7680.153 Safari/537.36" 8 **0/8486**
66.249.92.9 - - [01/Apr/2026:11:48:33 -0700] "GET /wp-content/themes/dropex/js/jquery.min.js?ver=6.9.4 HTTP/1.1" 200 29711 "http://galvanizingnearme.com/vedpr/c1252657.html" "Mozilla/5.0 (X11; Linux x86_64) AppleWebKit/537.36 (KHTML, like Gecko) Chrome/146.0.7680.153 Safari/537.36" 23 **0/23363**
66.249.92.44 - - [01/Apr/2026:11:48:34 -0700] "GET /wp-content/themes/dropex/css/imgs/process.jpg HTTP/1.1" 200 220209 "http://galvanizingnearme.com/wp-content/themes/dropex/css/style.css?ver=6.9.4" "Mozilla/5.0 (X11; Linux x86_64) AppleWebKit/537.36 (KHTML, like Gecko) Chrome/146.0.7680.153 Safari/537.36" 8 **0/8068**
66.249.92.43 - - [01/Apr/2026:11:48:34 -0700] "GET /wp-content/plugins/elementor/assets/js/shared-frontend-handlers.03caa53373b56d3bab67.bundle.min.js HTTP/1.1" 200 2515 "http://galvanizingnearme.com/vedpr/c1252657.html" "Mozilla/5.0 (X11; Linux x86_64) AppleWebKit/537.36 (KHTML, like Gecko) Chrome/146.0.7680.153 Safari/537.36" 13 **0/13876**
66.249.92.43 - - [01/Apr/2026:11:48:34 -0700] "GET /wp-content/plugins/elementor-pro/assets/js/nav-menu.8521a0597c50611efdc6.bundle.min.js HTTP/1.1" 200 1737 "http://galvanizingnearme.com/vedpr/c1252657.html" "Mozilla/5.0 (X11; Linux x86_64) AppleWebKit/537.36 (KHTML, like Gecko) Chrome/146.0.7680.153 Safari/537.36" 14 **0/14781**
66.249.66.69 - - [01/Apr/2026:11:50:49 -0700] "GET /3630365126.html HTTP/1.1" 200 20542 "-" "Mozilla/5.0 (Linux; Android 6.0.1; Nexus 5X Build/MMB29P) AppleWebKit/537.36 (KHTML, like Gecko) Chrome/146.0.7680.164 Mobile Safari/537.36 (compatible; Googlebot/2.1; +http://www.google.com/bot.html)" 403 **0/403033**
66.249.66.203 - - [01/Apr/2026:11:53:45 -0700] "GET /icfct/g543589.html HTTP/1.1" 200 20626 "-" "Mozilla/5.0 (compatible; Googlebot/2.1; +http://www.google.com/bot.html)" 418 **0/418738**
66.249.66.165 - - [01/Apr/2026:11:53:55 -0700] "GET /fdpdp/s152743.html HTTP/1.1" 200 21444 "-" "Mozilla/5.0 (Linux; Android 6.0.1; Nexus 5X Build/MMB29P) AppleWebKit/537.36 (KHTML, like Gecko) Chrome/146.0.7680.164 Mobile Safari/537.36 (compatible; Googlebot/2.1; +http://www.google.com/bot.html)" 431 **0/431283**
66.249.66.165 - - [01/Apr/2026:11:54:23 -0700] "GET /qxetd/l1066480.html HTTP/1.1" 200 20819 "-" "Mozilla/5.0 (Linux; Android 6.0.1; Nexus 5X Build/MMB29P) AppleWebKit/537.36 (KHTML, like Gecko) Chrome/146.0.7680.164 Mobile Safari/537.36 (compatible; GoogleOther)" 442 **0/442802**
66.249.66.41 - - [01/Apr/2026:11:54:25 -0700] "GET /zffog/k2918459.html HTTP/1.1" 200 21538 "-" "Mozilla/5.0 (Linux; Android 6.0.1; Nexus 5X Build/MMB29P) AppleWebKit/537.36 (KHTML, like Gecko) Chrome/146.0.7680.164 Mobile Safari/537.36 (compatible; GoogleOther)" 431 **0/431951**
66.249.66.69 - - [01/Apr/2026:11:54:25 -0700] "GET /bycrp/j205696.html HTTP/1.1" 200 22607 "-" "Mozilla/5.0 (Linux; Android 6.0.1; Nexus 5X Build/MMB29P) AppleWebKit/537.36 (KHTML, like Gecko) Chrome/146.0.7680.164 Mobile Safari/537.36 (compatible; GoogleOther)" 448 **0/448501**
66.249.66.167 - - [01/Apr/2026:11:54:25 -0700] "GET /hgegv/s1595301.html HTTP/1.1" 200 23161 "-" "Mozilla/5.0 (Linux; Android 6.0.1; Nexus 5X Build/MMB29P) AppleWebKit/537.36 (KHTML, like Gecko) Chrome/146.0.7680.164 Mobile Safari/537.36 (compatible; GoogleOther)" 525 **0/525989**
66.249.66.167 - - [01/Apr/2026:11:54:26 -0700] "GET /ljbth/t1895888.html HTTP/1.1" 200 20404 "-" "Mozilla/5.0 (Linux; Android 6.0.1; Nexus 5X Build/MMB29P) AppleWebKit/537.36 (KHTML, like Gecko) Chrome/146.0.7680.164 Mobile Safari/537.36 (compatible; GoogleOther)" 385 **0/385929**
66.249.66.6 - - [01/Apr/2026:11:54:26 -0700] "GET /jxiow/q1181483.html HTTP/1.1" 200 21082 "-" "Mozilla/5.0 (Linux; Android 6.0.1; Nexus 5X Build/MMB29P) AppleWebKit/537.36 (KHTML, like Gecko) Chrome/146.0.7680.164 Mobile Safari/537.36 (compatible; GoogleOther)" 383 **0/383238**
66.249.66.202 - - [01/Apr/2026:11:54:27 -0700] "GET /fzrst/g495983.html HTTP/1.1" 200 20177 "-" "Mozilla/5.0 (Linux; Android 6.0.1; Nexus 5X Build/MMB29P) AppleWebKit/537.36 (KHTML, like Gecko) Chrome/146.0.7680.164 Mobile Safari/537.36 (compatible; GoogleOther)" 402 **0/402786**
66.249.66.41 - - [01/Apr/2026:11:54:27 -0700] "GET /ohluq/q1751611.html HTTP/1.1" 200 21274 "-" "Mozilla/5.0 (Linux; Android 6.0.1; Nexus 5X Build/MMB29P) AppleWebKit/537.36 (KHTML, like Gecko) Chrome/146.0.7680.164 Mobile Safari/537.36 (compatible; GoogleOther)" 447 **0/447730**
66.249.66.6 - - [01/Apr/2026:11:55:20 -0700] "GET /ysvwr/c769447.html HTTP/1.1" 200 22358 "-" "Mozilla/5.0 (compatible; Googlebot/2.1; +http://www.google.com/bot.html)" 543 **0/543889**
66.249.66.42 - - [01/Apr/2026:11:55:34 -0700] "GET /ixavt/m2526615.html HTTP/1.1" 200 21595 "-" "Mozilla/5.0 (Linux; Android 6.0.1; Nexus 5X Build/MMB29P) AppleWebKit/537.36 (KHTML, like Gecko) Chrome/146.0.7680.164 Mobile Safari/537.36 (compatible; GoogleOther)" 441 **0/441998**
66.249.66.165 - - [01/Apr/2026:11:56:09 -0700] "GET /poked/j1028622.html HTTP/1.1" 200 20588 "-" "Mozilla/5.0 (Linux; Android 6.0.1; Nexus 5X Build/MMB29P) AppleWebKit/537.36 (KHTML, like Gecko) Chrome/146.0.7680.164 Mobile Safari/537.36 (compatible; GoogleOther)" 487 **0/487185**
66.249.66.41 - - [01/Apr/2026:11:56:12 -0700] "GET /kcpse/o2963781.html HTTP/1.1" 200 21651 "-" "Mozilla/5.0 (Linux; Android 6.0.1; Nexus 5X Build/MMB29P) AppleWebKit/537.36 (KHTML, like Gecko) Chrome/146.0.7680.164 Mobile Safari/537.36 (compatible; GoogleOther)" 409 **0/409071**
66.249.66.6 - - [01/Apr/2026:11:56:55 -0700] "GET /1530277449.html HTTP/1.1" 200 20842 "-" "Mozilla/5.0 (Linux; Android 6.0.1; Nexus 5X Build/MMB29P) AppleWebKit/537.36 (KHTML, like Gecko) Chrome/146.0.7680.164 Mobile Safari/537.36 (compatible; Googlebot/2.1; +http://www.google.com/bot.html)" 447 **0/447963**
66.249.66.6 - - [01/Apr/2026:11:56:58 -0700] "GET /cfenr/m249197.html HTTP/1.1" 200 20996 "-" "Mozilla/5.0 (Linux; Android 6.0.1; Nexus 5X Build/MMB29P) AppleWebKit/537.36 (KHTML, like Gecko) Chrome/146.0.7680.164 Mobile Safari/537.36 (compatible; GoogleOther)" 724 **0/724562**
66.249.66.42 - - [01/Apr/2026:11:58:45 -0700] "GET /nmrpa/x1146390.html HTTP/1.1" 200 20568 "-" "Mozilla/5.0 (compatible; Googlebot/2.1; +http://www.google.com/bot.html)" 454 **0/454999**
66.249.66.202 - - [01/Apr/2026:11:58:52 -0700] "GET /rlymk/q222811.html HTTP/1.1" 200 21050 "-" "Mozilla/5.0 (Linux; Android 6.0.1; Nexus 5X Build/MMB29P) AppleWebKit/537.36 (KHTML, like Gecko) Chrome/146.0.7680.164 Mobile Safari/537.36 (compatible; GoogleOther)" 413 **0/413646**
66.249.66.7 - - [01/Apr/2026:12:00:10 -0700] "GET /wnqnv/u138991.html HTTP/1.1" 200 20477 "-" "Mozilla/5.0 (Linux; Android 6.0.1; Nexus 5X Build/MMB29P) AppleWebKit/537.36 (KHTML, like Gecko) Chrome/146.0.7680.164 Mobile Safari/537.36 (compatible; Googlebot/2.1; +http://www.google.com/bot.html)" 422 **0/422069**
66.249.66.69 - - [01/Apr/2026:12:01:34 -0700] "GET /ippmh/t2704514.html HTTP/1.1" 200 20345 "-" "Mozilla/5.0 (Linux; Android 6.0.1; Nexus 5X Build/MMB29P) AppleWebKit/537.36 (KHTML, like Gecko) Chrome/146.0.7680.164 Mobile Safari/537.36 (compatible; GoogleOther)" 396 **0/396751**
66.249.66.7 - - [01/Apr/2026:12:02:39 -0700] "GET /fzuak/y693367.html HTTP/1.1" 200 20764 "-" "Mozilla/5.0 (Linux; Android 6.0.1; Nexus 5X Build/MMB29P) AppleWebKit/537.36 (KHTML, like Gecko) Chrome/146.0.7680.164 Mobile Safari/537.36 (compatible; Googlebot/2.1; +http://www.google.com/bot.html)" 454 **0/454610**
66.249.66.42 - - [01/Apr/2026:12:03:01 -0700] "GET /2973351114.html HTTP/1.1" 200 21058 "-" "Mozilla/5.0 (Linux; Android 6.0.1; Nexus 5X Build/MMB29P) AppleWebKit/537.36 (KHTML, like Gecko) Chrome/146.0.7680.164 Mobile Safari/537.36 (compatible; Googlebot/2.1; +http://www.google.com/bot.html)" 441 **0/441760**
66.249.66.41 - - [01/Apr/2026:12:04:43 -0700] "GET /uiucz/n2809626.html HTTP/1.1" 200 20536 "-" "Mozilla/5.0 (Linux; Android 6.0.1; Nexus 5X Build/MMB29P) AppleWebKit/537.36 (KHTML, like Gecko) Chrome/146.0.7680.164 Mobile Safari/537.36 (compatible; GoogleOther)" 403 **0/403119**
66.249.66.70 - - [01/Apr/2026:12:05:09 -0700] "GET /sxjhv/n2578512.html HTTP/1.1" 200 21047 "-" "Mozilla/5.0 (Linux; Android 6.0.1; Nexus 5X Build/MMB29P) AppleWebKit/537.36 (KHTML, like Gecko) Chrome/146.0.7680.164 Mobile Safari/537.36 (compatible; GoogleOther)" 449 **0/449502**
68.178.198.34 - - [01/Apr/2026:12:06:27 -0700] "GET /.well-known/acme-challenge/1UKV6RGOGD-1F7JP80P1VN716F0L4RAJ HTTP/1.1" 200 64 "-" "Cpanel-HTTP-Client/1.0" 8 **0/8874**
68.178.198.34 - - [01/Apr/2026:12:06:28 -0700] "GET /.well-known/acme-challenge/IXKG_ZL-ANVZE8L7J86OON4K0DYKIJC4 HTTP/1.1" 200 64 "-" "Cpanel-HTTP-Client/1.0" 11 **0/11646**
66.249.66.165 - - [01/Apr/2026:12:07:51 -0700] "GET /gustu/i1793593.html HTTP/1.1" 200 21541 "-" "Mozilla/5.0 (Linux; Android 6.0.1; Nexus 5X Build/MMB29P) AppleWebKit/537.36 (KHTML, like Gecko) Chrome/146.0.7680.164 Mobile Safari/537.36 (compatible; GoogleOther)" 643 **0/643767**
66.249.66.70 - - [01/Apr/2026:12:12:10 -0700] "GET /4283104136.html HTTP/1.1" 200 20923 "-" "Mozilla/5.0 (Linux; Android 6.0.1; Nexus 5X Build/MMB29P) AppleWebKit/537.36 (KHTML, like Gecko) Chrome/146.0.7680.164 Mobile Safari/537.36 (compatible; Googlebot/2.1; +http://www.google.com/bot.html)" 434 **0/434257**
66.249.66.7 - - [01/Apr/2026:12:12:29 -0700] "GET /ocoul/f1508448.html HTTP/1.1" 200 21294 "-" "Mozilla/5.0 (Linux; Android 6.0.1; Nexus 5X Build/MMB29P) AppleWebKit/537.36 (KHTML, like Gecko) Chrome/146.0.7680.164 Mobile Safari/537.36 (compatible; GoogleOther)" 381 **0/381413**
66.249.66.41 - - [01/Apr/2026:12:12:54 -0700] "GET /mkdir/l249274.html HTTP/1.1" 200 21436 "-" "Mozilla/5.0 (Linux; Android 6.0.1; Nexus 5X Build/MMB29P) AppleWebKit/537.36 (KHTML, like Gecko) Chrome/146.0.7680.164 Mobile Safari/537.36 (compatible; GoogleOther)" 425 **0/425998**
66.249.66.165 - - [01/Apr/2026:12:12:55 -0700] "GET /cpdfe/m2800603.html HTTP/1.1" 200 21505 "-" "Mozilla/5.0 (Linux; Android 6.0.1; Nexus 5X Build/MMB29P) AppleWebKit/537.36 (KHTML, like Gecko) Chrome/146.0.7680.164 Mobile Safari/537.36 (compatible; GoogleOther)" 460 **0/460012**
66.249.66.69 - - [01/Apr/2026:12:12:55 -0700] "GET /xpdfl/u2754357.html HTTP/1.1" 200 21888 "-" "Mozilla/5.0 (Linux; Android 6.0.1; Nexus 5X Build/MMB29P) AppleWebKit/537.36 (KHTML, like Gecko) Chrome/146.0.7680.164 Mobile Safari/537.36 (compatible; GoogleOther)" 435 **0/435148**
66.249.66.6 - - [01/Apr/2026:12:12:56 -0700] "GET /3556847954.html HTTP/1.1" 200 21081 "-" "Mozilla/5.0 (Linux; Android 6.0.1; Nexus 5X Build/MMB29P) AppleWebKit/537.36 (KHTML, like Gecko) Chrome/146.0.7680.164 Mobile Safari/537.36 (compatible; GoogleOther)" 432 **0/432859**
66.249.66.71 - - [01/Apr/2026:12:14:05 -0700] "GET /1455185154.html HTTP/1.1" 200 20823 "-" "Mozilla/5.0 (Linux; Android 6.0.1; Nexus 5X Build/MMB29P) AppleWebKit/537.36 (KHTML, like Gecko) Chrome/146.0.7680.164 Mobile Safari/537.36 (compatible; GoogleOther)" 397 **0/397874**
66.249.66.6 - - [01/Apr/2026:12:15:13 -0700] "GET /1288902571.html HTTP/1.1" 200 21257 "-" "Mozilla/5.0 (Linux; Android 6.0.1; Nexus 5X Build/MMB29P) AppleWebKit/537.36 (KHTML, like Gecko) Chrome/146.0.7680.164 Mobile Safari/537.36 (compatible; Googlebot/2.1; +http://www.google.com/bot.html)" 446 **0/446738**
66.249.66.42 - - [01/Apr/2026:12:16:38 -0700] "GET /ymqbx/i1305651.html HTTP/1.1" 200 20660 "-" "Mozilla/5.0 (Linux; Android 6.0.1; Nexus 5X Build/MMB29P) AppleWebKit/537.36 (KHTML, like Gecko) Chrome/146.0.7680.164 Mobile Safari/537.36 (compatible; Googlebot/2.1; +http://www.google.com/bot.html)" 437 **0/437744**
66.249.66.7 - - [01/Apr/2026:12:17:39 -0700] "GET /qcsms/u490407.html HTTP/1.1" 200 20668 "-" "Mozilla/5.0 (Linux; Android 6.0.1; Nexus 5X Build/MMB29P) AppleWebKit/537.36 (KHTML, like Gecko) Chrome/146.0.7680.164 Mobile Safari/537.36 (compatible; GoogleOther)" 397 **0/397353**
66.249.66.70 - - [01/Apr/2026:12:20:25 -0700] "GET /3317154512.html HTTP/1.1" 200 21045 "-" "Mozilla/5.0 (Linux; Android 6.0.1; Nexus 5X Build/MMB29P) AppleWebKit/537.36 (KHTML, like Gecko) Chrome/146.0.7680.164 Mobile Safari/537.36 (compatible; GoogleOther)" 513 **0/513194**
66.249.66.202 - - [01/Apr/2026:12:20:58 -0700] "GET /jelba/s1238139.html HTTP/1.1" 200 21193 "-" "Mozilla/5.0 (compatible; Googlebot/2.1; +http://www.google.com/bot.html)" 424 **0/424968**
66.249.66.69 - - [01/Apr/2026:12:21:22 -0700] "GET /xumnq/j2040438.html HTTP/1.1" 200 20532 "-" "Mozilla/5.0 (compatible; Googlebot/2.1; +http://www.google.com/bot.html)" 435 **0/435876**
66.249.66.201 - - [01/Apr/2026:12:22:13 -0700] "GET /xxdvt/g519227.html HTTP/1.1" 200 21039 "-" "Mozilla/5.0 (Linux; Android 6.0.1; Nexus 5X Build/MMB29P) AppleWebKit/537.36 (KHTML, like Gecko) Chrome/146.0.7680.164 Mobile Safari/537.36 (compatible; GoogleOther)" 411 **0/411292**
66.249.66.201 - - [01/Apr/2026:12:24:23 -0700] "GET /1873881017.html HTTP/1.1" 200 20548 "-" "Mozilla/5.0 (Linux; Android 6.0.1; Nexus 5X Build/MMB29P) AppleWebKit/537.36 (KHTML, like Gecko) Chrome/146.0.7680.164 Mobile Safari/537.36 (compatible; Googlebot/2.1; +http://www.google.com/bot.html)" 403 **0/403572**
66.249.66.7 - - [01/Apr/2026:12:25:25 -0700] "GET /tsdrj/f1207134.html HTTP/1.1" 200 21219 "-" "Mozilla/5.0 (Linux; Android 6.0.1; Nexus 5X Build/MMB29P) AppleWebKit/537.36 (KHTML, like Gecko) Chrome/146.0.7680.164 Mobile Safari/537.36 (compatible; GoogleOther)" 415 **0/415124**
66.249.66.201 - - [01/Apr/2026:12:28:57 -0700] "GET /3627534258.html HTTP/1.1" 200 21331 "-" "Mozilla/5.0 (Linux; Android 6.0.1; Nexus 5X Build/MMB29P) AppleWebKit/537.36 (KHTML, like Gecko) Chrome/146.0.7680.164 Mobile Safari/537.36 (compatible; Googlebot/2.1; +http://www.google.com/bot.html)" 443 **0/443762**
66.249.66.7 - - [01/Apr/2026:12:30:13 -0700] "GET /gdojn/s2900137.html HTTP/1.1" 200 21235 "-" "Mozilla/5.0 (compatible; Googlebot/2.1; +http://www.google.com/bot.html)" 503 **0/503743**
66.249.66.42 - - [01/Apr/2026:12:30:29 -0700] "GET /420671858.html HTTP/1.1" 200 20995 "-" "Mozilla/5.0 (Linux; Android 6.0.1; Nexus 5X Build/MMB29P) AppleWebKit/537.36 (KHTML, like Gecko) Chrome/146.0.7680.164 Mobile Safari/537.36 (compatible; Googlebot/2.1; +http://www.google.com/bot.html)" 426 **0/426270**
66.249.66.41 - - [01/Apr/2026:12:30:35 -0700] "GET /hrsqd/x380508.html HTTP/1.1" 200 21259 "-" "Mozilla/5.0 (Linux; Android 6.0.1; Nexus 5X Build/MMB29P) AppleWebKit/537.36 (KHTML, like Gecko) Chrome/146.0.7680.164 Mobile Safari/537.36 (compatible; GoogleOther)" 479 **0/479775**
66.249.66.202 - - [01/Apr/2026:12:32:03 -0700] "GET /hxuqi/r1941178.html HTTP/1.1" 200 20447 "-" "Mozilla/5.0 (compatible; Googlebot/2.1; +http://www.google.com/bot.html)" 409 **0/409912**
66.249.66.43 - - [01/Apr/2026:12:33:32 -0700] "GET /4155593445.html HTTP/1.1" 200 20559 "-" "Mozilla/5.0 (Linux; Android 6.0.1; Nexus 5X Build/MMB29P) AppleWebKit/537.36 (KHTML, like Gecko) Chrome/146.0.7680.164 Mobile Safari/537.36 (compatible; Googlebot/2.1; +http://www.google.com/bot.html)" 408 **0/408634**
66.249.66.42 - - [01/Apr/2026:12:36:48 -0700] "GET /womgc/e447491.html HTTP/1.1" 200 21052 "-" "Mozilla/5.0 (Linux; Android 6.0.1; Nexus 5X Build/MMB29P) AppleWebKit/537.36 (KHTML, like Gecko) Chrome/146.0.7680.164 Mobile Safari/537.36 (compatible; Googlebot/2.1; +http://www.google.com/bot.html)" 396 **0/396619**
66.249.66.42 - - [01/Apr/2026:12:38:04 -0700] "GET /hbjds/i2845397.html HTTP/1.1" 200 21190 "-" "Mozilla/5.0 (compatible; Googlebot/2.1; +http://www.google.com/bot.html)" 401 **0/401632**
66.249.66.69 - - [01/Apr/2026:12:38:16 -0700] "GET /bshvx/n1883870.html HTTP/1.1" 200 22342 "-" "Mozilla/5.0 (Linux; Android 6.0.1; Nexus 5X Build/MMB29P) AppleWebKit/537.36 (KHTML, like Gecko) Chrome/146.0.7680.164 Mobile Safari/537.36 (compatible; Googlebot/2.1; +http://www.google.com/bot.html)" 441 **0/441490**
66.249.66.165 - - [01/Apr/2026:12:38:21 -0700] "GET /yoxpf/v970706.html HTTP/1.1" 200 22099 "-" "Mozilla/5.0 (Linux; Android 6.0.1; Nexus 5X Build/MMB29P) AppleWebKit/537.36 (KHTML, like Gecko) Chrome/146.0.7680.164 Mobile Safari/537.36 (compatible; GoogleOther)" 461 **0/461052**
66.249.66.203 - - [01/Apr/2026:12:39:04 -0700] "GET /iqkce/c1946415.html HTTP/1.1" 200 20676 "-" "Mozilla/5.0 (Linux; Android 6.0.1; Nexus 5X Build/MMB29P) AppleWebKit/537.36 (KHTML, like Gecko) Chrome/146.0.7680.164 Mobile Safari/537.36 (compatible; Googlebot/2.1; +http://www.google.com/bot.html)" 574 **0/574874**
66.249.66.166 - - [01/Apr/2026:12:40:02 -0700] "GET /aiztt/l189864.html HTTP/1.1" 200 21304 "-" "Mozilla/5.0 (Linux; Android 6.0.1; Nexus 5X Build/MMB29P) AppleWebKit/537.36 (KHTML, like Gecko) Chrome/146.0.7680.164 Mobile Safari/537.36 (compatible; Googlebot/2.1; +http://www.google.com/bot.html)" 429 **0/429472**
66.249.66.6 - - [01/Apr/2026:12:40:45 -0700] "GET /qandm/j906266.html HTTP/1.1" 200 21120 "-" "Mozilla/5.0 (Linux; Android 6.0.1; Nexus 5X Build/MMB29P) AppleWebKit/537.36 (KHTML, like Gecko) Chrome/146.0.7680.164 Mobile Safari/537.36 (compatible; Googlebot/2.1; +http://www.google.com/bot.html)" 410 **0/410472**
66.249.66.201 - - [01/Apr/2026:12:46:09 -0700] "GET /4244025440.html HTTP/1.1" 200 20773 "-" "Mozilla/5.0 (Linux; Android 6.0.1; Nexus 5X Build/MMB29P) AppleWebKit/537.36 (KHTML, like Gecko) Chrome/146.0.7680.164 Mobile Safari/537.36 (compatible; GoogleOther)" 428 **0/428558**
66.249.66.43 - - [01/Apr/2026:12:49:01 -0700] "GET /gvnyh/c111023.html HTTP/1.1" 200 20407 "-" "Mozilla/5.0 (Linux; Android 6.0.1; Nexus 5X Build/MMB29P) AppleWebKit/537.36 (KHTML, like Gecko) Chrome/146.0.7680.164 Mobile Safari/537.36 (compatible; Googlebot/2.1; +http://www.google.com/bot.html)" 403 **0/403158**
66.249.66.166 - - [01/Apr/2026:12:50:33 -0700] "GET /nskxv/r1777924.html HTTP/1.1" 200 20658 "-" "Mozilla/5.0 (Linux; Android 6.0.1; Nexus 5X Build/MMB29P) AppleWebKit/537.36 (KHTML, like Gecko) Chrome/146.0.7680.164 Mobile Safari/537.36 (compatible; Googlebot/2.1; +http://www.google.com/bot.html)" 408 **0/408133**
66.249.66.7 - - [01/Apr/2026:12:53:22 -0700] "GET /jelba/s1238139.html HTTP/1.1" 200 21193 "-" "Mozilla/5.0 (Linux; Android 6.0.1; Nexus 5X Build/MMB29P) AppleWebKit/537.36 (KHTML, like Gecko) Chrome/146.0.7680.164 Mobile Safari/537.36 (compatible; Googlebot/2.1; +http://www.google.com/bot.html)" 426 **0/426789**
66.249.66.70 - - [01/Apr/2026:12:54:54 -0700] "GET /vvkqv/m1521429.html HTTP/1.1" 200 20895 "-" "Mozilla/5.0 (Linux; Android 6.0.1; Nexus 5X Build/MMB29P) AppleWebKit/537.36 (KHTML, like Gecko) Chrome/146.0.7680.164 Mobile Safari/537.36 (compatible; Googlebot/2.1; +http://www.google.com/bot.html)" 423 **0/423135**
66.249.66.6 - - [01/Apr/2026:12:56:26 -0700] "GET /ihssb/h1256302.html HTTP/1.1" 200 20255 "-" "Mozilla/5.0 (Linux; Android 6.0.1; Nexus 5X Build/MMB29P) AppleWebKit/537.36 (KHTML, like Gecko) Chrome/146.0.7680.164 Mobile Safari/537.36 (compatible; Googlebot/2.1; +http://www.google.com/bot.html)" 418 **0/418131**
66.249.66.8 - - [01/Apr/2026:12:57:19 -0700] "GET /opiar/b1953460.html HTTP/1.1" 200 21032 "-" "Mozilla/5.0 (Linux; Android 6.0.1; Nexus 5X Build/MMB29P) AppleWebKit/537.36 (KHTML, like Gecko) Chrome/146.0.7680.164 Mobile Safari/537.36 (compatible; Googlebot/2.1; +http://www.google.com/bot.html)" 410 **0/410104**
66.249.66.202 - - [01/Apr/2026:12:57:57 -0700] "GET /hxuqi/r1941178.html HTTP/1.1" 200 20447 "-" "Mozilla/5.0 (Linux; Android 6.0.1; Nexus 5X Build/MMB29P) AppleWebKit/537.36 (KHTML, like Gecko) Chrome/146.0.7680.164 Mobile Safari/537.36 (compatible; Googlebot/2.1; +http://www.google.com/bot.html)" 447 **0/447822**
66.249.66.166 - - [01/Apr/2026:13:09:24 -0700] "GET /2116280792.html HTTP/1.1" 200 21085 "-" "Mozilla/5.0 (Linux; Android 6.0.1; Nexus 5X Build/MMB29P) AppleWebKit/537.36 (KHTML, like Gecko) Chrome/146.0.7680.164 Mobile Safari/537.36 (compatible; GoogleOther)" 435 **0/435982**
66.249.66.165 - - [01/Apr/2026:13:09:25 -0700] "GET /3423676603.html HTTP/1.1" 200 20794 "-" "Mozilla/5.0 (Linux; Android 6.0.1; Nexus 5X Build/MMB29P) AppleWebKit/537.36 (KHTML, like Gecko) Chrome/146.0.7680.164 Mobile Safari/537.36 (compatible; GoogleOther)" 391 **0/391441**
66.249.66.167 - - [01/Apr/2026:13:09:26 -0700] "GET /2466029099.html HTTP/1.1" 200 20599 "-" "Mozilla/5.0 (Linux; Android 6.0.1; Nexus 5X Build/MMB29P) AppleWebKit/537.36 (KHTML, like Gecko) Chrome/146.0.7680.164 Mobile Safari/537.36 (compatible; GoogleOther)" 447 **0/447292**
66.249.66.6 - - [01/Apr/2026:13:09:27 -0700] "GET /2439898894.html HTTP/1.1" 200 20423 "-" "Mozilla/5.0 (Linux; Android 6.0.1; Nexus 5X Build/MMB29P) AppleWebKit/537.36 (KHTML, like Gecko) Chrome/146.0.7680.164 Mobile Safari/537.36 (compatible; GoogleOther)" 400 **0/400727**
66.249.66.41 - - [01/Apr/2026:13:09:27 -0700] "GET /miodo/y2048305.html HTTP/1.1" 200 21001 "-" "Mozilla/5.0 (Linux; Android 6.0.1; Nexus 5X Build/MMB29P) AppleWebKit/537.36 (KHTML, like Gecko) Chrome/146.0.7680.164 Mobile Safari/537.36 (compatible; GoogleOther)" 431 **0/431231**
66.249.66.42 - - [01/Apr/2026:13:14:11 -0700] "GET /3138542480.html HTTP/1.1" 200 20931 "-" "Mozilla/5.0 (Linux; Android 6.0.1; Nexus 5X Build/MMB29P) AppleWebKit/537.36 (KHTML, like Gecko) Chrome/146.0.7680.164 Mobile Safari/537.36 (compatible; GoogleOther)" 436 **0/436536**
66.249.66.202 - - [01/Apr/2026:13:19:19 -0700] "GET /sgpgb/b397776.html HTTP/1.1" 200 21347 "-" "Mozilla/5.0 (Linux; Android 6.0.1; Nexus 5X Build/MMB29P) AppleWebKit/537.36 (KHTML, like Gecko) Chrome/146.0.7680.164 Mobile Safari/537.36 (compatible; Googlebot/2.1; +http://www.google.com/bot.html)" 395 **0/395420**
66.249.66.71 - - [01/Apr/2026:13:20:51 -0700] "GET /gdrup/f967856.html HTTP/1.1" 200 20329 "-" "Mozilla/5.0 (Linux; Android 6.0.1; Nexus 5X Build/MMB29P) AppleWebKit/537.36 (KHTML, like Gecko) Chrome/146.0.7680.164 Mobile Safari/537.36 (compatible; Googlebot/2.1; +http://www.google.com/bot.html)" 382 **0/382897**
68.183.213.118 - - [01/Apr/2026:13:29:31 -0700] "GET / HTTP/1.1" 301 - "-" "Mozilla/5.0 (X11; Linux x86_64; rv:142.0) Gecko/20100101 Firefox/142.0" 777 **0/777380**
68.183.213.118 - - [01/Apr/2026:13:29:32 -0700] "GET /favicon.ico HTTP/1.1" 302 - "http://galvanizingnearme.com/" "Mozilla/5.0 (X11; Linux x86_64; rv:142.0) Gecko/20100101 Firefox/142.0" 600 **0/600587**
66.249.66.7 - - [01/Apr/2026:13:31:40 -0700] "GET /vvaey/c726209.html HTTP/1.1" 200 20177 "-" "Mozilla/5.0 (Linux; Android 6.0.1; Nexus 5X Build/MMB29P) AppleWebKit/537.36 (KHTML, like Gecko) Chrome/146.0.7680.164 Mobile Safari/537.36 (compatible; Googlebot/2.1; +http://www.google.com/bot.html)" 429 **0/429984**
66.249.66.166 - - [01/Apr/2026:13:33:03 -0700] "GET /2240468029.html HTTP/1.1" 200 21313 "-" "Mozilla/5.0 (Linux; Android 6.0.1; Nexus 5X Build/MMB29P) AppleWebKit/537.36 (KHTML, like Gecko) Chrome/146.0.7680.164 Mobile Safari/537.36 (compatible; Googlebot/2.1; +http://www.google.com/bot.html)" 411 **0/411956**
66.249.66.8 - - [01/Apr/2026:13:35:28 -0700] "GET /tkyql/d1756434.html HTTP/1.1" 200 22293 "-" "Mozilla/5.0 (Linux; Android 6.0.1; Nexus 5X Build/MMB29P) AppleWebKit/537.36 (KHTML, like Gecko) Chrome/146.0.7680.164 Mobile Safari/537.36 (compatible; Googlebot/2.1; +http://www.google.com/bot.html)" 516 **0/516337**
66.249.66.7 - - [01/Apr/2026:13:36:06 -0700] "GET /2666867735.html HTTP/1.1" 200 20375 "-" "Mozilla/5.0 (Linux; Android 6.0.1; Nexus 5X Build/MMB29P) AppleWebKit/537.36 (KHTML, like Gecko) Chrome/146.0.7680.164 Mobile Safari/537.36 (compatible; Googlebot/2.1; +http://www.google.com/bot.html)" 396 **0/396216**
66.249.66.42 - - [01/Apr/2026:13:36:09 -0700] "GET /llkhg/a2258387.html HTTP/1.1" 200 20574 "-" "Mozilla/5.0 (Linux; Android 6.0.1; Nexus 5X Build/MMB29P) AppleWebKit/537.36 (KHTML, like Gecko) Chrome/146.0.7680.164 Mobile Safari/537.36 (compatible; GoogleOther)" 399 **0/399350**
66.249.66.7 - - [01/Apr/2026:13:41:24 -0700] "GET /ubofs/z911898.html HTTP/1.1" 200 20464 "-" "Mozilla/5.0 (compatible; Googlebot/2.1; +http://www.google.com/bot.html)" 429 **0/429466**
66.249.66.7 - - [01/Apr/2026:13:41:26 -0700] "GET /wbydz/n1988312.html HTTP/1.1" 200 21027 "-" "Mozilla/5.0 (compatible; Googlebot/2.1; +http://www.google.com/bot.html)" 414 **0/414613**
66.249.66.43 - - [01/Apr/2026:13:43:44 -0700] "GET /2181289476.html HTTP/1.1" 200 21122 "-" "Mozilla/5.0 (Linux; Android 6.0.1; Nexus 5X Build/MMB29P) AppleWebKit/537.36 (KHTML, like Gecko) Chrome/146.0.7680.164 Mobile Safari/537.36 (compatible; Googlebot/2.1; +http://www.google.com/bot.html)" 391 **0/391998**
66.249.66.43 - - [01/Apr/2026:13:51:22 -0700] "GET /2094053100.html HTTP/1.1" 200 20385 "-" "Mozilla/5.0 (Linux; Android 6.0.1; Nexus 5X Build/MMB29P) AppleWebKit/537.36 (KHTML, like Gecko) Chrome/146.0.7680.164 Mobile Safari/537.36 (compatible; Googlebot/2.1; +http://www.google.com/bot.html)" 415 **0/415348**
66.249.66.201 - - [01/Apr/2026:13:52:45 -0700] "GET /rxxao/l2943420.html HTTP/1.1" 200 21038 "-" "Mozilla/5.0 (compatible; Googlebot/2.1; +http://www.google.com/bot.html)" 397 **0/397279**
66.249.66.165 - - [01/Apr/2026:13:52:52 -0700] "GET /ofbjj/l516450.html HTTP/1.1" 200 20588 "-" "Mozilla/5.0 (Linux; Android 6.0.1; Nexus 5X Build/MMB29P) AppleWebKit/537.36 (KHTML, like Gecko) Chrome/146.0.7680.164 Mobile Safari/537.36 (compatible; Googlebot/2.1; +http://www.google.com/bot.html)" 396 **0/396099**
66.249.66.167 - - [01/Apr/2026:13:55:56 -0700] "GET /2332495927.html HTTP/1.1" 200 20859 "-" "Mozilla/5.0 (Linux; Android 6.0.1; Nexus 5X Build/MMB29P) AppleWebKit/537.36 (KHTML, like Gecko) Chrome/146.0.7680.164 Mobile Safari/537.36 (compatible; Googlebot/2.1; +http://www.google.com/bot.html)" 407 **0/407442**
66.249.66.43 - - [01/Apr/2026:13:59:00 -0700] "GET /3391022807.html HTTP/1.1" 200 21135 "-" "Mozilla/5.0 (Linux; Android 6.0.1; Nexus 5X Build/MMB29P) AppleWebKit/537.36 (KHTML, like Gecko) Chrome/146.0.7680.164 Mobile Safari/537.36 (compatible; Googlebot/2.1; +http://www.google.com/bot.html)" 444 **0/444149**
66.249.66.167 - - [01/Apr/2026:14:03:40 -0700] "GET /qmbuv/f1453796.html HTTP/1.1" 200 20666 "-" "Mozilla/5.0 (Linux; Android 6.0.1; Nexus 5X Build/MMB29P) AppleWebKit/537.36 (KHTML, like Gecko) Chrome/146.0.7680.164 Mobile Safari/537.36 (compatible; Googlebot/2.1; +http://www.google.com/bot.html)" 414 **0/414803**
66.249.66.167 - - [01/Apr/2026:14:05:06 -0700] "GET /3437883226.html HTTP/1.1" 200 21271 "-" "Mozilla/5.0 (Linux; Android 6.0.1; Nexus 5X Build/MMB29P) AppleWebKit/537.36 (KHTML, like Gecko) Chrome/146.0.7680.164 Mobile Safari/537.36 (compatible; Googlebot/2.1; +http://www.google.com/bot.html)" 420 **0/420636**
66.249.66.43 - - [01/Apr/2026:14:06:37 -0700] "GET /2444524223.html HTTP/1.1" 200 20600 "-" "Mozilla/5.0 (Linux; Android 6.0.1; Nexus 5X Build/MMB29P) AppleWebKit/537.36 (KHTML, like Gecko) Chrome/146.0.7680.164 Mobile Safari/537.36 (compatible; Googlebot/2.1; +http://www.google.com/bot.html)" 456 **0/456121**
66.249.66.201 - - [01/Apr/2026:14:08:09 -0700] "GET /93229442.html HTTP/1.1" 200 21047 "-" "Mozilla/5.0 (Linux; Android 6.0.1; Nexus 5X Build/MMB29P) AppleWebKit/537.36 (KHTML, like Gecko) Chrome/146.0.7680.164 Mobile Safari/537.36 (compatible; Googlebot/2.1; +http://www.google.com/bot.html)" 1430 **1/1430649**
66.249.66.203 - - [01/Apr/2026:14:10:37 -0700] "GET /wtyev/i1107765.html HTTP/1.1" 200 21105 "-" "Mozilla/5.0 (compatible; Googlebot/2.1; +http://www.google.com/bot.html)" 431 **0/431901**
66.249.66.69 - - [01/Apr/2026:14:11:27 -0700] "GET /4096043576.html HTTP/1.1" 200 20363 "-" "Mozilla/5.0 (Linux; Android 6.0.1; Nexus 5X Build/MMB29P) AppleWebKit/537.36 (KHTML, like Gecko) Chrome/146.0.7680.164 Mobile Safari/537.36 (compatible; GoogleOther)" 387 **0/387275**
66.249.66.69 - - [01/Apr/2026:14:11:27 -0700] "GET /1083813053.html HTTP/1.1" 200 20763 "-" "Mozilla/5.0 (Linux; Android 6.0.1; Nexus 5X Build/MMB29P) AppleWebKit/537.36 (KHTML, like Gecko) Chrome/146.0.7680.164 Mobile Safari/537.36 (compatible; GoogleOther)" 421 **0/421524**
66.249.66.165 - - [01/Apr/2026:14:11:28 -0700] "GET /kspdf/m1550185.html HTTP/1.1" 200 20855 "-" "Mozilla/5.0 (Linux; Android 6.0.1; Nexus 5X Build/MMB29P) AppleWebKit/537.36 (KHTML, like Gecko) Chrome/146.0.7680.164 Mobile Safari/537.36 (compatible; GoogleOther)" 392 **0/392124**
66.249.66.166 - - [01/Apr/2026:14:11:28 -0700] "GET /kpdfr/d1710856.html HTTP/1.1" 200 22529 "-" "Mozilla/5.0 (Linux; Android 6.0.1; Nexus 5X Build/MMB29P) AppleWebKit/537.36 (KHTML, like Gecko) Chrome/146.0.7680.164 Mobile Safari/537.36 (compatible; GoogleOther)" 482 **0/482876**
66.249.66.165 - - [01/Apr/2026:14:11:43 -0700] "GET /bncny/k1113097.html HTTP/1.1" 200 20503 "-" "Mozilla/5.0 (compatible; Googlebot/2.1; +http://www.google.com/bot.html)" 399 **0/399817**
66.249.66.203 - - [01/Apr/2026:14:12:44 -0700] "GET /1898993910.html HTTP/1.1" 200 20586 "-" "Mozilla/5.0 (Linux; Android 6.0.1; Nexus 5X Build/MMB29P) AppleWebKit/537.36 (KHTML, like Gecko) Chrome/146.0.7680.164 Mobile Safari/537.36 (compatible; Googlebot/2.1; +http://www.google.com/bot.html)" 402 **0/402885**
66.249.66.70 - - [01/Apr/2026:14:13:14 -0700] "GET /hcpdf/p2628330.html HTTP/1.1" 200 20392 "-" "Mozilla/5.0 (Linux; Android 6.0.1; Nexus 5X Build/MMB29P) AppleWebKit/537.36 (KHTML, like Gecko) Chrome/146.0.7680.164 Mobile Safari/537.36 (compatible; GoogleOther)" 418 **0/418242**
66.249.66.43 - - [01/Apr/2026:14:13:14 -0700] "GET /1604020878.html HTTP/1.1" 200 20524 "-" "Mozilla/5.0 (Linux; Android 6.0.1; Nexus 5X Build/MMB29P) AppleWebKit/537.36 (KHTML, like Gecko) Chrome/146.0.7680.164 Mobile Safari/537.36 (compatible; GoogleOther)" 390 **0/390010**
66.249.66.167 - - [01/Apr/2026:14:13:15 -0700] "GET /pdfak/i1368233.html HTTP/1.1" 200 20410 "-" "Mozilla/5.0 (Linux; Android 6.0.1; Nexus 5X Build/MMB29P) AppleWebKit/537.36 (KHTML, like Gecko) Chrome/146.0.7680.164 Mobile Safari/537.36 (compatible; GoogleOther)" 405 **0/405239**
66.249.66.42 - - [01/Apr/2026:14:13:19 -0700] "GET /50413212.html HTTP/1.1" 200 20859 "-" "Mozilla/5.0 (Linux; Android 6.0.1; Nexus 5X Build/MMB29P) AppleWebKit/537.36 (KHTML, like Gecko) Chrome/146.0.7680.164 Mobile Safari/537.36 (compatible; GoogleOther)" 413 **0/413319**
66.249.66.43 - - [01/Apr/2026:14:14:14 -0700] "GET /jiiny/y2260829.html HTTP/1.1" 200 21438 "-" "Mozilla/5.0 (Linux; Android 6.0.1; Nexus 5X Build/MMB29P) AppleWebKit/537.36 (KHTML, like Gecko) Chrome/146.0.7680.164 Mobile Safari/537.36 (compatible; Googlebot/2.1; +http://www.google.com/bot.html)" 436 **0/436549**
66.249.66.42 - - [01/Apr/2026:14:14:25 -0700] "GET /4244025440.html HTTP/1.1" 200 20773 "-" "Mozilla/5.0 (Linux; Android 6.0.1; Nexus 5X Build/MMB29P) AppleWebKit/537.36 (KHTML, like Gecko) Chrome/146.0.7680.164 Mobile Safari/537.36 (compatible; Googlebot/2.1; +http://www.google.com/bot.html)" 532 **0/532608**
66.249.66.41 - - [01/Apr/2026:14:14:48 -0700] "GET /2116280792.html HTTP/1.1" 200 21085 "-" "Mozilla/5.0 (Linux; Android 6.0.1; Nexus 5X Build/MMB29P) AppleWebKit/537.36 (KHTML, like Gecko) Chrome/146.0.7680.164 Mobile Safari/537.36 (compatible; Googlebot/2.1; +http://www.google.com/bot.html)" 439 **0/439553**
66.249.66.167 - - [01/Apr/2026:14:15:01 -0700] "GET /pdfnv/l1910752.html HTTP/1.1" 200 21724 "-" "Mozilla/5.0 (Linux; Android 6.0.1; Nexus 5X Build/MMB29P) AppleWebKit/537.36 (KHTML, like Gecko) Chrome/146.0.7680.164 Mobile Safari/537.36 (compatible; GoogleOther)" 577 **0/577487**
66.249.66.43 - - [01/Apr/2026:14:15:01 -0700] "GET /3482850002.html HTTP/1.1" 200 20575 "-" "Mozilla/5.0 (Linux; Android 6.0.1; Nexus 5X Build/MMB29P) AppleWebKit/537.36 (KHTML, like Gecko) Chrome/146.0.7680.164 Mobile Safari/537.36 (compatible; GoogleOther)" 455 **0/455161**
66.249.66.166 - - [01/Apr/2026:14:15:02 -0700] "GET /txpdf/b1464452.html HTTP/1.1" 200 21070 "-" "Mozilla/5.0 (Linux; Android 6.0.1; Nexus 5X Build/MMB29P) AppleWebKit/537.36 (KHTML, like Gecko) Chrome/146.0.7680.164 Mobile Safari/537.36 (compatible; GoogleOther)" 609 **0/609527**
66.249.66.166 - - [01/Apr/2026:14:15:12 -0700] "GET /fzrst/g495983.html HTTP/1.1" 200 20177 "-" "Mozilla/5.0 (Linux; Android 6.0.1; Nexus 5X Build/MMB29P) AppleWebKit/537.36 (KHTML, like Gecko) Chrome/146.0.7680.164 Mobile Safari/537.36 (compatible; Googlebot/2.1; +http://www.google.com/bot.html)" 440 **0/440227**
66.249.66.7 - - [01/Apr/2026:14:15:12 -0700] "GET /3317154512.html HTTP/1.1" 200 21045 "-" "Mozilla/5.0 (Linux; Android 6.0.1; Nexus 5X Build/MMB29P) AppleWebKit/537.36 (KHTML, like Gecko) Chrome/146.0.7680.164 Mobile Safari/537.36 (compatible; GoogleOther)" 493 **0/493132**
66.249.66.201 - - [01/Apr/2026:14:15:35 -0700] "GET /mkdir/l249274.html HTTP/1.1" 200 21436 "-" "Mozilla/5.0 (Linux; Android 6.0.1; Nexus 5X Build/MMB29P) AppleWebKit/537.36 (KHTML, like Gecko) Chrome/146.0.7680.164 Mobile Safari/537.36 (compatible; Googlebot/2.1; +http://www.google.com/bot.html)" 416 **0/416977**
66.249.66.165 - - [01/Apr/2026:14:15:58 -0700] "GET /ohluq/q1751611.html HTTP/1.1" 200 21274 "-" "Mozilla/5.0 (Linux; Android 6.0.1; Nexus 5X Build/MMB29P) AppleWebKit/537.36 (KHTML, like Gecko) Chrome/146.0.7680.164 Mobile Safari/537.36 (compatible; Googlebot/2.1; +http://www.google.com/bot.html)" 415 **0/415616**
66.249.66.71 - - [01/Apr/2026:14:16:21 -0700] "GET /poked/j1028622.html HTTP/1.1" 200 20588 "-" "Mozilla/5.0 (Linux; Android 6.0.1; Nexus 5X Build/MMB29P) AppleWebKit/537.36 (KHTML, like Gecko) Chrome/146.0.7680.164 Mobile Safari/537.36 (compatible; Googlebot/2.1; +http://www.google.com/bot.html)" 904 **0/904702**
66.249.66.6 - - [01/Apr/2026:14:16:45 -0700] "GET /llkhg/a2258387.html HTTP/1.1" 200 20574 "-" "Mozilla/5.0 (Linux; Android 6.0.1; Nexus 5X Build/MMB29P) AppleWebKit/537.36 (KHTML, like Gecko) Chrome/146.0.7680.164 Mobile Safari/537.36 (compatible; Googlebot/2.1; +http://www.google.com/bot.html)" 388 **0/388625**
66.249.66.165 - - [01/Apr/2026:14:16:48 -0700] "GET /4126317650.html HTTP/1.1" 200 20846 "-" "Mozilla/5.0 (Linux; Android 6.0.1; Nexus 5X Build/MMB29P) AppleWebKit/537.36 (KHTML, like Gecko) Chrome/146.0.7680.164 Mobile Safari/537.36 (compatible; GoogleOther)" 442 **0/442671**
66.249.66.201 - - [01/Apr/2026:14:16:48 -0700] "GET /qcpdf/a1954135.html HTTP/1.1" 200 20834 "-" "Mozilla/5.0 (Linux; Android 6.0.1; Nexus 5X Build/MMB29P) AppleWebKit/537.36 (KHTML, like Gecko) Chrome/146.0.7680.164 Mobile Safari/537.36 (compatible; GoogleOther)" 409 **0/409355**
66.249.66.6 - - [01/Apr/2026:14:16:49 -0700] "GET /pdfgf/l2487770.html HTTP/1.1" 200 20980 "-" "Mozilla/5.0 (Linux; Android 6.0.1; Nexus 5X Build/MMB29P) AppleWebKit/537.36 (KHTML, like Gecko) Chrome/146.0.7680.164 Mobile Safari/537.36 (compatible; GoogleOther)" 412 **0/412297**
66.249.66.43 - - [01/Apr/2026:14:17:04 -0700] "GET /2046477413.html HTTP/1.1" 200 20961 "-" "Mozilla/5.0 (Linux; Android 6.0.1; Nexus 5X Build/MMB29P) AppleWebKit/537.36 (KHTML, like Gecko) Chrome/146.0.7680.164 Mobile Safari/537.36 (compatible; GoogleOther)" 406 **0/406595**
