223.233.72.181 - - [15/Sep/2025:23:30:40 -0700] "GET /wp-content/uploads/2025/04/c9df1080-fb52-4da0-be32-16a3db8d6825-300x200.avif HTTP/2.0" 200 9893 "https://sapphirepackaging.in/wp-admin/upload.php" "Mozilla/5.0 (Windows NT 10.0; Win64; x64) AppleWebKit/537.36 (KHTML, like Gecko) Chrome/140.0.0.0 Safari/537.36" 10 **0/10804**
223.233.72.181 - - [15/Sep/2025:23:30:40 -0700] "GET /wp-content/uploads/2025/04/mobile-app-svg-speed.svg HTTP/2.0" 200 784 "https://sapphirepackaging.in/wp-admin/upload.php" "Mozilla/5.0 (Windows NT 10.0; Win64; x64) AppleWebKit/537.36 (KHTML, like Gecko) Chrome/140.0.0.0 Safari/537.36" 12 **0/12541**
223.233.72.181 - - [15/Sep/2025:23:30:40 -0700] "GET /wp-content/uploads/2025/04/mobile-app-svg-mic.svg HTTP/2.0" 200 528 "https://sapphirepackaging.in/wp-admin/upload.php" "Mozilla/5.0 (Windows NT 10.0; Win64; x64) AppleWebKit/537.36 (KHTML, like Gecko) Chrome/140.0.0.0 Safari/537.36" 10 **0/10186**
223.233.72.181 - - [15/Sep/2025:23:30:40 -0700] "GET /wp-content/uploads/2025/04/mobile-app-svg-save.svg HTTP/2.0" 200 589 "https://sapphirepackaging.in/wp-admin/upload.php" "Mozilla/5.0 (Windows NT 10.0; Win64; x64) AppleWebKit/537.36 (KHTML, like Gecko) Chrome/140.0.0.0 Safari/537.36" 8 **0/8353**
223.233.72.181 - - [15/Sep/2025:23:30:40 -0700] "GET /wp-content/uploads/2025/04/mobile-app-svg-smile.svg HTTP/2.0" 200 624 "https://sapphirepackaging.in/wp-admin/upload.php" "Mozilla/5.0 (Windows NT 10.0; Win64; x64) AppleWebKit/537.36 (KHTML, like Gecko) Chrome/140.0.0.0 Safari/537.36" 8 **0/8850**
223.233.72.181 - - [15/Sep/2025:23:30:40 -0700] "GET /wp-content/uploads/2025/04/mobile-appsvg-like.svg HTTP/2.0" 200 906 "https://sapphirepackaging.in/wp-admin/upload.php" "Mozilla/5.0 (Windows NT 10.0; Win64; x64) AppleWebKit/537.36 (KHTML, like Gecko) Chrome/140.0.0.0 Safari/537.36" 10 **0/10549**
223.233.72.181 - - [15/Sep/2025:23:30:40 -0700] "GET /wp-content/uploads/2025/04/mobile-app-svg-play.svg HTTP/2.0" 200 524 "https://sapphirepackaging.in/wp-admin/upload.php" "Mozilla/5.0 (Windows NT 10.0; Win64; x64) AppleWebKit/537.36 (KHTML, like Gecko) Chrome/140.0.0.0 Safari/537.36" 13 **0/13100**
223.233.72.181 - - [15/Sep/2025:23:30:41 -0700] "GET /wp-content/uploads/2025/04/opportunity-300x300.png HTTP/2.0" 200 10352 "https://sapphirepackaging.in/wp-admin/upload.php" "Mozilla/5.0 (Windows NT 10.0; Win64; x64) AppleWebKit/537.36 (KHTML, like Gecko) Chrome/140.0.0.0 Safari/537.36" 8 **0/8603**
223.233.72.181 - - [15/Sep/2025:23:30:41 -0700] "GET /wp-content/uploads/2025/04/leadership-300x300.png HTTP/2.0" 200 6165 "https://sapphirepackaging.in/wp-admin/upload.php" "Mozilla/5.0 (Windows NT 10.0; Win64; x64) AppleWebKit/537.36 (KHTML, like Gecko) Chrome/140.0.0.0 Safari/537.36" 8 **0/8121**
223.233.72.181 - - [15/Sep/2025:23:30:41 -0700] "GET /wp-content/uploads/2025/04/wood-layout-green-chair-6.svg HTTP/2.0" 200 764 "https://sapphirepackaging.in/wp-admin/upload.php" "Mozilla/5.0 (Windows NT 10.0; Win64; x64) AppleWebKit/537.36 (KHTML, like Gecko) Chrome/140.0.0.0 Safari/537.36" 8 **0/8034**
223.233.72.181 - - [15/Sep/2025:23:30:41 -0700] "GET /wp-content/uploads/2025/04/wood-layout-green-chair-4.svg HTTP/2.0" 200 1405 "https://sapphirepackaging.in/wp-admin/upload.php" "Mozilla/5.0 (Windows NT 10.0; Win64; x64) AppleWebKit/537.36 (KHTML, like Gecko) Chrome/140.0.0.0 Safari/537.36" 12 **0/12140**
223.233.72.181 - - [15/Sep/2025:23:30:41 -0700] "GET /wp-content/uploads/2025/04/wood-layout-green-chair-5.svg HTTP/2.0" 200 1128 "https://sapphirepackaging.in/wp-admin/upload.php" "Mozilla/5.0 (Windows NT 10.0; Win64; x64) AppleWebKit/537.36 (KHTML, like Gecko) Chrome/140.0.0.0 Safari/537.36" 9 **0/9790**
223.233.72.181 - - [15/Sep/2025:23:30:41 -0700] "GET /wp-content/uploads/2025/04/wood-layout-green-chair-1-1-2.svg HTTP/2.0" 200 946 "https://sapphirepackaging.in/wp-admin/upload.php" "Mozilla/5.0 (Windows NT 10.0; Win64; x64) AppleWebKit/537.36 (KHTML, like Gecko) Chrome/140.0.0.0 Safari/537.36" 9 **0/9335**
223.233.72.181 - - [15/Sep/2025:23:30:41 -0700] "GET /wp-content/uploads/2025/04/wood-layout-green-chair-2.svg HTTP/2.0" 200 1078 "https://sapphirepackaging.in/wp-admin/upload.php" "Mozilla/5.0 (Windows NT 10.0; Win64; x64) AppleWebKit/537.36 (KHTML, like Gecko) Chrome/140.0.0.0 Safari/537.36" 12 **0/12789**
223.233.72.181 - - [15/Sep/2025:23:30:41 -0700] "GET /wp-content/uploads/2025/04/watches-austen-opt.jpg HTTP/2.0" 200 1548 "https://sapphirepackaging.in/wp-admin/upload.php" "Mozilla/5.0 (Windows NT 10.0; Win64; x64) AppleWebKit/537.36 (KHTML, like Gecko) Chrome/140.0.0.0 Safari/537.36" 10 **0/10260**
223.233.72.181 - - [15/Sep/2025:23:30:41 -0700] "GET /wp-content/uploads/2025/04/corporate-protection-3.svg HTTP/2.0" 200 983 "https://sapphirepackaging.in/wp-admin/upload.php" "Mozilla/5.0 (Windows NT 10.0; Win64; x64) AppleWebKit/537.36 (KHTML, like Gecko) Chrome/140.0.0.0 Safari/537.36" 11 **0/11960**
223.233.72.181 - - [15/Sep/2025:23:30:42 -0700] "GET /wp-content/uploads/2025/04/corporate-chek-3.svg HTTP/2.0" 200 678 "https://sapphirepackaging.in/wp-admin/upload.php" "Mozilla/5.0 (Windows NT 10.0; Win64; x64) AppleWebKit/537.36 (KHTML, like Gecko) Chrome/140.0.0.0 Safari/537.36" 12 **0/12653**
223.233.72.181 - - [15/Sep/2025:23:30:42 -0700] "GET /wp-content/uploads/2025/04/corporate-safe-3.svg HTTP/2.0" 200 917 "https://sapphirepackaging.in/wp-admin/upload.php" "Mozilla/5.0 (Windows NT 10.0; Win64; x64) AppleWebKit/537.36 (KHTML, like Gecko) Chrome/140.0.0.0 Safari/537.36" 21 **0/21174**
223.233.72.181 - - [15/Sep/2025:23:30:42 -0700] "GET /wp-content/uploads/2025/04/digitals-newslatter-bg-300x68.jpg HTTP/2.0" 200 1536 "https://sapphirepackaging.in/wp-admin/upload.php" "Mozilla/5.0 (Windows NT 10.0; Win64; x64) AppleWebKit/537.36 (KHTML, like Gecko) Chrome/140.0.0.0 Safari/537.36" 10 **0/10702**
223.233.72.181 - - [15/Sep/2025:23:30:42 -0700] "GET /wp-content/uploads/2025/04/digitals-newslatter-img-products-300x286.png HTTP/2.0" 200 42581 "https://sapphirepackaging.in/wp-admin/upload.php" "Mozilla/5.0 (Windows NT 10.0; Win64; x64) AppleWebKit/537.36 (KHTML, like Gecko) Chrome/140.0.0.0 Safari/537.36" 12 **0/12011**
223.233.72.181 - - [15/Sep/2025:23:30:42 -0700] "GET /wp-content/uploads/2025/04/organic-Forma-1.svg HTTP/2.0" 200 1037 "https://sapphirepackaging.in/wp-admin/upload.php" "Mozilla/5.0 (Windows NT 10.0; Win64; x64) AppleWebKit/537.36 (KHTML, like Gecko) Chrome/140.0.0.0 Safari/537.36" 18 **0/18591**
223.233.72.181 - - [15/Sep/2025:23:30:42 -0700] "GET /wp-content/uploads/2025/04/organic-powder-ico.svg HTTP/2.0" 200 1042 "https://sapphirepackaging.in/wp-admin/upload.php" "Mozilla/5.0 (Windows NT 10.0; Win64; x64) AppleWebKit/537.36 (KHTML, like Gecko) Chrome/140.0.0.0 Safari/537.36" 17 **0/17854**
223.233.72.181 - - [15/Sep/2025:23:30:42 -0700] "GET /wp-content/uploads/2025/04/organic-fruit-tea-ico.svg HTTP/2.0" 200 1095 "https://sapphirepackaging.in/wp-admin/upload.php" "Mozilla/5.0 (Windows NT 10.0; Win64; x64) AppleWebKit/537.36 (KHTML, like Gecko) Chrome/140.0.0.0 Safari/537.36" 11 **0/11750**
223.233.72.181 - - [15/Sep/2025:23:30:42 -0700] "GET /wp-content/uploads/2025/04/organic-icecream-ico.svg HTTP/2.0" 200 1196 "https://sapphirepackaging.in/wp-admin/upload.php" "Mozilla/5.0 (Windows NT 10.0; Win64; x64) AppleWebKit/537.36 (KHTML, like Gecko) Chrome/140.0.0.0 Safari/537.36" 11 **0/11855**
223.233.72.181 - - [15/Sep/2025:23:30:42 -0700] "GET /wp-content/uploads/2025/04/whatsapp-300x300.png HTTP/2.0" 200 19089 "https://sapphirepackaging.in/wp-admin/upload.php" "Mozilla/5.0 (Windows NT 10.0; Win64; x64) AppleWebKit/537.36 (KHTML, like Gecko) Chrome/140.0.0.0 Safari/537.36" 10 **0/10717**
223.233.72.181 - - [15/Sep/2025:23:30:42 -0700] "GET /wp-includes/images/media/default.svg HTTP/2.0" 200 127 "https://sapphirepackaging.in/wp-admin/upload.php" "Mozilla/5.0 (Windows NT 10.0; Win64; x64) AppleWebKit/537.36 (KHTML, like Gecko) Chrome/140.0.0.0 Safari/537.36" 8 **0/8447**
223.233.72.181 - - [15/Sep/2025:23:30:42 -0700] "GET /wp-content/uploads/2025/04/5-300x300.png HTTP/2.0" 200 29290 "https://sapphirepackaging.in/wp-admin/upload.php" "Mozilla/5.0 (Windows NT 10.0; Win64; x64) AppleWebKit/537.36 (KHTML, like Gecko) Chrome/140.0.0.0 Safari/537.36" 9 **0/9151**
223.233.72.181 - - [15/Sep/2025:23:30:42 -0700] "GET /wp-content/uploads/2025/04/4-300x300.png HTTP/2.0" 200 15947 "https://sapphirepackaging.in/wp-admin/upload.php" "Mozilla/5.0 (Windows NT 10.0; Win64; x64) AppleWebKit/537.36 (KHTML, like Gecko) Chrome/140.0.0.0 Safari/537.36" 11 **0/11361**
223.233.72.181 - - [15/Sep/2025:23:30:43 -0700] "GET /wp-content/uploads/2025/04/3-300x300.png HTTP/2.0" 200 33362 "https://sapphirepackaging.in/wp-admin/upload.php" "Mozilla/5.0 (Windows NT 10.0; Win64; x64) AppleWebKit/537.36 (KHTML, like Gecko) Chrome/140.0.0.0 Safari/537.36" 12 **0/12998**
223.233.72.181 - - [15/Sep/2025:23:30:43 -0700] "GET /wp-content/uploads/2025/04/2-300x300.png HTTP/2.0" 200 53346 "https://sapphirepackaging.in/wp-admin/upload.php" "Mozilla/5.0 (Windows NT 10.0; Win64; x64) AppleWebKit/537.36 (KHTML, like Gecko) Chrome/140.0.0.0 Safari/537.36" 11 **0/11022**
223.233.72.181 - - [15/Sep/2025:23:30:43 -0700] "GET /wp-content/uploads/2025/04/7-263x300.jpg HTTP/2.0" 200 10719 "https://sapphirepackaging.in/wp-admin/upload.php" "Mozilla/5.0 (Windows NT 10.0; Win64; x64) AppleWebKit/537.36 (KHTML, like Gecko) Chrome/140.0.0.0 Safari/537.36" 8 **0/8985**
223.233.72.181 - - [15/Sep/2025:23:30:43 -0700] "GET /wp-content/uploads/2025/04/6-263x300.jpg HTTP/2.0" 200 9778 "https://sapphirepackaging.in/wp-admin/upload.php" "Mozilla/5.0 (Windows NT 10.0; Win64; x64) AppleWebKit/537.36 (KHTML, like Gecko) Chrome/140.0.0.0 Safari/537.36" 11 **0/11569**
223.233.72.181 - - [15/Sep/2025:23:30:43 -0700] "GET /wp-content/uploads/2025/04/5-263x300.jpg HTTP/2.0" 200 9071 "https://sapphirepackaging.in/wp-admin/upload.php" "Mozilla/5.0 (Windows NT 10.0; Win64; x64) AppleWebKit/537.36 (KHTML, like Gecko) Chrome/140.0.0.0 Safari/537.36" 10 **0/10805**
223.233.72.181 - - [15/Sep/2025:23:30:43 -0700] "GET /wp-content/uploads/2025/04/4-263x300.jpg HTTP/2.0" 200 9846 "https://sapphirepackaging.in/wp-admin/upload.php" "Mozilla/5.0 (Windows NT 10.0; Win64; x64) AppleWebKit/537.36 (KHTML, like Gecko) Chrome/140.0.0.0 Safari/537.36" 12 **0/12423**
223.233.72.181 - - [15/Sep/2025:23:30:43 -0700] "GET /wp-content/uploads/2025/04/3-263x300.jpg HTTP/2.0" 200 9953 "https://sapphirepackaging.in/wp-admin/upload.php" "Mozilla/5.0 (Windows NT 10.0; Win64; x64) AppleWebKit/537.36 (KHTML, like Gecko) Chrome/140.0.0.0 Safari/537.36" 10 **0/10746**
223.233.72.181 - - [15/Sep/2025:23:30:43 -0700] "GET /wp-content/uploads/2025/04/1-263x300.jpg HTTP/2.0" 200 8322 "https://sapphirepackaging.in/wp-admin/upload.php" "Mozilla/5.0 (Windows NT 10.0; Win64; x64) AppleWebKit/537.36 (KHTML, like Gecko) Chrome/140.0.0.0 Safari/537.36" 9 **0/9090**
223.233.72.181 - - [15/Sep/2025:23:30:43 -0700] "GET /wp-content/uploads/2025/04/2-263x300.jpg HTTP/2.0" 200 567071 "https://sapphirepackaging.in/wp-admin/upload.php" "Mozilla/5.0 (Windows NT 10.0; Win64; x64) AppleWebKit/537.36 (KHTML, like Gecko) Chrome/140.0.0.0 Safari/537.36" 14 **0/14025**
223.233.72.181 - - [15/Sep/2025:23:30:44 -0700] "GET /wp-content/uploads/2025/04/Untitled-design-21-300x300.png HTTP/2.0" 200 58301 "https://sapphirepackaging.in/wp-admin/upload.php" "Mozilla/5.0 (Windows NT 10.0; Win64; x64) AppleWebKit/537.36 (KHTML, like Gecko) Chrome/140.0.0.0 Safari/537.36" 12 **0/12848**
223.233.72.181 - - [15/Sep/2025:23:30:44 -0700] "GET /wp-content/uploads/2023/04/SAPPHIRE-LOGO-IN-WIGHT-COLOR-300x204.png HTTP/2.0" 200 10298 "https://sapphirepackaging.in/wp-admin/upload.php" "Mozilla/5.0 (Windows NT 10.0; Win64; x64) AppleWebKit/537.36 (KHTML, like Gecko) Chrome/140.0.0.0 Safari/537.36" 10 **0/10302**
223.233.72.181 - - [15/Sep/2025:23:30:44 -0700] "GET /wp-content/uploads/2023/04/4-263x300.jpg HTTP/2.0" 200 575150 "https://sapphirepackaging.in/wp-admin/upload.php" "Mozilla/5.0 (Windows NT 10.0; Win64; x64) AppleWebKit/537.36 (KHTML, like Gecko) Chrome/140.0.0.0 Safari/537.36" 13 **0/13862**
223.233.72.181 - - [15/Sep/2025:23:30:44 -0700] "GET /wp-content/uploads/2023/04/3-263x300.jpg HTTP/2.0" 200 571846 "https://sapphirepackaging.in/wp-admin/upload.php" "Mozilla/5.0 (Windows NT 10.0; Win64; x64) AppleWebKit/537.36 (KHTML, like Gecko) Chrome/140.0.0.0 Safari/537.36" 15 **0/15965**
223.233.72.181 - - [15/Sep/2025:23:30:44 -0700] "GET /wp-content/uploads/2023/04/2-263x300.jpg HTTP/2.0" 200 577303 "https://sapphirepackaging.in/wp-admin/upload.php" "Mozilla/5.0 (Windows NT 10.0; Win64; x64) AppleWebKit/537.36 (KHTML, like Gecko) Chrome/140.0.0.0 Safari/537.36" 13 **0/13960**
223.233.72.181 - - [15/Sep/2025:23:30:43 -0700] "GET /wp-json/image-optimizer/v1/stats?io_time=1758004243677&_locale=user HTTP/2.0" 200 162 "https://sapphirepackaging.in/wp-admin/upload.php" "Mozilla/5.0 (Windows NT 10.0; Win64; x64) AppleWebKit/537.36 (KHTML, like Gecko) Chrome/140.0.0.0 Safari/537.36" 1069 **1/1069292**
223.233.72.181 - - [15/Sep/2025:23:30:49 -0700] "GET /wp-json/image-optimizer/v1/stats?io_time=1758004248677&_locale=user HTTP/2.0" 200 162 "https://sapphirepackaging.in/wp-admin/upload.php" "Mozilla/5.0 (Windows NT 10.0; Win64; x64) AppleWebKit/537.36 (KHTML, like Gecko) Chrome/140.0.0.0 Safari/537.36" 929 **0/929541**
223.233.72.181 - - [15/Sep/2025:23:30:53 -0700] "GET /wp-json/image-optimizer/v1/stats?io_time=1758004253680&_locale=user HTTP/2.0" 200 162 "https://sapphirepackaging.in/wp-admin/upload.php" "Mozilla/5.0 (Windows NT 10.0; Win64; x64) AppleWebKit/537.36 (KHTML, like Gecko) Chrome/140.0.0.0 Safari/537.36" 910 **0/910677**
223.233.72.181 - - [15/Sep/2025:23:30:59 -0700] "GET /wp-json/image-optimizer/v1/stats?io_time=1758004258665&_locale=user HTTP/2.0" 200 162 "https://sapphirepackaging.in/wp-admin/upload.php" "Mozilla/5.0 (Windows NT 10.0; Win64; x64) AppleWebKit/537.36 (KHTML, like Gecko) Chrome/140.0.0.0 Safari/537.36" 978 **0/978693**
223.233.72.181 - - [15/Sep/2025:23:31:03 -0700] "GET /wp-json/image-optimizer/v1/stats?io_time=1758004263666&_locale=user HTTP/2.0" 200 162 "https://sapphirepackaging.in/wp-admin/upload.php" "Mozilla/5.0 (Windows NT 10.0; Win64; x64) AppleWebKit/537.36 (KHTML, like Gecko) Chrome/140.0.0.0 Safari/537.36" 1006 **1/1006189**
43.135.142.37 - - [15/Sep/2025:23:31:05 -0700] "GET / HTTP/1.1" 200 38477 "http://www.sapphirepackaging.in" "Mozilla/5.0 (iPhone; CPU iPhone OS 13_2_3 like Mac OS X) AppleWebKit/605.1.15 (KHTML, like Gecko) Version/13.0.3 Mobile/15E148 Safari/604.1" 917 **0/917469**
68.178.198.34 - - [15/Sep/2025:23:31:09 -0700] "POST /wp-cron.php?doing_wp_cron=1758004269.6759660243988037109375 HTTP/1.1" 200 - "-" "WordPress/6.8.2; https://sapphirepackaging.in" 22 **0/22833**
223.233.72.181 - - [15/Sep/2025:23:31:09 -0700] "GET /wp-json/image-optimizer/v1/stats?io_time=1758004268513&_locale=user HTTP/2.0" 200 162 "https://sapphirepackaging.in/wp-admin/upload.php" "Mozilla/5.0 (Windows NT 10.0; Win64; x64) AppleWebKit/537.36 (KHTML, like Gecko) Chrome/140.0.0.0 Safari/537.36" 865 **0/865743**
223.233.72.181 - - [15/Sep/2025:23:31:10 -0700] "POST /wp-admin/admin-ajax.php HTTP/2.0" 200 1746 "https://sapphirepackaging.in/wp-admin/upload.php" "Mozilla/5.0 (Windows NT 10.0; Win64; x64) AppleWebKit/537.36 (KHTML, like Gecko) Chrome/140.0.0.0 Safari/537.36" 674 **0/674455**
223.233.72.181 - - [15/Sep/2025:23:31:11 -0700] "GET /wp-content/uploads/2025/04/kkk-300x217.png HTTP/2.0" 200 43825 "https://sapphirepackaging.in/wp-admin/upload.php" "Mozilla/5.0 (Windows NT 10.0; Win64; x64) AppleWebKit/537.36 (KHTML, like Gecko) Chrome/140.0.0.0 Safari/537.36" 761 **0/761713**
223.233.72.181 - - [15/Sep/2025:23:31:11 -0700] "GET /wp-content/uploads/2023/04/1-263x300.jpg HTTP/2.0" 200 575158 "https://sapphirepackaging.in/wp-admin/upload.php" "Mozilla/5.0 (Windows NT 10.0; Win64; x64) AppleWebKit/537.36 (KHTML, like Gecko) Chrome/140.0.0.0 Safari/537.36" 762 **0/762430**
223.233.72.181 - - [15/Sep/2025:23:31:11 -0700] "GET /wp-content/uploads/2025/04/SAPPHIRE-LOGO-IN-BLACK-COLOR-300x204.png HTTP/2.0" 200 14290 "https://sapphirepackaging.in/wp-admin/upload.php" "Mozilla/5.0 (Windows NT 10.0; Win64; x64) AppleWebKit/537.36 (KHTML, like Gecko) Chrome/140.0.0.0 Safari/537.36" 764 **0/764646**
223.233.72.181 - - [15/Sep/2025:23:31:11 -0700] "GET /wp-content/uploads/2025/04/mt-sample-background-300x200.jpg HTTP/2.0" 200 5634 "https://sapphirepackaging.in/wp-admin/upload.php" "Mozilla/5.0 (Windows NT 10.0; Win64; x64) AppleWebKit/537.36 (KHTML, like Gecko) Chrome/140.0.0.0 Safari/537.36" 764 **0/764907**
223.233.72.181 - - [15/Sep/2025:23:31:11 -0700] "GET /wp-content/uploads/2023/04/wd-furniture-phone.svg HTTP/2.0" 200 645 "https://sapphirepackaging.in/wp-admin/upload.php" "Mozilla/5.0 (Windows NT 10.0; Win64; x64) AppleWebKit/537.36 (KHTML, like Gecko) Chrome/140.0.0.0 Safari/537.36" 762 **0/762567**
223.233.72.181 - - [15/Sep/2025:23:31:12 -0700] "POST /wp-admin/admin-ajax.php HTTP/2.0" 200 51 "https://sapphirepackaging.in/wp-admin/" "Mozilla/5.0 (Windows NT 10.0; Win64; x64) AppleWebKit/537.36 (KHTML, like Gecko) Chrome/140.0.0.0 Safari/537.36" 656 **0/656413**
223.233.72.181 - - [15/Sep/2025:23:31:13 -0700] "GET /wp-json/image-optimizer/v1/stats?io_time=1758004273502&_locale=user HTTP/2.0" 200 162 "https://sapphirepackaging.in/wp-admin/upload.php" "Mozilla/5.0 (Windows NT 10.0; Win64; x64) AppleWebKit/537.36 (KHTML, like Gecko) Chrome/140.0.0.0 Safari/537.36" 844 **0/844682**
68.178.198.34 - - [15/Sep/2025:23:31:25 -0700] "HEAD /llms.txt HTTP/1.1" 200 - "-" "WordPress/6.8.2; https://sapphirepackaging.in" 518 **0/518018**
223.233.72.181 - - [15/Sep/2025:23:31:24 -0700] "GET /wp-admin/profile.php HTTP/2.0" 200 103687 "https://sapphirepackaging.in/wp-admin/" "Mozilla/5.0 (Windows NT 10.0; Win64; x64) AppleWebKit/537.36 (KHTML, like Gecko) Chrome/140.0.0.0 Safari/537.36" 1343 **1/1343827**
223.233.72.181 - - [15/Sep/2025:23:31:26 -0700] "GET /wp-content/plugins/wp-fastest-cache/css/toolbar.css?ver=1758004286 HTTP/2.0" 200 4578 "https://sapphirepackaging.in/wp-admin/profile.php" "Mozilla/5.0 (Windows NT 10.0; Win64; x64) AppleWebKit/537.36 (KHTML, like Gecko) Chrome/140.0.0.0 Safari/537.36" 8 **0/8778**
223.233.72.181 - - [15/Sep/2025:23:31:26 -0700] "GET /wp-content/plugins/wp-fastest-cache/css/style.css?ver=1758004285 HTTP/2.0" 200 6774 "https://sapphirepackaging.in/wp-admin/profile.php" "Mozilla/5.0 (Windows NT 10.0; Win64; x64) AppleWebKit/537.36 (KHTML, like Gecko) Chrome/140.0.0.0 Safari/537.36" 10 **0/10402**
223.233.72.181 - - [15/Sep/2025:23:31:26 -0700] "GET /wp-content/plugins/wp-fastest-cache/js/toolbar.js?ver=1758004286 HTTP/2.0" 200 1003 "https://sapphirepackaging.in/wp-admin/profile.php" "Mozilla/5.0 (Windows NT 10.0; Win64; x64) AppleWebKit/537.36 (KHTML, like Gecko) Chrome/140.0.0.0 Safari/537.36" 10 **0/10804**
223.233.72.181 - - [15/Sep/2025:23:31:26 -0700] "GET /wp-content/plugins/wp-fastest-cache/js/column.js?ver=1758004286 HTTP/2.0" 200 437 "https://sapphirepackaging.in/wp-admin/profile.php" "Mozilla/5.0 (Windows NT 10.0; Win64; x64) AppleWebKit/537.36 (KHTML, like Gecko) Chrome/140.0.0.0 Safari/537.36" 11 **0/11841**
223.233.72.181 - - [15/Sep/2025:23:31:29 -0700] "POST /wp-admin/admin-ajax.php HTTP/2.0" 200 54 "https://sapphirepackaging.in/wp-admin/profile.php" "Mozilla/5.0 (Windows NT 10.0; Win64; x64) AppleWebKit/537.36 (KHTML, like Gecko) Chrome/140.0.0.0 Safari/537.36" 590 **0/590966**
223.233.72.181 - - [15/Sep/2025:23:31:38 -0700] "POST /wp-admin/profile.php HTTP/2.0" 302 1 "https://sapphirepackaging.in/wp-admin/profile.php" "Mozilla/5.0 (Windows NT 10.0; Win64; x64) AppleWebKit/537.36 (KHTML, like Gecko) Chrome/140.0.0.0 Safari/537.36" 7807 **7/7807553**
68.178.198.34 - - [15/Sep/2025:23:31:47 -0700] "HEAD /llms.txt HTTP/1.1" 200 - "-" "WordPress/6.8.2; https://sapphirepackaging.in" 583 **0/583424**
223.233.72.181 - - [15/Sep/2025:23:31:46 -0700] "GET /wp-admin/profile.php?updated=1 HTTP/2.0" 200 103757 "https://sapphirepackaging.in/wp-admin/profile.php" "Mozilla/5.0 (Windows NT 10.0; Win64; x64) AppleWebKit/537.36 (KHTML, like Gecko) Chrome/140.0.0.0 Safari/537.36" 1571 **1/1571053**
223.233.72.181 - - [15/Sep/2025:23:31:48 -0700] "GET /wp-content/plugins/wp-fastest-cache/css/toolbar.css?ver=1758004308 HTTP/2.0" 200 4578 "https://sapphirepackaging.in/wp-admin/profile.php?updated=1" "Mozilla/5.0 (Windows NT 10.0; Win64; x64) AppleWebKit/537.36 (KHTML, like Gecko) Chrome/140.0.0.0 Safari/537.36" 9 **0/9950**
223.233.72.181 - - [15/Sep/2025:23:31:48 -0700] "GET /wp-content/plugins/wp-fastest-cache/css/style.css?ver=1758004307 HTTP/2.0" 200 6774 "https://sapphirepackaging.in/wp-admin/profile.php?updated=1" "Mozilla/5.0 (Windows NT 10.0; Win64; x64) AppleWebKit/537.36 (KHTML, like Gecko) Chrome/140.0.0.0 Safari/537.36" 11 **0/11158**
223.233.72.181 - - [15/Sep/2025:23:31:49 -0700] "GET /wp-content/plugins/wp-fastest-cache/js/toolbar.js?ver=1758004308 HTTP/2.0" 200 1003 "https://sapphirepackaging.in/wp-admin/profile.php?updated=1" "Mozilla/5.0 (Windows NT 10.0; Win64; x64) AppleWebKit/537.36 (KHTML, like Gecko) Chrome/140.0.0.0 Safari/537.36" 10 **0/10483**
223.233.72.181 - - [15/Sep/2025:23:31:49 -0700] "GET /wp-content/plugins/wp-fastest-cache/js/column.js?ver=1758004308 HTTP/2.0" 200 437 "https://sapphirepackaging.in/wp-admin/profile.php?updated=1" "Mozilla/5.0 (Windows NT 10.0; Win64; x64) AppleWebKit/537.36 (KHTML, like Gecko) Chrome/140.0.0.0 Safari/537.36" 13 **0/13781**
223.233.72.181 - - [15/Sep/2025:23:31:53 -0700] "GET /wp-login.php?action=logout&_wpnonce=e8a6266236 HTTP/2.0" 302 1 "https://sapphirepackaging.in/wp-admin/profile.php" "Mozilla/5.0 (Windows NT 10.0; Win64; x64) AppleWebKit/537.36 (KHTML, like Gecko) Chrome/140.0.0.0 Safari/537.36" 517 **0/517923**
223.233.72.181 - - [15/Sep/2025:23:31:54 -0700] "GET /wp-login.php?loggedout=true&wp_lang=en HTTP/2.0" 200 1954 "https://sapphirepackaging.in/wp-admin/profile.php" "Mozilla/5.0 (Windows NT 10.0; Win64; x64) AppleWebKit/537.36 (KHTML, like Gecko) Chrome/140.0.0.0 Safari/537.36" 588 **0/588605**
68.178.198.34 - - [15/Sep/2025:23:32:18 -0700] "POST /wp-cron.php?doing_wp_cron=1758004337.9880149364471435546875 HTTP/1.1" 200 - "-" "WordPress/6.8.2; https://sapphirepackaging.in" 23 **0/23852**
5.161.250.15 - - [15/Sep/2025:23:32:17 -0700] "POST /wp-load.php?414f08=61729 HTTP/1.1" 200 - "-" "Mozilla/5.0 (Windows NT 10.0; Win64; x64) AppleWebKit/537.36 (KHTML, like Gecko) Chrome/104.0.5112.97 Safari/537.36" 537 **0/537748**
68.178.198.34 - - [15/Sep/2025:23:37:36 -0700] "POST /wp-cron.php?doing_wp_cron=1758004656.7234671115875244140625 HTTP/1.1" 200 - "-" "WordPress/6.8.2; https://sapphirepackaging.in" 20 **0/20539**
66.249.74.10 - - [15/Sep/2025:23:37:36 -0700] "GET /shopdetail/6156425 HTTP/1.1" 404 18099 "-" "Mozilla/5.0 (Linux; Android 6.0.1; Nexus 5X Build/MMB29P) AppleWebKit/537.36 (KHTML, like Gecko) Chrome/140.0.7339.127 Mobile Safari/537.36 (compatible; Googlebot/2.1; +http://www.google.com/bot.html)" 819 **0/819184**
114.119.142.232 - - [15/Sep/2025:23:37:44 -0700] "GET /product-category/corrugated-box/small-planter-boxes/?shop_view=grid&per_row=4 HTTP/1.1" 200 23352 "https://sapphirepackaging.in/product-category/corrugated-box/small-planter-boxes/?shop_view=grid&per_row=4" "Mozilla/5.0 (Linux; Android 7.0;) AppleWebKit/537.36 (KHTML, like Gecko) Mobile Safari/537.36 (compatible; PetalBot;+https://webmaster.petalsearch.com/site/petalbot)" 1255 **1/1255992**
68.178.198.34 - - [15/Sep/2025:23:38:56 -0700] "POST /wp-cron.php?doing_wp_cron=1758004736.5993208885192871093750 HTTP/1.1" 200 - "-" "WordPress/6.8.2; https://www.sapphirepackaging.in" 16 **0/16894**
118.195.153.213 - - [15/Sep/2025:23:38:57 -0700] "GET / HTTP/1.1" 200 38477 "http://www.sapphirepackaging.in" "Mozilla/5.0 (iPhone; CPU iPhone OS 13_2_3 like Mac OS X) AppleWebKit/605.1.15 (KHTML, like Gecko) Version/13.0.3 Mobile/15E148 Safari/604.1" 1259 **1/1259103**
114.119.143.187 - - [15/Sep/2025:23:39:05 -0700] "GET /product-category/mono-cartons/tissue-boxes/?per_page=24&shop_view=grid&per_row=3 HTTP/1.1" 200 23895 "https://www.sapphirepackaging.in/product-category/mono-cartons/tissue-boxes/?per_page=24&shop_view=list" "Mozilla/5.0 (Linux; Android 7.0;) AppleWebKit/537.36 (KHTML, like Gecko) Mobile Safari/537.36 (compatible; PetalBot;+https://webmaster.petalsearch.com/site/petalbot)" 855 **0/855573**
68.178.198.34 - - [15/Sep/2025:23:45:11 -0700] "POST /wp-cron.php?doing_wp_cron=1758005111.8321449756622314453125 HTTP/1.1" 200 - "-" "WordPress/6.8.2; https://www.sapphirepackaging.in" 27 **0/27418**
129.226.213.145 - - [15/Sep/2025:23:45:10 -0700] "GET /wp-json/wp/v2/pages/15 HTTP/1.1" 200 227555 "-" "Mozilla/5.0 (iPhone; CPU iPhone OS 13_2_3 like Mac OS X) AppleWebKit/605.1.15 (KHTML, like Gecko) Version/13.0.3 Mobile/15E148 Safari/604.1" 1998 **1/1998043**
68.178.198.34 - - [15/Sep/2025:23:46:35 -0700] "POST /wp-cron.php?doing_wp_cron=1758005195.2517840862274169921875 HTTP/1.1" 200 - "-" "WordPress/6.8.2; https://www.sapphirepackaging.in" 24 **0/24292**
15.235.96.148 - - [15/Sep/2025:23:46:34 -0700] "GET /product/1951/ HTTP/2.0" 200 24867 "-" "Mozilla/5.0 (compatible; AhrefsBot/7.0; +http://ahrefs.com/robot/)" 1053 **1/1053181**
68.178.198.34 - - [15/Sep/2025:23:51:05 -0700] "POST /wp-cron.php?doing_wp_cron=1758005465.0085699558258056640625 HTTP/1.1" 200 - "-" "WordPress/6.8.2; https://sapphirepackaging.in" 19 **0/19989**
5.161.201.188 - - [15/Sep/2025:23:51:04 -0700] "GET / HTTP/1.1" 200 37959 "-" "Mozilla/5.0 (Windows NT 10.0; Win64; x64) AppleWebKit/537.36 (KHTML, like Gecko) Chrome/104.0.5112.97 Safari/537.36" 1418 **1/1418996**
68.178.198.34 - - [15/Sep/2025:23:54:34 -0700] "POST /wp-cron.php?doing_wp_cron=1758005674.7967998981475830078125 HTTP/1.1" 200 - "-" "WordPress/6.8.2; https://www.sapphirepackaging.in" 17 **0/17101**
43.159.135.203 - - [15/Sep/2025:23:54:34 -0700] "GET /xmlrpc.php?rsd HTTP/1.1" 404 100631 "-" "Mozilla/5.0 (iPhone; CPU iPhone OS 13_2_3 like Mac OS X) AppleWebKit/605.1.15 (KHTML, like Gecko) Version/13.0.3 Mobile/15E148 Safari/604.1" 822 **0/822395**
68.178.198.34 - - [15/Sep/2025:23:55:30 -0700] "POST /wp-cron.php?doing_wp_cron=1758005730.7936389446258544921875 HTTP/1.1" 200 - "-" "WordPress/6.8.2; https://www.sapphirepackaging.in" 23 **0/23250**
114.119.135.163 - - [15/Sep/2025:23:55:30 -0700] "GET /product-category/perfume-liner-inserts/colored-liners/?per_row=3&per_page=9&shop_view=list HTTP/1.1" 200 24011 "https://www.sapphirepackaging.in/product-category/perfume-liner-inserts/colored-liners/?per_row=3&per_page=12&shop_view=list" "Mozilla/5.0 (Linux; Android 7.0;) AppleWebKit/537.36 (KHTML, like Gecko) Mobile Safari/537.36 (compatible; PetalBot;+https://webmaster.petalsearch.com/site/petalbot)" 1043 **1/1043746**
68.178.198.34 - - [15/Sep/2025:23:56:58 -0700] "POST /wp-cron.php?doing_wp_cron=1758005818.7723140716552734375000 HTTP/1.1" 200 - "-" "WordPress/6.8.2; https://www.sapphirepackaging.in" 23 **0/23407**
114.119.152.164 - - [15/Sep/2025:23:56:58 -0700] "GET /product-category/perfume-liner-inserts/?per_row=4&shop_view=grid HTTP/1.1" 200 24280 "https://www.sapphirepackaging.in/product-category/perfume-liner-inserts/?shop_view=grid&per_row=3" "Mozilla/5.0 (Linux; Android 7.0;) AppleWebKit/537.36 (KHTML, like Gecko) Mobile Safari/537.36 (compatible; PetalBot;+https://webmaster.petalsearch.com/site/petalbot)" 938 **0/938561**
68.178.198.34 - - [15/Sep/2025:23:58:15 -0700] "POST /wp-cron.php?doing_wp_cron=1758005895.0694229602813720703125 HTTP/1.1" 200 - "-" "WordPress/6.8.2; https://www.sapphirepackaging.in" 23 **0/23189**
114.119.142.232 - - [15/Sep/2025:23:58:14 -0700] "GET /product-category/mono-cartons/perfume-boxes/?shop_view=list HTTP/1.1" 200 24219 "https://www.sapphirepackaging.in/product-category/mono-cartons/perfume-boxes/?shop_view=list" "Mozilla/5.0 (Linux; Android 7.0;) AppleWebKit/537.36 (KHTML, like Gecko) Mobile Safari/537.36 (compatible; PetalBot;+https://webmaster.petalsearch.com/site/petalbot)" 776 **0/776041**
68.178.198.34 - - [15/Sep/2025:23:59:10 -0700] "POST /wp-cron.php?doing_wp_cron=1758005950.2254080772399902343750 HTTP/1.1" 200 - "-" "WordPress/6.8.2; https://sapphirepackaging.in" 21 **0/21828**
52.187.246.128 - - [15/Sep/2025:23:59:09 -0700] "GET / HTTP/2.0" 200 31921 "-" "Mozilla/5.0 AppleWebKit/537.36 (KHTML, like Gecko); compatible; ChatGPT-User/1.0; +https://openai.com/bot" 1190 **1/1190868**
68.178.198.34 - - [15/Sep/2025:23:59:37 -0700] "POST /wp-cron.php?doing_wp_cron=1758005977.9886779785156250000000 HTTP/1.1" 200 - "-" "WordPress/6.8.2; https://sapphirepackaging.in" 22 **0/22116**
114.119.157.206 - - [15/Sep/2025:23:59:37 -0700] "GET /product-category/corrugated-box/top-bottom-boxes/?per_page=24&shop_view=list HTTP/1.1" 200 23573 "https://sapphirepackaging.in/product-category/corrugated-box/top-bottom-boxes/?shop_view=list&per_page=9" "Mozilla/5.0 (Linux; Android 7.0;) AppleWebKit/537.36 (KHTML, like Gecko) Mobile Safari/537.36 (compatible; PetalBot;+https://webmaster.petalsearch.com/site/petalbot)" 971 **0/971169**
68.178.198.34 - - [16/Sep/2025:00:01:10 -0700] "POST /wp-cron.php?doing_wp_cron=1758006070.3346500396728515625000 HTTP/1.1" 200 - "-" "WordPress/6.8.2; https://sapphirepackaging.in" 16 **0/16568**
114.119.152.164 - - [16/Sep/2025:00:01:09 -0700] "GET /product-category/corrugated-box/partition-boxes/?per_page=12&shop_view=list HTTP/1.1" 200 23771 "https://sapphirepackaging.in/product-category/corrugated-box/partition-boxes/?shop_view=list&per_page=24" "Mozilla/5.0 (Linux; Android 7.0;) AppleWebKit/537.36 (KHTML, like Gecko) Mobile Safari/537.36 (compatible; PetalBot;+https://webmaster.petalsearch.com/site/petalbot)" 808 **0/808624**
68.178.198.34 - - [16/Sep/2025:00:02:24 -0700] "POST /wp-cron.php?doing_wp_cron=1758006144.7761080265045166015625 HTTP/1.1" 200 - "-" "WordPress/6.8.2; https://www.sapphirepackaging.in" 23 **0/23431**
114.119.157.206 - - [16/Sep/2025:00:02:24 -0700] "GET /product-category/perfume-liner-inserts/?per_page=24 HTTP/1.1" 200 24259 "https://www.sapphirepackaging.in/product-category/perfume-liner-inserts/" "Mozilla/5.0 (Linux; Android 7.0;) AppleWebKit/537.36 (KHTML, like Gecko) Mobile Safari/537.36 (compatible; PetalBot;+https://webmaster.petalsearch.com/site/petalbot)" 1054 **1/1054066**
68.178.198.34 - - [16/Sep/2025:00:04:10 -0700] "POST /wp-cron.php?doing_wp_cron=1758006250.8029179573059082031250 HTTP/1.1" 200 - "-" "WordPress/6.8.2; https://sapphirepackaging.in" 21 **0/21395**
114.119.134.208 - - [16/Sep/2025:00:04:10 -0700] "GET /product-category/corrugated-box/page/1/?shop_view=list&per_page=9 HTTP/1.1" 301 - "https://sapphirepackaging.in/product-category/corrugated-box/page/2/?shop_view=list&per_page=9" "Mozilla/5.0 (Linux; Android 7.0;) AppleWebKit/537.36 (KHTML, like Gecko) Mobile Safari/537.36 (compatible; PetalBot;+https://webmaster.petalsearch.com/site/petalbot)" 600 **0/600362**
114.119.134.208 - - [16/Sep/2025:00:04:12 -0700] "GET /product-category/corrugated-box/?shop_view=list&per_page=9 HTTP/1.1" 200 29133 "https://sapphirepackaging.in/product-category/corrugated-box/page/2/?shop_view=list&per_page=9" "Mozilla/5.0 (Linux; Android 7.0;) AppleWebKit/537.36 (KHTML, like Gecko) Mobile Safari/537.36 (compatible; PetalBot;+https://webmaster.petalsearch.com/site/petalbot)" 976 **0/976394**
170.106.197.109 - - [16/Sep/2025:00:04:47 -0700] "GET /brand/flos/ HTTP/1.1" 404 100635 "-" "Mozilla/5.0 (iPhone; CPU iPhone OS 13_2_3 like Mac OS X) AppleWebKit/605.1.15 (KHTML, like Gecko) Version/13.0.3 Mobile/15E148 Safari/604.1" 892 **0/892511**
68.178.198.34 - - [16/Sep/2025:00:05:36 -0700] "POST /wp-cron.php?doing_wp_cron=1758006336.0494439601898193359375 HTTP/1.1" 200 - "-" "WordPress/6.8.2; https://www.sapphirepackaging.in" 22 **0/22583**
114.119.157.234 - - [16/Sep/2025:00:05:35 -0700] "GET /product-category/perfume-liner-inserts/colored-liners/?per_row=3&per_page=18&shop_view=list HTTP/1.1" 200 24010 "https://www.sapphirepackaging.in/product-category/perfume-liner-inserts/colored-liners/?per_row=3&per_page=18&shop_view=grid" "Mozilla/5.0 (Linux; Android 7.0;) AppleWebKit/537.36 (KHTML, like Gecko) Mobile Safari/537.36 (compatible; PetalBot;+https://webmaster.petalsearch.com/site/petalbot)" 922 **0/922017**
68.178.198.34 - - [16/Sep/2025:00:06:43 -0700] "POST /wp-cron.php?doing_wp_cron=1758006403.4475100040435791015625 HTTP/1.1" 200 - "-" "WordPress/6.8.2; https://sapphirepackaging.in" 17 **0/17364**
156.59.198.136 - - [16/Sep/2025:00:06:42 -0700] "GET /wp-content/uploads/2025/04/2-5-263x300.png263w,https://sapphirepackaging.in/wp-content/uploads/2025/04/2-5-896x1024.png896w,https://sapphirepackaging.in/wp-content/uploads/2025/04/2-5-768x878.png768w,https://sapphirepackaging.in/wp-content/uploads/2025/04/2-5-1344x1536.png1344w,https://sapphirepackaging.in/wp-content/uploads/2025/04/2-5-1792x2048.png1792w,https://sapphirepackaging.in/wp-content/uploads/2025/04/2-5-1200x1371.png1200w,https://sapphirepackaging.in/wp-content/uploads/2025/04/2-5-150x171.png150w,https://sapphirepackaging.in/wp-content/uploads/2025/04/2-5-400x457.png400w,https://sapphirepackaging.in/wp-content/uploads/2025/04/2-5-350x400.png350w HTTP/2.0" 301 - "-" "Mozilla/5.0 (Linux; Android 5.0) AppleWebKit/537.36 (KHTML, like Gecko) Mobile Safari/537.36 (compatible; Bytespider; spider-feedback@bytedance.com)" 640 **0/640340**
156.59.198.136 - - [16/Sep/2025:00:06:44 -0700] "GET /wp-content/uploads/2025/04/2-5-263x300.png263w,https:/sapphirepackaging.in/wp-content/uploads/2025/04/2-5-896x1024.png896w,https:/sapphirepackaging.in/wp-content/uploads/2025/04/2-5-768x878.png768w,https:/sapphirepackaging.in/wp-content/uploads/2025/04/2-5-1344x1536.png1344w,https:/sapphirepackaging.in/wp-content/uploads/2025/04/2-5-1792x2048.png1792w,https:/sapphirepackaging.in/wp-content/uploads/2025/04/2-5-1200x1371.png1200w,https:/sapphirepackaging.in/wp-content/uploads/2025/04/2-5-150x171.png150w,https:/sapphirepackaging.in/wp-content/uploads/2025/04/2-5-400x457.png400w,https:/sapphirepackaging.in/wp-content/uploads/2025/04/2-5-350x400.png350w HTTP/2.0" 404 100093 "https://sapphirepackaging.in/wp-content/uploads/2025/04/2-5-263x300.png263w,https://sapphirepackaging.in/wp-content/uploads/2025/04/2-5-896x1024.png896w,https://sapphirepackaging.in/wp-content/uploads/2025/04/2-5-768x878.png768w,https://sapphirepackaging.in/wp-content/uploads/2025/04/2-5-1344x1536.png1344w,https://sapphirepackaging.in/wp-content/uploads/2025/04/2-5-1792x2048.png1792w,https://sapphirepackaging.in/wp-content/uploads/2025/04/2-5-1200x1371.png1200w,https://sapphirepackaging.in/wp-content/uploads/2025/04/2-5-150x171.png150w,https://sapphirepackaging.in/wp-content/uploads/2025/04/2-5-400x457.png400w,https://sapphirepackaging.in/wp-content/uploads/2025/04/2-5-350x400.png350w" "Mozilla/5.0 (Linux; Android 5.0) AppleWebKit/537.36 (KHTML, like Gecko) Mobile Safari/537.36 (compatible; Bytespider; spider-feedback@bytedance.com)" 770 **0/770660**
114.119.143.187 - - [16/Sep/2025:00:06:49 -0700] "GET /product-category/perfume-liner-inserts/black-shade-liners/?per_row=3&shop_view=list&per_page=18 HTTP/1.1" 200 24120 "https://www.sapphirepackaging.in/product-category/perfume-liner-inserts/black-shade-liners/?per_row=3&shop_view=list&per_page=18" "Mozilla/5.0 (Linux; Android 7.0;) AppleWebKit/537.36 (KHTML, like Gecko) Mobile Safari/537.36 (compatible; PetalBot;+https://webmaster.petalsearch.com/site/petalbot)" 829 **0/829801**
68.178.198.34 - - [16/Sep/2025:00:08:11 -0700] "POST /wp-cron.php?doing_wp_cron=1758006491.0664069652557373046875 HTTP/1.1" 200 - "-" "WordPress/6.8.2; https://www.sapphirepackaging.in" 22 **0/22530**
114.119.134.208 - - [16/Sep/2025:00:08:10 -0700] "GET /product-category/corrugated-box/small-planter-boxes/?per_row=4&shop_view=grid HTTP/1.1" 200 23805 "https://www.sapphirepackaging.in/product-category/corrugated-box/small-planter-boxes/?per_row=4&shop_view=list" "Mozilla/5.0 (Linux; Android 7.0;) AppleWebKit/537.36 (KHTML, like Gecko) Mobile Safari/537.36 (compatible; PetalBot;+https://webmaster.petalsearch.com/site/petalbot)" 887 **0/887902**
68.178.198.34 - - [16/Sep/2025:00:09:37 -0700] "POST /wp-cron.php?doing_wp_cron=1758006577.4155960083007812500000 HTTP/1.1" 200 - "-" "WordPress/6.8.2; https://www.sapphirepackaging.in" 25 **0/25041**
114.119.142.232 - - [16/Sep/2025:00:09:36 -0700] "GET /product-category/corrugated-box/partition-boxes/?per_row=4&shop_view=grid&per_page=12 HTTP/1.1" 200 23843 "https://www.sapphirepackaging.in/product-category/corrugated-box/partition-boxes/?per_row=4&shop_view=grid" "Mozilla/5.0 (Linux; Android 7.0;) AppleWebKit/537.36 (KHTML, like Gecko) Mobile Safari/537.36 (compatible; PetalBot;+https://webmaster.petalsearch.com/site/petalbot)" 815 **0/815350**
68.178.198.34 - - [16/Sep/2025:00:10:55 -0700] "POST /wp-cron.php?doing_wp_cron=1758006655.1675748825073242187500 HTTP/1.1" 200 - "-" "WordPress/6.8.2; https://sapphirepackaging.in" 23 **0/23061**
114.119.135.163 - - [16/Sep/2025:00:10:54 -0700] "GET /product-category/corrugated-box/pizza-box/?shop_view=grid&per_row=3 HTTP/1.1" 200 23461 "https://sapphirepackaging.in/product-category/corrugated-box/pizza-box/?shop_view=list" "Mozilla/5.0 (Linux; Android 7.0;) AppleWebKit/537.36 (KHTML, like Gecko) Mobile Safari/537.36 (compatible; PetalBot;+https://webmaster.petalsearch.com/site/petalbot)" 1086 **1/1086359**
66.249.74.9 - - [16/Sep/2025:00:10:55 -0700] "GET /shopdetail/6731458 HTTP/1.1" 404 18101 "-" "Mozilla/5.0 (Linux; Android 6.0.1; Nexus 5X Build/MMB29P) AppleWebKit/537.36 (KHTML, like Gecko) Chrome/140.0.7339.127 Mobile Safari/537.36 (compatible; Googlebot/2.1; +http://www.google.com/bot.html)" 738 **0/738927**
68.178.198.34 - - [16/Sep/2025:00:12:10 -0700] "POST /wp-cron.php?doing_wp_cron=1758006730.4198179244995117187500 HTTP/1.1" 200 - "-" "WordPress/6.8.2; https://sapphirepackaging.in" 20 **0/20643**
114.119.142.232 - - [16/Sep/2025:00:12:09 -0700] "GET /product-category/corrugated-box/footwear-inner-boxes/?per_row=4&shop_view=grid&per_page=9 HTTP/1.1" 200 23429 "https://sapphirepackaging.in/product-category/corrugated-box/footwear-inner-boxes/?shop_view=grid&per_row=4" "Mozilla/5.0 (Linux; Android 7.0;) AppleWebKit/537.36 (KHTML, like Gecko) Mobile Safari/537.36 (compatible; PetalBot;+https://webmaster.petalsearch.com/site/petalbot)" 961 **0/961719**
68.178.198.34 - - [16/Sep/2025:00:13:38 -0700] "POST /wp-cron.php?doing_wp_cron=1758006818.3591599464416503906250 HTTP/1.1" 200 - "-" "WordPress/6.8.2; https://sapphirepackaging.in" 26 **0/26842**
114.119.135.163 - - [16/Sep/2025:00:13:37 -0700] "GET /product-category/corrugated-box/footwear-inner-boxes/?per_page=24 HTTP/1.1" 200 23389 "https://sapphirepackaging.in/product-category/corrugated-box/footwear-inner-boxes/?per_page=12" "Mozilla/5.0 (Linux; Android 7.0;) AppleWebKit/537.36 (KHTML, like Gecko) Mobile Safari/537.36 (compatible; PetalBot;+https://webmaster.petalsearch.com/site/petalbot)" 1018 **1/1018700**
68.178.198.34 - - [16/Sep/2025:00:15:06 -0700] "POST /wp-cron.php?doing_wp_cron=1758006906.6550800800323486328125 HTTP/1.1" 200 - "-" "WordPress/6.8.2; https://www.sapphirepackaging.in" 31 **0/31503**
114.119.157.206 - - [16/Sep/2025:00:15:05 -0700] "GET /product-category/corrugated-box/?per_page=18&shop_view=list HTTP/1.1" 200 30127 "https://www.sapphirepackaging.in/product-category/corrugated-box/page/1/?per_page=9&shop_view=list" "Mozilla/5.0 (Linux; Android 7.0;) AppleWebKit/537.36 (KHTML, like Gecko) Mobile Safari/537.36 (compatible; PetalBot;+https://webmaster.petalsearch.com/site/petalbot)" 1695 **1/1695972**
43.135.145.73 - - [16/Sep/2025:00:15:25 -0700] "GET /wp-content/uploads/2025/04/reel_2.mp4 HTTP/1.1" 200 10214436 "-" "Mozilla/5.0 (iPhone; CPU iPhone OS 13_2_3 like Mac OS X) AppleWebKit/605.1.15 (KHTML, like Gecko) Version/13.0.3 Mobile/15E148 Safari/604.1" 979 **0/979704**
68.178.198.34 - - [16/Sep/2025:00:16:34 -0700] "POST /wp-cron.php?doing_wp_cron=1758006994.4001469612121582031250 HTTP/1.1" 200 - "-" "WordPress/6.8.2; https://sapphirepackaging.in" 19 **0/19353**
114.119.152.164 - - [16/Sep/2025:00:16:33 -0700] "GET /product-category/perfume-liner-inserts/black-shade-liners/?per_row=4&shop_view=list&per_page=12 HTTP/1.1" 200 23676 "https://sapphirepackaging.in/product-category/perfume-liner-inserts/black-shade-liners/?per_row=4&shop_view=list&per_page=12" "Mozilla/5.0 (Linux; Android 7.0;) AppleWebKit/537.36 (KHTML, like Gecko) Mobile Safari/537.36 (compatible; PetalBot;+https://webmaster.petalsearch.com/site/petalbot)" 942 **0/942374**
68.178.198.34 - - [16/Sep/2025:00:17:54 -0700] "POST /wp-cron.php?doing_wp_cron=1758007074.9308741092681884765625 HTTP/1.1" 200 - "-" "WordPress/6.8.2; https://sapphirepackaging.in" 19 **0/19437**
114.119.139.26 - - [16/Sep/2025:00:17:54 -0700] "GET /product-category/corrugated-box/window-boxes/?per_row=4&shop_view=list&per_page=18 HTTP/1.1" 200 23953 "https://sapphirepackaging.in/product-category/corrugated-box/window-boxes/?per_row=4&shop_view=list" "Mozilla/5.0 (Linux; Android 7.0;) AppleWebKit/537.36 (KHTML, like Gecko) Mobile Safari/537.36 (compatible; PetalBot;+https://webmaster.petalsearch.com/site/petalbot)" 864 **0/864220**
68.178.198.34 - - [16/Sep/2025:00:19:13 -0700] "POST /wp-cron.php?doing_wp_cron=1758007153.1520040035247802734375 HTTP/1.1" 200 - "-" "WordPress/6.8.2; https://sapphirepackaging.in" 20 **0/20326**
114.119.139.26 - - [16/Sep/2025:00:19:12 -0700] "GET /all-products/?shop_view=grid&per_row=3 HTTP/1.1" 200 26944 "https://sapphirepackaging.in/all-products/page/1/" "Mozilla/5.0 (Linux; Android 7.0;) AppleWebKit/537.36 (KHTML, like Gecko) Mobile Safari/537.36 (compatible; PetalBot;+https://webmaster.petalsearch.com/site/petalbot)" 1061 **1/1061202**
68.178.198.34 - - [16/Sep/2025:00:20:35 -0700] "POST /wp-cron.php?doing_wp_cron=1758007235.7962191104888916015625 HTTP/1.1" 200 - "-" "WordPress/6.8.2; https://www.sapphirepackaging.in" 21 **0/21313**
114.119.135.163 - - [16/Sep/2025:00:20:35 -0700] "GET /product-category/corrugated-box/universal-style-4-flaps/?per_row=3&shop_view=grid&per_page=18 HTTP/1.1" 200 23939 "https://www.sapphirepackaging.in/product-category/corrugated-box/universal-style-4-flaps/?per_row=3&shop_view=grid" "Mozilla/5.0 (Linux; Android 7.0;) AppleWebKit/537.36 (KHTML, like Gecko) Mobile Safari/537.36 (compatible; PetalBot;+https://webmaster.petalsearch.com/site/petalbot)" 1011 **1/1011705**
68.178.198.34 - - [16/Sep/2025:00:21:56 -0700] "POST /wp-cron.php?doing_wp_cron=1758007316.8501360416412353515625 HTTP/1.1" 200 - "-" "WordPress/6.8.2; https://www.sapphirepackaging.in" 18 **0/18419**
114.119.142.232 - - [16/Sep/2025:00:21:56 -0700] "GET /product-category/mono-cartons/?per_row=4&shop_view=grid&per_page=18 HTTP/1.1" 200 24456 "https://www.sapphirepackaging.in/product-category/mono-cartons/?per_row=4&shop_view=grid" "Mozilla/5.0 (Linux; Android 7.0;) AppleWebKit/537.36 (KHTML, like Gecko) Mobile Safari/537.36 (compatible; PetalBot;+https://webmaster.petalsearch.com/site/petalbot)" 933 **0/933868**
68.178.198.34 - - [16/Sep/2025:00:23:21 -0700] "POST /wp-cron.php?doing_wp_cron=1758007401.9642899036407470703125 HTTP/1.1" 200 - "-" "WordPress/6.8.2; https://www.sapphirepackaging.in" 25 **0/25793**
114.119.134.208 - - [16/Sep/2025:00:23:21 -0700] "GET /product-category/mono-cartons/cosmetics-boxes/?per_page=9 HTTP/1.1" 200 23855 "https://www.sapphirepackaging.in/product-category/mono-cartons/cosmetics-boxes/?per_page=18" "Mozilla/5.0 (Linux; Android 7.0;) AppleWebKit/537.36 (KHTML, like Gecko) Mobile Safari/537.36 (compatible; PetalBot;+https://webmaster.petalsearch.com/site/petalbot)" 907 **0/907053**
43.157.179.227 - - [16/Sep/2025:00:24:24 -0700] "GET /wp-content/uploads/2025/06/Sapphire-video-4.mp4 HTTP/1.1" 200 8371848 "-" "Mozilla/5.0 (iPhone; CPU iPhone OS 13_2_3 like Mac OS X) AppleWebKit/605.1.15 (KHTML, like Gecko) Version/13.0.3 Mobile/15E148 Safari/604.1" 1473 **1/1473490**
68.178.198.34 - - [16/Sep/2025:00:24:42 -0700] "POST /wp-cron.php?doing_wp_cron=1758007482.0120329856872558593750 HTTP/1.1" 200 - "-" "WordPress/6.8.2; https://www.sapphirepackaging.in" 19 **0/19228**
115.245.198.194 - - [16/Sep/2025:00:24:41 -0700] "GET / HTTP/2.0" 200 32365 "https://www.google.com/" "Mozilla/5.0 (X11; Linux x86_64) AppleWebKit/537.36 (KHTML, like Gecko) Chrome/140.0.0.0 Safari/537.36" 1284 **1/1284966**
115.245.198.194 - - [16/Sep/2025:00:24:43 -0700] "GET /wp-content/uploads/elementor/css/custom-frontend.min.css?ver=1757948293 HTTP/2.0" 200 6509 "https://www.sapphirepackaging.in/" "Mozilla/5.0 (X11; Linux x86_64) AppleWebKit/537.36 (KHTML, like Gecko) Chrome/140.0.0.0 Safari/537.36" 20 **0/20534**
115.245.198.194 - - [16/Sep/2025:00:24:43 -0700] "GET /wp-content/uploads/elementor/css/post-8.css?ver=1757948293 HTTP/2.0" 200 320 "https://www.sapphirepackaging.in/" "Mozilla/5.0 (X11; Linux x86_64) AppleWebKit/537.36 (KHTML, like Gecko) Chrome/140.0.0.0 Safari/537.36" 14 **0/14764**
115.245.198.194 - - [16/Sep/2025:00:24:43 -0700] "GET /wp-content/plugins/elementor/assets/css/widget-heading.min.css?ver=3.32.0 HTTP/2.0" 200 155 "https://www.sapphirepackaging.in/" "Mozilla/5.0 (X11; Linux x86_64) AppleWebKit/537.36 (KHTML, like Gecko) Chrome/140.0.0.0 Safari/537.36" 14 **0/14868**
115.245.198.194 - - [16/Sep/2025:00:24:43 -0700] "GET /wp-content/plugins/elementor/assets/css/widget-divider.min.css?ver=3.32.0 HTTP/2.0" 200 705 "https://www.sapphirepackaging.in/" "Mozilla/5.0 (X11; Linux x86_64) AppleWebKit/537.36 (KHTML, like Gecko) Chrome/140.0.0.0 Safari/537.36" 14 **0/14992**
115.245.198.194 - - [16/Sep/2025:00:24:43 -0700] "GET /wp-content/uploads/elementor/css/post-15.css?ver=1757950664 HTTP/2.0" 200 1925 "https://www.sapphirepackaging.in/" "Mozilla/5.0 (X11; Linux x86_64) AppleWebKit/537.36 (KHTML, like Gecko) Chrome/140.0.0.0 Safari/537.36" 15 **0/15137**
115.245.198.194 - - [16/Sep/2025:00:24:43 -0700] "GET /wp-content/themes/woodmart-1/css/parts/base.min.css?ver=8.1.2 HTTP/2.0" 200 9280 "https://www.sapphirepackaging.in/" "Mozilla/5.0 (X11; Linux x86_64) AppleWebKit/537.36 (KHTML, like Gecko) Chrome/140.0.0.0 Safari/537.36" 16 **0/16811**
115.245.198.194 - - [16/Sep/2025:00:24:43 -0700] "GET /wp-content/themes/woodmart-1/css/parts/helpers-wpb-elem.min.css?ver=8.1.2 HTTP/2.0" 200 293 "https://www.sapphirepackaging.in/" "Mozilla/5.0 (X11; Linux x86_64) AppleWebKit/537.36 (KHTML, like Gecko) Chrome/140.0.0.0 Safari/537.36" 17 **0/17069**
115.245.198.194 - - [16/Sep/2025:00:24:43 -0700] "GET /wp-content/themes/woodmart-1/css/parts/int-elem-base.min.css?ver=8.1.2 HTTP/2.0" 200 1309 "https://www.sapphirepackaging.in/" "Mozilla/5.0 (X11; Linux x86_64) AppleWebKit/537.36 (KHTML, like Gecko) Chrome/140.0.0.0 Safari/537.36" 17 **0/17546**
115.245.198.194 - - [16/Sep/2025:00:24:43 -0700] "GET /wp-content/themes/woodmart-1/css/parts/woo-mod-block-notices.min.css?ver=8.1.2 HTTP/2.0" 200 634 "https://www.sapphirepackaging.in/" "Mozilla/5.0 (X11; Linux x86_64) AppleWebKit/537.36 (KHTML, like Gecko) Chrome/140.0.0.0 Safari/537.36" 17 **0/17707**
115.245.198.194 - - [16/Sep/2025:00:24:43 -0700] "GET /wp-content/themes/woodmart-1/css/parts/mod-star-rating.min.css?ver=8.1.2 HTTP/2.0" 200 220 "https://www.sapphirepackaging.in/" "Mozilla/5.0 (X11; Linux x86_64) AppleWebKit/537.36 (KHTML, like Gecko) Chrome/140.0.0.0 Safari/537.36" 18 **0/18103**
115.245.198.194 - - [16/Sep/2025:00:24:43 -0700] "GET /wp-content/themes/woodmart-1/css/parts/woocommerce-base.min.css?ver=8.1.2 HTTP/2.0" 200 1562 "https://www.sapphirepackaging.in/" "Mozilla/5.0 (X11; Linux x86_64) AppleWebKit/537.36 (KHTML, like Gecko) Chrome/140.0.0.0 Safari/537.36" 19 **0/19070**
115.245.198.194 - - [16/Sep/2025:00:24:43 -0700] "GET /wp-content/themes/woodmart-1/css/parts/woo-mod-progress-bar.min.css?ver=8.1.2 HTTP/2.0" 200 304 "https://www.sapphirepackaging.in/" "Mozilla/5.0 (X11; Linux x86_64) AppleWebKit/537.36 (KHTML, like Gecko) Chrome/140.0.0.0 Safari/537.36" 8 **0/8871**
115.245.198.194 - - [16/Sep/2025:00:24:43 -0700] "GET /wp-content/themes/woodmart-1/css/parts/header-base.min.css?ver=8.1.2 HTTP/2.0" 200 2817 "https://www.sapphirepackaging.in/" "Mozilla/5.0 (X11; Linux x86_64) AppleWebKit/537.36 (KHTML, like Gecko) Chrome/140.0.0.0 Safari/537.36" 28 **0/28720**
115.245.198.194 - - [16/Sep/2025:00:24:43 -0700] "GET /wp-content/themes/woodmart-1/css/parts/mod-tools.min.css?ver=8.1.2 HTTP/2.0" 200 890 "https://www.sapphirepackaging.in/" "Mozilla/5.0 (X11; Linux x86_64) AppleWebKit/537.36 (KHTML, like Gecko) Chrome/140.0.0.0 Safari/537.36" 29 **0/29027**
115.245.198.194 - - [16/Sep/2025:00:24:43 -0700] "GET /wp-content/themes/woodmart-1/css/parts/el-info-box.min.css?ver=8.1.2 HTTP/2.0" 200 987 "https://www.sapphirepackaging.in/" "Mozilla/5.0 (X11; Linux x86_64) AppleWebKit/537.36 (KHTML, like Gecko) Chrome/140.0.0.0 Safari/537.36" 29 **0/29204**
115.245.198.194 - - [16/Sep/2025:00:24:43 -0700] "GET /wp-content/themes/woodmart-1/css/parts/header-el-mobile-nav-dropdown.min.css?ver=8.1.2 HTTP/2.0" 200 68 "https://www.sapphirepackaging.in/" "Mozilla/5.0 (X11; Linux x86_64) AppleWebKit/537.36 (KHTML, like Gecko) Chrome/140.0.0.0 Safari/537.36" 29 **0/29381**
115.245.198.194 - - [16/Sep/2025:00:24:43 -0700] "GET /wp-content/themes/woodmart-1/css/parts/el-video.min.css?ver=8.1.2 HTTP/2.0" 200 646 "https://www.sapphirepackaging.in/" "Mozilla/5.0 (X11; Linux x86_64) AppleWebKit/537.36 (KHTML, like Gecko) Chrome/140.0.0.0 Safari/537.36" 29 **0/29574**
115.245.198.194 - - [16/Sep/2025:00:24:43 -0700] "GET /wp-content/themes/woodmart-1/css/parts/woo-categories-loop.min.css?ver=8.1.2 HTTP/2.0" 200 248 "https://www.sapphirepackaging.in/" "Mozilla/5.0 (X11; Linux x86_64) AppleWebKit/537.36 (KHTML, like Gecko) Chrome/140.0.0.0 Safari/537.36" 29 **0/29777**
