114.119.142.232 - - [15/Sep/2025:14:42:09 -0700] "GET /product-category/mono-cartons/perfume-boxes/?per_row=3&per_page=18&shop_view=list HTTP/1.1" 200 24245 "https://www.sapphirepackaging.in/product-category/mono-cartons/perfume-boxes/?per_row=3&shop_view=list&per_page=12" "Mozilla/5.0 (Linux; Android 7.0;) AppleWebKit/537.36 (KHTML, like Gecko) Mobile Safari/537.36 (compatible; PetalBot;+https://webmaster.petalsearch.com/site/petalbot)" 1156 **1/1156232**
68.178.198.34 - - [15/Sep/2025:14:43:28 -0700] "POST /wp-cron.php?doing_wp_cron=1757972608.2975170612335205078125 HTTP/1.1" 200 - "-" "WordPress/6.8.2; https://sapphirepackaging.in" 27 **0/27764**
114.119.135.163 - - [15/Sep/2025:14:43:27 -0700] "GET /product-category/corrugated-box/flat-mailer-style/?per_row=3&shop_view=grid HTTP/1.1" 200 23477 "https://sapphirepackaging.in/product-category/corrugated-box/flat-mailer-style/?per_row=4&shop_view=list" "Mozilla/5.0 (Linux; Android 7.0;) AppleWebKit/537.36 (KHTML, like Gecko) Mobile Safari/537.36 (compatible; PetalBot;+https://webmaster.petalsearch.com/site/petalbot)" 1178 **1/1178530**
68.178.198.34 - - [15/Sep/2025:14:45:00 -0700] "POST /wp-cron.php?doing_wp_cron=1757972700.2413599491119384765625 HTTP/1.1" 200 - "-" "WordPress/6.8.2; https://sapphirepackaging.in" 31 **0/31575**
114.119.134.208 - - [15/Sep/2025:14:44:58 -0700] "GET /product-category/perfume-liner-inserts/colored-liners/?shop_view=list&per_page=18 HTTP/1.1" 200 23551 "https://sapphirepackaging.in/product-category/perfume-liner-inserts/colored-liners/?shop_view=list" "Mozilla/5.0 (Linux; Android 7.0;) AppleWebKit/537.36 (KHTML, like Gecko) Mobile Safari/537.36 (compatible; PetalBot;+https://webmaster.petalsearch.com/site/petalbot)" 2844 **2/2844039**
68.178.198.34 - - [15/Sep/2025:14:46:17 -0700] "POST /wp-cron.php?doing_wp_cron=1757972777.6973960399627685546875 HTTP/1.1" 200 - "-" "WordPress/6.8.2; https://sapphirepackaging.in" 22 **0/22749**
114.119.135.163 - - [15/Sep/2025:14:46:17 -0700] "GET /product-category/corrugated-box/top-bottom-boxes/?per_page=24&shop_view=list HTTP/1.1" 200 23576 "https://sapphirepackaging.in/product-category/corrugated-box/top-bottom-boxes/?shop_view=list&per_page=9" "Mozilla/5.0 (Linux; Android 7.0;) AppleWebKit/537.36 (KHTML, like Gecko) Mobile Safari/537.36 (compatible; PetalBot;+https://webmaster.petalsearch.com/site/petalbot)" 981 **0/981881**
68.178.198.34 - - [15/Sep/2025:14:47:41 -0700] "POST /wp-cron.php?doing_wp_cron=1757972861.0076169967651367187500 HTTP/1.1" 200 - "-" "WordPress/6.8.2; https://sapphirepackaging.in" 22 **0/22547**
114.119.135.163 - - [15/Sep/2025:14:47:40 -0700] "GET /product-category/corrugated-box/pizza-box/?shop_view=grid&per_row=3 HTTP/1.1" 200 23460 "https://sapphirepackaging.in/product-category/corrugated-box/pizza-box/?shop_view=list" "Mozilla/5.0 (Linux; Android 7.0;) AppleWebKit/537.36 (KHTML, like Gecko) Mobile Safari/537.36 (compatible; PetalBot;+https://webmaster.petalsearch.com/site/petalbot)" 965 **0/965941**
68.178.198.34 - - [15/Sep/2025:14:49:04 -0700] "POST /wp-cron.php?doing_wp_cron=1757972944.0189099311828613281250 HTTP/1.1" 200 - "-" "WordPress/6.8.2; https://www.sapphirepackaging.in" 23 **0/23367**
114.119.134.208 - - [15/Sep/2025:14:49:03 -0700] "GET /all-products/?per_page=18&shop_view=grid&per_row=4 HTTP/1.1" 200 28240 "https://www.sapphirepackaging.in/all-products/?shop_view=list&per_page=18" "Mozilla/5.0 (Linux; Android 7.0;) AppleWebKit/537.36 (KHTML, like Gecko) Mobile Safari/537.36 (compatible; PetalBot;+https://webmaster.petalsearch.com/site/petalbot)" 1415 **1/1415381**
68.178.198.34 - - [15/Sep/2025:14:50:31 -0700] "POST /wp-cron.php?doing_wp_cron=1757973031.5758209228515625000000 HTTP/1.1" 200 - "-" "WordPress/6.8.2; https://sapphirepackaging.in" 24 **0/24117**
114.119.152.164 - - [15/Sep/2025:14:50:30 -0700] "GET /product-category/corrugated-box/?per_row=3&per_page=12&shop_view=list HTTP/1.1" 200 29654 "https://sapphirepackaging.in/product-category/corrugated-box/?per_row=3&shop_view=list&per_page=12" "Mozilla/5.0 (Linux; Android 7.0;) AppleWebKit/537.36 (KHTML, like Gecko) Mobile Safari/537.36 (compatible; PetalBot;+https://webmaster.petalsearch.com/site/petalbot)" 1452 **1/1452368**
68.178.198.34 - - [15/Sep/2025:14:51:52 -0700] "POST /wp-cron.php?doing_wp_cron=1757973112.5273330211639404296875 HTTP/1.1" 200 - "-" "WordPress/6.8.2; https://sapphirepackaging.in" 22 **0/22494**
114.119.142.232 - - [15/Sep/2025:14:51:51 -0700] "GET /all-products/page/2/?per_row=3&per_page=12&shop_view=list HTTP/1.1" 200 26407 "https://sapphirepackaging.in/all-products/page/1/?per_row=3&per_page=12&shop_view=list" "Mozilla/5.0 (Linux; Android 7.0;) AppleWebKit/537.36 (KHTML, like Gecko) Mobile Safari/537.36 (compatible; PetalBot;+https://webmaster.petalsearch.com/site/petalbot)" 1101 **1/1101540**
68.178.198.34 - - [15/Sep/2025:14:53:14 -0700] "POST /wp-cron.php?doing_wp_cron=1757973194.3313729763031005859375 HTTP/1.1" 200 - "-" "WordPress/6.8.2; https://sapphirepackaging.in" 29 **0/29589**
114.119.143.187 - - [15/Sep/2025:14:53:13 -0700] "GET /all-products/page/1/?shop_view=grid&per_row=4 HTTP/1.1" 301 - "https://sapphirepackaging.in/all-products/page/2/?shop_view=grid&per_row=4" "Mozilla/5.0 (Linux; Android 7.0;) AppleWebKit/537.36 (KHTML, like Gecko) Mobile Safari/537.36 (compatible; PetalBot;+https://webmaster.petalsearch.com/site/petalbot)" 885 **0/885846**
114.119.143.187 - - [15/Sep/2025:14:53:16 -0700] "GET /all-products/?shop_view=grid&per_row=4 HTTP/1.1" 200 26952 "https://sapphirepackaging.in/all-products/page/2/?shop_view=grid&per_row=4" "Mozilla/5.0 (Linux; Android 7.0;) AppleWebKit/537.36 (KHTML, like Gecko) Mobile Safari/537.36 (compatible; PetalBot;+https://webmaster.petalsearch.com/site/petalbot)" 1334 **1/1334495**
68.178.198.34 - - [15/Sep/2025:14:54:40 -0700] "POST /wp-cron.php?doing_wp_cron=1757973280.3470609188079833984375 HTTP/1.1" 200 - "-" "WordPress/6.8.2; https://sapphirepackaging.in" 26 **0/26122**
114.119.143.187 - - [15/Sep/2025:14:54:39 -0700] "GET /all-products/page/1/?per_page=12 HTTP/1.1" 301 - "https://sapphirepackaging.in/all-products/page/2/?per_page=12" "Mozilla/5.0 (Linux; Android 7.0;) AppleWebKit/537.36 (KHTML, like Gecko) Mobile Safari/537.36 (compatible; PetalBot;+https://webmaster.petalsearch.com/site/petalbot)" 778 **0/778447**
114.119.143.187 - - [15/Sep/2025:14:54:44 -0700] "GET /all-products/?per_page=12 HTTP/1.1" 200 26910 "https://sapphirepackaging.in/all-products/page/2/?per_page=12" "Mozilla/5.0 (Linux; Android 7.0;) AppleWebKit/537.36 (KHTML, like Gecko) Mobile Safari/537.36 (compatible; PetalBot;+https://webmaster.petalsearch.com/site/petalbot)" 1249 **1/1249249**
68.178.198.34 - - [15/Sep/2025:14:56:03 -0700] "POST /wp-cron.php?doing_wp_cron=1757973363.2596559524536132812500 HTTP/1.1" 200 - "-" "WordPress/6.8.2; https://www.sapphirepackaging.in" 33 **0/33473**
114.119.139.26 - - [15/Sep/2025:14:56:02 -0700] "GET /product-category/mono-cartons/tissue-boxes/?shop_view=grid&per_row=4 HTTP/1.1" 200 23895 "https://www.sapphirepackaging.in/product-category/mono-cartons/tissue-boxes/?shop_view=list" "Mozilla/5.0 (Linux; Android 7.0;) AppleWebKit/537.36 (KHTML, like Gecko) Mobile Safari/537.36 (compatible; PetalBot;+https://webmaster.petalsearch.com/site/petalbot)" 1462 **1/1462144**
35.185.105.190 - - [15/Sep/2025:15:10:55 -0700] "HEAD / HTTP/2.0" 200 - "http://sapphirepackaging.in/" "Mozilla/5.0 (Linux; Android 10; Nokia 2720 Flip) AppleWebKit/537.36 (KHTML, like Gecko) Chrome/80.0.3987.99 Mobile Safari/537.36 KAIOS/2.5" 694 **0/694962**
35.185.105.190 - - [15/Sep/2025:15:10:57 -0700] "HEAD / HTTP/2.0" 200 - "http://sapphirepackaging.in/home" "Mozilla/5.0 (iPad; CPU OS 16_6 like Mac OS X) AppleWebKit/605.1.15 (KHTML, like Gecko) Version/16.6 Mobile/15E148 Safari/604.1" 614 **0/614541**
68.178.198.34 - - [15/Sep/2025:15:15:38 -0700] "POST /wp-cron.php?doing_wp_cron=1757974538.3305499553680419921875 HTTP/1.1" 200 - "-" "WordPress/6.8.2; https://www.sapphirepackaging.in" 22 **0/22939**
114.119.135.163 - - [15/Sep/2025:15:15:37 -0700] "GET /product-category/perfume-liner-inserts/colored-liners/?per_page=24 HTTP/1.1" 200 23774 "https://www.sapphirepackaging.in/product-category/perfume-liner-inserts/colored-liners/?per_page=18" "Mozilla/5.0 (Linux; Android 7.0;) AppleWebKit/537.36 (KHTML, like Gecko) Mobile Safari/537.36 (compatible; PetalBot;+https://webmaster.petalsearch.com/site/petalbot)" 1071 **1/1071286**
66.249.74.11 - - [15/Sep/2025:15:15:46 -0700] "GET /product/perfume-boxes/ HTTP/1.1" 200 24507 "-" "Mozilla/5.0 (Linux; Android 6.0.1; Nexus 5X Build/MMB29P) AppleWebKit/537.36 (KHTML, like Gecko) Chrome/140.0.7339.127 Mobile Safari/537.36 (compatible; Googlebot/2.1; +http://www.google.com/bot.html)" 1236 **1/1236052**
66.249.74.10 - - [15/Sep/2025:15:16:00 -0700] "GET /wp-content/plugins/elementor/assets/css/widget-heading.min.css?ver=3.32.0 HTTP/1.1" 200 155 "https://sapphirepackaging.in/product/perfume-boxes/" "Mozilla/5.0 (Linux; Android 6.0.1; Nexus 5X Build/MMB29P) AppleWebKit/537.36 (KHTML, like Gecko) Chrome/139.0.7258.127 Mobile Safari/537.36 (compatible; Googlebot/2.1; +http://www.google.com/bot.html)" 9 **0/9020**
68.178.198.34 - - [15/Sep/2025:15:17:03 -0700] "POST /wp-cron.php?doing_wp_cron=1757974622.9803669452667236328125 HTTP/1.1" 200 - "-" "WordPress/6.8.2; https://www.sapphirepackaging.in" 29 **0/29850**
114.119.139.26 - - [15/Sep/2025:15:17:02 -0700] "GET /product-category/perfume-liner-inserts/black-shade-liners/?per_page=9&shop_view=grid&per_row=3 HTTP/1.1" 200 23818 "https://www.sapphirepackaging.in/product-category/perfume-liner-inserts/black-shade-liners/?per_page=9&shop_view=grid&per_row=3" "Mozilla/5.0 (Linux; Android 7.0;) AppleWebKit/537.36 (KHTML, like Gecko) Mobile Safari/537.36 (compatible; PetalBot;+https://webmaster.petalsearch.com/site/petalbot)" 1309 **1/1309077**
68.178.198.34 - - [15/Sep/2025:15:18:24 -0700] "POST /wp-cron.php?doing_wp_cron=1757974704.5342719554901123046875 HTTP/1.1" 200 - "-" "WordPress/6.8.2; https://www.sapphirepackaging.in" 21 **0/21730**
114.119.157.234 - - [15/Sep/2025:15:18:23 -0700] "GET /product-category/corrugated-box/top-bottom-boxes/?per_page=9&shop_view=list HTTP/1.1" 200 24028 "https://www.sapphirepackaging.in/product-category/corrugated-box/top-bottom-boxes/?shop_view=list&per_page=9" "Mozilla/5.0 (Linux; Android 7.0;) AppleWebKit/537.36 (KHTML, like Gecko) Mobile Safari/537.36 (compatible; PetalBot;+https://webmaster.petalsearch.com/site/petalbot)" 1031 **1/1031949**
68.178.198.34 - - [15/Sep/2025:15:19:16 -0700] "POST /wp-cron.php?doing_wp_cron=1757974756.5796051025390625000000 HTTP/1.1" 200 - "-" "WordPress/6.8.2; https://sapphirepackaging.in" 23 **0/23462**
18.142.233.159 - - [15/Sep/2025:15:19:15 -0700] "GET /images/t2.jpg HTTP/1.1" 404 97317 "-" "Mozilla/5.0 (compatible; crawler)" 966 **0/966976**
114.119.157.234 - - [15/Sep/2025:15:19:51 -0700] "GET /product-category/corrugated-box/page/1/?per_row=4&per_page=9&shop_view=grid HTTP/1.1" 301 - "https://www.sapphirepackaging.in/product-category/corrugated-box/page/2/?per_row=4&per_page=9&shop_view=grid" "Mozilla/5.0 (Linux; Android 7.0;) AppleWebKit/537.36 (KHTML, like Gecko) Mobile Safari/537.36 (compatible; PetalBot;+https://webmaster.petalsearch.com/site/petalbot)" 666 **0/666460**
114.119.157.234 - - [15/Sep/2025:15:19:54 -0700] "GET /product-category/corrugated-box/?per_row=4&per_page=9&shop_view=grid HTTP/1.1" 200 26455 "https://www.sapphirepackaging.in/product-category/corrugated-box/page/2/?per_row=4&per_page=9&shop_view=grid" "Mozilla/5.0 (Linux; Android 7.0;) AppleWebKit/537.36 (KHTML, like Gecko) Mobile Safari/537.36 (compatible; PetalBot;+https://webmaster.petalsearch.com/site/petalbot)" 1055 **1/1055537**
68.178.198.34 - - [15/Sep/2025:15:21:02 -0700] "POST /wp-cron.php?doing_wp_cron=1757974862.2442700862884521484375 HTTP/1.1" 200 - "-" "WordPress/6.8.2; https://www.sapphirepackaging.in" 26 **0/26402**
114.119.135.163 - - [15/Sep/2025:15:21:01 -0700] "GET /all-products/page/1/?per_row=3&shop_view=grid&per_page=12 HTTP/1.1" 301 - "https://www.sapphirepackaging.in/all-products/page/2/?per_row=3&shop_view=grid&per_page=12" "Mozilla/5.0 (Linux; Android 7.0;) AppleWebKit/537.36 (KHTML, like Gecko) Mobile Safari/537.36 (compatible; PetalBot;+https://webmaster.petalsearch.com/site/petalbot)" 903 **0/903845**
114.119.135.163 - - [15/Sep/2025:15:21:04 -0700] "GET /all-products/?per_row=3&shop_view=grid&per_page=12 HTTP/1.1" 200 27427 "https://www.sapphirepackaging.in/all-products/page/2/?per_row=3&shop_view=grid&per_page=12" "Mozilla/5.0 (Linux; Android 7.0;) AppleWebKit/537.36 (KHTML, like Gecko) Mobile Safari/537.36 (compatible; PetalBot;+https://webmaster.petalsearch.com/site/petalbot)" 1187 **1/1187215**
68.178.198.34 - - [15/Sep/2025:15:22:08 -0700] "POST /wp-cron.php?doing_wp_cron=1757974928.3653650283813476562500 HTTP/1.1" 200 - "-" "WordPress/6.8.2; https://sapphirepackaging.in" 25 **0/25478**
114.119.134.208 - - [15/Sep/2025:15:22:07 -0700] "GET /product-category/corrugated-box/tuck-in-boxes/?per_row=3&per_page=18&shop_view=list HTTP/1.1" 200 23916 "https://sapphirepackaging.in/product-category/corrugated-box/tuck-in-boxes/?per_row=3&per_page=12&shop_view=list" "Mozilla/5.0 (Linux; Android 7.0;) AppleWebKit/537.36 (KHTML, like Gecko) Mobile Safari/537.36 (compatible; PetalBot;+https://webmaster.petalsearch.com/site/petalbot)" 830 **0/830795**
68.178.198.34 - - [15/Sep/2025:15:23:22 -0700] "POST /wp-cron.php?doing_wp_cron=1757975002.8004000186920166015625 HTTP/1.1" 200 - "-" "WordPress/6.8.2; https://sapphirepackaging.in" 20 **0/20975**
114.119.143.187 - - [15/Sep/2025:15:23:22 -0700] "GET /product-category/corrugated-box/flat-mailer-style/?per_row=4&shop_view=list&per_page=18 HTTP/1.1" 200 23807 "https://sapphirepackaging.in/product-category/corrugated-box/flat-mailer-style/?per_row=4&shop_view=list" "Mozilla/5.0 (Linux; Android 7.0;) AppleWebKit/537.36 (KHTML, like Gecko) Mobile Safari/537.36 (compatible; PetalBot;+https://webmaster.petalsearch.com/site/petalbot)" 791 **0/791972**
68.178.198.34 - - [15/Sep/2025:15:24:39 -0700] "POST /wp-cron.php?doing_wp_cron=1757975079.7104070186614990234375 HTTP/1.1" 200 - "-" "WordPress/6.8.2; https://www.sapphirepackaging.in" 22 **0/22868**
114.119.142.232 - - [15/Sep/2025:15:24:39 -0700] "GET /all-products/page/2/?per_row=3&shop_view=grid&per_page=9 HTTP/1.1" 200 26121 "https://www.sapphirepackaging.in/all-products/page/1/?per_row=3&shop_view=grid&per_page=9" "Mozilla/5.0 (Linux; Android 7.0;) AppleWebKit/537.36 (KHTML, like Gecko) Mobile Safari/537.36 (compatible; PetalBot;+https://webmaster.petalsearch.com/site/petalbot)" 1051 **1/1051800**
68.178.198.34 - - [15/Sep/2025:15:25:58 -0700] "POST /wp-cron.php?doing_wp_cron=1757975158.6432969570159912109375 HTTP/1.1" 200 - "-" "WordPress/6.8.2; https://www.sapphirepackaging.in" 16 **0/16548**
114.119.157.234 - - [15/Sep/2025:15:25:58 -0700] "GET /all-products/page/1/?per_row=3&shop_view=grid&per_page=9 HTTP/1.1" 301 - "https://www.sapphirepackaging.in/all-products/page/2/?per_row=3&shop_view=grid&per_page=9" "Mozilla/5.0 (Linux; Android 7.0;) AppleWebKit/537.36 (KHTML, like Gecko) Mobile Safari/537.36 (compatible; PetalBot;+https://webmaster.petalsearch.com/site/petalbot)" 635 **0/635306**
114.119.157.234 - - [15/Sep/2025:15:25:59 -0700] "GET /all-products/?per_row=3&shop_view=grid&per_page=9 HTTP/1.1" 200 26643 "https://www.sapphirepackaging.in/all-products/page/2/?per_row=3&shop_view=grid&per_page=9" "Mozilla/5.0 (Linux; Android 7.0;) AppleWebKit/537.36 (KHTML, like Gecko) Mobile Safari/537.36 (compatible; PetalBot;+https://webmaster.petalsearch.com/site/petalbot)" 1196 **1/1196806**
68.178.198.34 - - [15/Sep/2025:15:31:17 -0700] "POST /wp-cron.php?doing_wp_cron=1757975477.9709429740905761718750 HTTP/1.1" 200 - "-" "WordPress/6.8.2; https://sapphirepackaging.in" 22 **0/22034**
5.161.201.188 - - [15/Sep/2025:15:31:17 -0700] "POST /wp-load.php?543f36=74226 HTTP/1.1" 200 - "-" "Mozilla/5.0 (Windows NT 10.0; Win64; x64) AppleWebKit/537.36 (KHTML, like Gecko) Chrome/104.0.5112.97 Safari/537.36" 803 **0/803233**
66.249.74.10 - - [15/Sep/2025:15:32:01 -0700] "GET /product-category/corrugated-box/partition-boxes/ HTTP/1.1" 301 1 "-" "Mozilla/5.0 (Linux; Android 6.0.1; Nexus 5X Build/MMB29P) AppleWebKit/537.36 (KHTML, like Gecko) Chrome/140.0.7339.127 Mobile Safari/537.36 (compatible; Googlebot/2.1; +http://www.google.com/bot.html)" 715 **0/715212**
68.178.198.34 - - [15/Sep/2025:15:32:15 -0700] "POST /wp-cron.php?doing_wp_cron=1757975535.5706288814544677734375 HTTP/1.1" 200 - "-" "WordPress/6.8.2; https://sapphirepackaging.in" 21 **0/21620**
66.249.74.10 - - [15/Sep/2025:15:32:14 -0700] "GET /product/partition-boxes/ HTTP/1.1" 200 25554 "-" "Mozilla/5.0 (Linux; Android 6.0.1; Nexus 5X Build/MMB29P) AppleWebKit/537.36 (KHTML, like Gecko) Chrome/140.0.7339.127 Mobile Safari/537.36 (compatible; Googlebot/2.1; +http://www.google.com/bot.html)" 1133 **1/1133091**
68.178.198.34 - - [15/Sep/2025:15:35:09 -0700] "POST /wp-cron.php?doing_wp_cron=1757975709.6001820564270019531250 HTTP/1.1" 200 - "-" "WordPress/6.8.2; https://www.sapphirepackaging.in" 26 **0/26728**
114.119.157.234 - - [15/Sep/2025:15:35:08 -0700] "GET /product-category/mono-cartons/cosmetics-boxes/?per_row=4&shop_view=grid&per_page=12 HTTP/1.1" 200 23894 "https://www.sapphirepackaging.in/product-category/mono-cartons/cosmetics-boxes/?per_row=4&shop_view=grid" "Mozilla/5.0 (Linux; Android 7.0;) AppleWebKit/537.36 (KHTML, like Gecko) Mobile Safari/537.36 (compatible; PetalBot;+https://webmaster.petalsearch.com/site/petalbot)" 1328 **1/1328605**
68.178.198.34 - - [15/Sep/2025:15:36:15 -0700] "POST /wp-cron.php?doing_wp_cron=1757975775.5548930168151855468750 HTTP/1.1" 200 - "-" "WordPress/6.8.2; https://sapphirepackaging.in" 24 **0/24845**
114.119.152.164 - - [15/Sep/2025:15:36:14 -0700] "GET /product-category/mono-cartons/perfume-boxes/?per_row=3&per_page=12&shop_view=grid HTTP/1.1" 200 23374 "https://sapphirepackaging.in/product-category/mono-cartons/perfume-boxes/?per_row=3&shop_view=grid&per_page=12" "Mozilla/5.0 (Linux; Android 7.0;) AppleWebKit/537.36 (KHTML, like Gecko) Mobile Safari/537.36 (compatible; PetalBot;+https://webmaster.petalsearch.com/site/petalbot)" 922 **0/922126**
66.249.74.11 - - [15/Sep/2025:15:36:58 -0700] "GET /product-category/corrugated-box/pizza-box-pizza-slice-box/ HTTP/1.1" 301 1 "-" "Mozilla/5.0 (Linux; Android 6.0.1; Nexus 5X Build/MMB29P) AppleWebKit/537.36 (KHTML, like Gecko) Chrome/140.0.7339.127 Mobile Safari/537.36 (compatible; Googlebot/2.1; +http://www.google.com/bot.html)" 493 **0/493855**
68.178.198.34 - - [15/Sep/2025:15:37:39 -0700] "POST /wp-cron.php?doing_wp_cron=1757975859.5903279781341552734375 HTTP/1.1" 200 - "-" "WordPress/6.8.2; https://sapphirepackaging.in" 20 **0/20767**
66.249.74.11 - - [15/Sep/2025:15:37:39 -0700] "GET /product/pizza-boxes/ HTTP/1.1" 200 25272 "-" "Mozilla/5.0 (Linux; Android 6.0.1; Nexus 5X Build/MMB29P) AppleWebKit/537.36 (KHTML, like Gecko) Chrome/140.0.7339.127 Mobile Safari/537.36 (compatible; Googlebot/2.1; +http://www.google.com/bot.html)" 1092 **1/1092317**
114.119.134.208 - - [15/Sep/2025:15:37:41 -0700] "GET /product-category/corrugated-box/partition-boxes/?per_page=24&shop_view=list HTTP/1.1" 200 24224 "https://www.sapphirepackaging.in/product-category/corrugated-box/partition-boxes/?per_page=12&shop_view=list" "Mozilla/5.0 (Linux; Android 7.0;) AppleWebKit/537.36 (KHTML, like Gecko) Mobile Safari/537.36 (compatible; PetalBot;+https://webmaster.petalsearch.com/site/petalbot)" 993 **0/993880**
68.178.198.34 - - [15/Sep/2025:15:39:00 -0700] "POST /wp-cron.php?doing_wp_cron=1757975940.7964320182800292968750 HTTP/1.1" 200 - "-" "WordPress/6.8.2; https://sapphirepackaging.in" 20 **0/20937**
114.119.157.234 - - [15/Sep/2025:15:39:00 -0700] "GET /product-category/corrugated-box/window-boxes/?per_row=3&shop_view=grid&per_page=18 HTTP/1.1" 200 23459 "https://sapphirepackaging.in/product-category/corrugated-box/window-boxes/?shop_view=grid&per_row=3" "Mozilla/5.0 (Linux; Android 7.0;) AppleWebKit/537.36 (KHTML, like Gecko) Mobile Safari/537.36 (compatible; PetalBot;+https://webmaster.petalsearch.com/site/petalbot)" 1127 **1/1127323**
68.178.198.34 - - [15/Sep/2025:15:40:34 -0700] "POST /wp-cron.php?doing_wp_cron=1757976034.9545409679412841796875 HTTP/1.1" 200 - "-" "WordPress/6.8.2; https://www.sapphirepackaging.in" 18 **0/18937**
114.119.142.232 - - [15/Sep/2025:15:40:34 -0700] "GET /product-category/mono-cartons/perfume-boxes/?per_row=3&per_page=12&shop_view=list HTTP/1.1" 200 24244 "https://www.sapphirepackaging.in/product-category/mono-cartons/perfume-boxes/?per_row=3&shop_view=list&per_page=12" "Mozilla/5.0 (Linux; Android 7.0;) AppleWebKit/537.36 (KHTML, like Gecko) Mobile Safari/537.36 (compatible; PetalBot;+https://webmaster.petalsearch.com/site/petalbot)" 971 **0/971174**
68.178.198.34 - - [15/Sep/2025:15:42:10 -0700] "POST /wp-cron.php?doing_wp_cron=1757976130.8759789466857910156250 HTTP/1.1" 200 - "-" "WordPress/6.8.2; https://sapphirepackaging.in" 22 **0/22094**
114.119.134.208 - - [15/Sep/2025:15:42:10 -0700] "GET /product-category/corrugated-box/universal-style-4-flaps/?per_row=3&shop_view=list&per_page=9 HTTP/1.1" 200 23926 "https://sapphirepackaging.in/product-category/corrugated-box/universal-style-4-flaps/?per_row=3&shop_view=list" "Mozilla/5.0 (Linux; Android 7.0;) AppleWebKit/537.36 (KHTML, like Gecko) Mobile Safari/537.36 (compatible; PetalBot;+https://webmaster.petalsearch.com/site/petalbot)" 982 **0/982127**
68.178.198.34 - - [15/Sep/2025:15:51:18 -0700] "POST /wp-cron.php?doing_wp_cron=1757976678.1423470973968505859375 HTTP/1.1" 200 - "-" "WordPress/6.8.2; https://www.sapphirepackaging.in" 22 **0/22289**
114.119.142.232 - - [15/Sep/2025:15:51:17 -0700] "GET /product-category/perfume-liner-inserts/colored-liners/?per_row=4&per_page=18&shop_view=grid HTTP/1.1" 200 23807 "https://www.sapphirepackaging.in/product-category/perfume-liner-inserts/colored-liners/?per_row=4&per_page=24&shop_view=grid" "Mozilla/5.0 (Linux; Android 7.0;) AppleWebKit/537.36 (KHTML, like Gecko) Mobile Safari/537.36 (compatible; PetalBot;+https://webmaster.petalsearch.com/site/petalbot)" 1011 **1/1011064**
68.178.198.34 - - [15/Sep/2025:15:52:47 -0700] "POST /wp-cron.php?doing_wp_cron=1757976767.8824470043182373046875 HTTP/1.1" 200 - "-" "WordPress/6.8.2; https://www.sapphirepackaging.in" 19 **0/19931**
114.119.134.208 - - [15/Sep/2025:15:52:47 -0700] "GET /product-category/mono-cartons/?per_page=12&shop_view=grid&per_row=4 HTTP/1.1" 200 24458 "https://www.sapphirepackaging.in/product-category/mono-cartons/?per_page=12" "Mozilla/5.0 (Linux; Android 7.0;) AppleWebKit/537.36 (KHTML, like Gecko) Mobile Safari/537.36 (compatible; PetalBot;+https://webmaster.petalsearch.com/site/petalbot)" 950 **0/950518**
68.178.198.34 - - [15/Sep/2025:16:01:04 -0700] "POST /wp-cron.php?doing_wp_cron=1757977264.2960109710693359375000 HTTP/1.1" 200 - "-" "WordPress/6.8.2; https://sapphirepackaging.in" 25 **0/25991**
104.28.230.33 - - [15/Sep/2025:16:01:03 -0700] "GET / HTTP/1.1" 200 31924 "-" "Mozilla/5.0 (X11; Linux x86_64) AppleWebKit/537.36 (KHTML, like Gecko) Chrome/114.0.0.0 Safari/537.36" 1773 **1/1773583**
68.178.198.34 - - [15/Sep/2025:16:01:55 -0700] "POST /wp-cron.php?doing_wp_cron=1757977315.7163140773773193359375 HTTP/1.1" 200 - "-" "WordPress/6.8.2; https://sapphirepackaging.in" 21 **0/21906**
167.56.17.122 - - [15/Sep/2025:16:01:55 -0700] "GET / HTTP/1.1" 200 31925 "-" "Mozilla/5.0 (Windows NT 11.0; Win64; x64) AppleWebKit/537.36 (KHTML, like Gecko) Chrome/138.0.7204.158 Safari/537.36" 1140 **1/1140231**
68.178.198.34 - - [15/Sep/2025:16:05:56 -0700] "POST /wp-cron.php?doing_wp_cron=1757977556.1257019042968750000000 HTTP/1.1" 200 - "-" "WordPress/6.8.2; https://www.sapphirepackaging.in" 24 **0/24360**
114.119.134.208 - - [15/Sep/2025:16:05:55 -0700] "GET /product-category/perfume-liner-inserts/colored-liners/?shop_view=list&per_page=9 HTTP/1.1" 200 24006 "https://www.sapphirepackaging.in/product-category/perfume-liner-inserts/colored-liners/?shop_view=list&per_page=9" "Mozilla/5.0 (Linux; Android 7.0;) AppleWebKit/537.36 (KHTML, like Gecko) Mobile Safari/537.36 (compatible; PetalBot;+https://webmaster.petalsearch.com/site/petalbot)" 888 **0/888522**
68.178.198.34 - - [15/Sep/2025:16:07:41 -0700] "POST /wp-cron.php?doing_wp_cron=1757977661.4060480594635009765625 HTTP/1.1" 200 - "-" "WordPress/6.8.2; https://www.sapphirepackaging.in" 19 **0/19237**
114.119.135.163 - - [15/Sep/2025:16:07:40 -0700] "GET /product-category/corrugated-box/handle-boxes/?shop_view=list&per_page=18 HTTP/1.1" 200 24279 "https://www.sapphirepackaging.in/product-category/corrugated-box/handle-boxes/?shop_view=list" "Mozilla/5.0 (Linux; Android 7.0;) AppleWebKit/537.36 (KHTML, like Gecko) Mobile Safari/537.36 (compatible; PetalBot;+https://webmaster.petalsearch.com/site/petalbot)" 882 **0/882136**
68.178.198.34 - - [15/Sep/2025:16:08:59 -0700] "POST /wp-cron.php?doing_wp_cron=1757977739.9158899784088134765625 HTTP/1.1" 200 - "-" "WordPress/6.8.2; https://www.sapphirepackaging.in" 25 **0/25081**
114.119.139.26 - - [15/Sep/2025:16:08:59 -0700] "GET /product-category/corrugated-box/handle-boxes/?per_page=24&shop_view=grid&per_row=4 HTTP/1.1" 200 23883 "https://www.sapphirepackaging.in/product-category/corrugated-box/handle-boxes/?per_page=24" "Mozilla/5.0 (Linux; Android 7.0;) AppleWebKit/537.36 (KHTML, like Gecko) Mobile Safari/537.36 (compatible; PetalBot;+https://webmaster.petalsearch.com/site/petalbot)" 938 **0/938635**
68.178.198.34 - - [15/Sep/2025:16:11:35 -0700] "POST /wp-cron.php?doing_wp_cron=1757977895.5718181133270263671875 HTTP/1.1" 200 - "-" "WordPress/6.8.2; https://sapphirepackaging.in" 19 **0/19938**
114.119.143.187 - - [15/Sep/2025:16:11:35 -0700] "GET /product-category/corrugated-box/top-bottom-boxes/?shop_view=list&per_page=18 HTTP/1.1" 200 23573 "https://sapphirepackaging.in/product-category/corrugated-box/top-bottom-boxes/?shop_view=list" "Mozilla/5.0 (Linux; Android 7.0;) AppleWebKit/537.36 (KHTML, like Gecko) Mobile Safari/537.36 (compatible; PetalBot;+https://webmaster.petalsearch.com/site/petalbot)" 839 **0/839395**
68.178.198.34 - - [15/Sep/2025:16:12:52 -0700] "POST /wp-cron.php?doing_wp_cron=1757977972.8334290981292724609375 HTTP/1.1" 200 - "-" "WordPress/6.8.2; https://sapphirepackaging.in" 22 **0/22073**
114.119.157.234 - - [15/Sep/2025:16:12:52 -0700] "GET /product-category/corrugated-box/pizza-box/?per_row=3&shop_view=list&per_page=9 HTTP/1.1" 200 23746 "https://sapphirepackaging.in/product-category/corrugated-box/pizza-box/?per_row=3&shop_view=list&per_page=9" "Mozilla/5.0 (Linux; Android 7.0;) AppleWebKit/537.36 (KHTML, like Gecko) Mobile Safari/537.36 (compatible; PetalBot;+https://webmaster.petalsearch.com/site/petalbot)" 953 **0/953625**
68.178.198.34 - - [15/Sep/2025:16:14:09 -0700] "POST /wp-cron.php?doing_wp_cron=1757978049.1204268932342529296875 HTTP/1.1" 200 - "-" "WordPress/6.8.2; https://sapphirepackaging.in" 20 **0/20585**
114.119.134.208 - - [15/Sep/2025:16:14:08 -0700] "GET /product-category/corrugated-box/pizza-box/?per_row=3&per_page=18&shop_view=grid HTTP/1.1" 200 23475 "https://sapphirepackaging.in/product-category/corrugated-box/pizza-box/?per_row=4&shop_view=list&per_page=18" "Mozilla/5.0 (Linux; Android 7.0;) AppleWebKit/537.36 (KHTML, like Gecko) Mobile Safari/537.36 (compatible; PetalBot;+https://webmaster.petalsearch.com/site/petalbot)" 884 **0/884438**
68.178.198.34 - - [15/Sep/2025:16:15:46 -0700] "POST /wp-cron.php?doing_wp_cron=1757978146.5194299221038818359375 HTTP/1.1" 200 - "-" "WordPress/6.8.2; https://sapphirepackaging.in" 26 **0/26467**
114.119.135.163 - - [15/Sep/2025:16:15:45 -0700] "GET /product-category/corrugated-box/footwear-inner-boxes/?per_page=24 HTTP/1.1" 200 23393 "https://sapphirepackaging.in/product-category/corrugated-box/footwear-inner-boxes/?per_page=12" "Mozilla/5.0 (Linux; Android 7.0;) AppleWebKit/537.36 (KHTML, like Gecko) Mobile Safari/537.36 (compatible; PetalBot;+https://webmaster.petalsearch.com/site/petalbot)" 1090 **1/1090769**
68.178.198.34 - - [15/Sep/2025:16:17:02 -0700] "POST /wp-cron.php?doing_wp_cron=1757978222.9507451057434082031250 HTTP/1.1" 200 - "-" "WordPress/6.8.2; https://sapphirepackaging.in" 22 **0/22825**
114.119.157.234 - - [15/Sep/2025:16:17:02 -0700] "GET /product-category/corrugated-box/flat-mailer-style/?shop_view=list HTTP/1.1" 200 23781 "https://sapphirepackaging.in/product-category/corrugated-box/flat-mailer-style/?shop_view=list" "Mozilla/5.0 (Linux; Android 7.0;) AppleWebKit/537.36 (KHTML, like Gecko) Mobile Safari/537.36 (compatible; PetalBot;+https://webmaster.petalsearch.com/site/petalbot)" 847 **0/847643**
68.178.198.34 - - [15/Sep/2025:16:19:16 -0700] "POST /wp-cron.php?doing_wp_cron=1757978356.5376811027526855468750 HTTP/1.1" 200 - "-" "WordPress/6.8.2; https://sapphirepackaging.in" 23 **0/23362**
51.161.65.111 - - [15/Sep/2025:16:19:15 -0700] "GET /sitemap.rss HTTP/2.0" 200 1077 "-" "Mozilla/5.0 (compatible; AhrefsBot/7.0; +http://ahrefs.com/robot/)" 802 **0/802041**
68.178.198.34 - - [15/Sep/2025:16:21:24 -0700] "POST /wp-cron.php?doing_wp_cron=1757978484.6934459209442138671875 HTTP/1.1" 200 - "-" "WordPress/6.8.2; https://www.sapphirepackaging.in" 23 **0/23452**
114.119.157.206 - - [15/Sep/2025:16:21:24 -0700] "GET /product-category/perfume-liner-inserts/colored-liners/?shop_view=list HTTP/1.1" 200 23992 "https://www.sapphirepackaging.in/product-category/perfume-liner-inserts/colored-liners/" "Mozilla/5.0 (Linux; Android 7.0;) AppleWebKit/537.36 (KHTML, like Gecko) Mobile Safari/537.36 (compatible; PetalBot;+https://webmaster.petalsearch.com/site/petalbot)" 1070 **1/1070664**
68.178.198.34 - - [15/Sep/2025:16:22:59 -0700] "POST /wp-cron.php?doing_wp_cron=1757978579.7417399883270263671875 HTTP/1.1" 200 - "-" "WordPress/6.8.2; https://www.sapphirepackaging.in" 23 **0/23252**
114.119.139.26 - - [15/Sep/2025:16:22:59 -0700] "GET /product-category/mono-cartons/cosmetics-boxes/?per_page=24&shop_view=grid&per_row=3 HTTP/1.1" 200 23885 "https://www.sapphirepackaging.in/product-category/mono-cartons/cosmetics-boxes/?per_page=24" "Mozilla/5.0 (Linux; Android 7.0;) AppleWebKit/537.36 (KHTML, like Gecko) Mobile Safari/537.36 (compatible; PetalBot;+https://webmaster.petalsearch.com/site/petalbot)" 999 **0/999079**
68.178.198.34 - - [15/Sep/2025:16:24:18 -0700] "POST /wp-cron.php?doing_wp_cron=1757978658.2122709751129150390625 HTTP/1.1" 200 - "-" "WordPress/6.8.2; https://www.sapphirepackaging.in" 20 **0/20028**
114.119.135.163 - - [15/Sep/2025:16:24:17 -0700] "GET /product-category/corrugated-box/partition-boxes/?per_row=3&per_page=9&shop_view=grid HTTP/1.1" 200 23839 "https://www.sapphirepackaging.in/product-category/corrugated-box/partition-boxes/?per_row=4&shop_view=grid&per_page=9" "Mozilla/5.0 (Linux; Android 7.0;) AppleWebKit/537.36 (KHTML, like Gecko) Mobile Safari/537.36 (compatible; PetalBot;+https://webmaster.petalsearch.com/site/petalbot)" 878 **0/878161**
68.178.198.34 - - [15/Sep/2025:16:25:44 -0700] "POST /wp-cron.php?doing_wp_cron=1757978743.9938840866088867187500 HTTP/1.1" 200 - "-" "WordPress/6.8.2; https://www.sapphirepackaging.in" 21 **0/21786**
114.119.139.26 - - [15/Sep/2025:16:25:43 -0700] "GET /product-category/corrugated-box/footwear-inner-boxes/?per_page=9&shop_view=list HTTP/1.1" 200 24240 "https://www.sapphirepackaging.in/product-category/corrugated-box/footwear-inner-boxes/?shop_view=list&per_page=24" "Mozilla/5.0 (Linux; Android 7.0;) AppleWebKit/537.36 (KHTML, like Gecko) Mobile Safari/537.36 (compatible; PetalBot;+https://webmaster.petalsearch.com/site/petalbot)" 967 **0/967994**
68.178.198.34 - - [15/Sep/2025:16:27:15 -0700] "POST /wp-cron.php?doing_wp_cron=1757978835.2769429683685302734375 HTTP/1.1" 200 - "-" "WordPress/6.8.2; https://www.sapphirepackaging.in" 22 **0/22475**
114.119.135.163 - - [15/Sep/2025:16:27:14 -0700] "GET /product-category/corrugated-box/footwear-inner-boxes/?per_page=9 HTTP/1.1" 200 23847 "https://www.sapphirepackaging.in/product-category/corrugated-box/footwear-inner-boxes/?per_page=18" "Mozilla/5.0 (Linux; Android 7.0;) AppleWebKit/537.36 (KHTML, like Gecko) Mobile Safari/537.36 (compatible; PetalBot;+https://webmaster.petalsearch.com/site/petalbot)" 787 **0/787184**
68.178.198.34 - - [15/Sep/2025:16:28:24 -0700] "POST /wp-cron.php?doing_wp_cron=1757978904.2538299560546875000000 HTTP/1.1" 200 - "-" "WordPress/6.8.2; https://sapphirepackaging.in" 19 **0/19510**
114.119.135.163 - - [15/Sep/2025:16:28:23 -0700] "GET /product-category/mono-cartons/tissue-boxes/?per_row=3&per_page=24&shop_view=grid HTTP/1.1" 200 23450 "https://sapphirepackaging.in/product-category/mono-cartons/tissue-boxes/?per_row=3&per_page=12&shop_view=grid" "Mozilla/5.0 (Linux; Android 7.0;) AppleWebKit/537.36 (KHTML, like Gecko) Mobile Safari/537.36 (compatible; PetalBot;+https://webmaster.petalsearch.com/site/petalbot)" 975 **0/975683**
68.178.198.34 - - [15/Sep/2025:16:29:54 -0700] "POST /wp-cron.php?doing_wp_cron=1757978994.1740410327911376953125 HTTP/1.1" 200 - "-" "WordPress/6.8.2; https://sapphirepackaging.in" 23 **0/23408**
114.119.142.232 - - [15/Sep/2025:16:29:53 -0700] "GET /product-category/corrugated-box/universal-style-4-flaps/?per_row=4&shop_view=grid&per_page=18 HTTP/1.1" 200 23492 "https://sapphirepackaging.in/product-category/corrugated-box/universal-style-4-flaps/?shop_view=grid&per_row=4" "Mozilla/5.0 (Linux; Android 7.0;) AppleWebKit/537.36 (KHTML, like Gecko) Mobile Safari/537.36 (compatible; PetalBot;+https://webmaster.petalsearch.com/site/petalbot)" 1567 **1/1567880**
68.178.198.34 - - [15/Sep/2025:16:31:25 -0700] "POST /wp-cron.php?doing_wp_cron=1757979085.8926529884338378906250 HTTP/1.1" 200 - "-" "WordPress/6.8.2; https://sapphirepackaging.in" 22 **0/22435**
5.161.44.164 - - [15/Sep/2025:16:31:25 -0700] "POST /wp-load.php?bbb3d9=15853 HTTP/1.1" 200 - "-" "Mozilla/5.0 (Windows NT 10.0; Win64; x64) AppleWebKit/537.36 (KHTML, like Gecko) Chrome/104.0.5112.97 Safari/537.36" 664 **0/664046**
114.119.135.163 - - [15/Sep/2025:16:31:35 -0700] "GET /product-category/corrugated-box/universal-style-4-flaps/?per_row=4&per_page=9&shop_view=list HTTP/1.1" 200 23930 "https://sapphirepackaging.in/product-category/corrugated-box/universal-style-4-flaps/?per_row=4&shop_view=list&per_page=12" "Mozilla/5.0 (Linux; Android 7.0;) AppleWebKit/537.36 (KHTML, like Gecko) Mobile Safari/537.36 (compatible; PetalBot;+https://webmaster.petalsearch.com/site/petalbot)" 973 **0/973167**
68.178.198.34 - - [15/Sep/2025:16:33:25 -0700] "POST /wp-cron.php?doing_wp_cron=1757979205.7100739479064941406250 HTTP/1.1" 200 - "-" "WordPress/6.8.2; https://sapphirepackaging.in" 22 **0/22525**
114.119.157.206 - - [15/Sep/2025:16:33:25 -0700] "GET /product-category/corrugated-box/tuck-in-boxes/ HTTP/1.1" 200 23440 "https://sapphirepackaging.in/product-category/corrugated-box/footwear-inner-boxes/?per_row=4&per_page=18&shop_view=grid" "Mozilla/5.0 (Linux; Android 7.0;) AppleWebKit/537.36 (KHTML, like Gecko) Mobile Safari/537.36 (compatible; PetalBot;+https://webmaster.petalsearch.com/site/petalbot)" 869 **0/869557**
68.178.198.34 - - [15/Sep/2025:16:34:40 -0700] "POST /wp-cron.php?doing_wp_cron=1757979280.3836131095886230468750 HTTP/1.1" 200 - "-" "WordPress/6.8.2; https://www.sapphirepackaging.in" 21 **0/21552**
123.245.248.127 - - [15/Sep/2025:16:34:39 -0700] "GET / HTTP/1.1" 200 38474 "-" "Mozilla/5.0 (Windows NT 10.0; Win64; x64) AppleWebKit/537.36 (KHTML, like Gecko) Chrome/58.0.3029.110 Safari/537.3" 1182 **1/1182598**
114.119.157.206 - - [15/Sep/2025:16:34:54 -0700] "GET /product-category/corrugated-box/top-bottom-boxes/?per_row=3&shop_view=list HTTP/1.1" 200 23577 "https://sapphirepackaging.in/product-category/corrugated-box/top-bottom-boxes/?per_row=3&shop_view=grid" "Mozilla/5.0 (Linux; Android 7.0;) AppleWebKit/537.36 (KHTML, like Gecko) Mobile Safari/537.36 (compatible; PetalBot;+https://webmaster.petalsearch.com/site/petalbot)" 797 **0/797381**
68.178.198.34 - - [15/Sep/2025:16:36:40 -0700] "POST /wp-cron.php?doing_wp_cron=1757979399.9984409809112548828125 HTTP/1.1" 200 - "-" "WordPress/6.8.2; https://sapphirepackaging.in" 21 **0/21848**
114.119.157.206 - - [15/Sep/2025:16:36:39 -0700] "GET /product-category/corrugated-box/small-planter-boxes/?per_row=3&per_page=12&shop_view=list HTTP/1.1" 200 23779 "https://sapphirepackaging.in/product-category/corrugated-box/small-planter-boxes/?per_row=3&shop_view=grid&per_page=12" "Mozilla/5.0 (Linux; Android 7.0;) AppleWebKit/537.36 (KHTML, like Gecko) Mobile Safari/537.36 (compatible; PetalBot;+https://webmaster.petalsearch.com/site/petalbot)" 800 **0/800495**
66.249.74.10 - - [15/Sep/2025:16:36:46 -0700] "GET /cargo/detail HTTP/1.1" 404 18094 "-" "Mozilla/5.0 (Linux; Android 6.0.1; Nexus 5X Build/MMB29P) AppleWebKit/537.36 (KHTML, like Gecko) Chrome/140.0.7339.127 Mobile Safari/537.36 (compatible; Googlebot/2.1; +http://www.google.com/bot.html)" 747 **0/747674**
68.178.198.34 - - [15/Sep/2025:16:39:53 -0700] "POST /wp-cron.php?doing_wp_cron=1757979593.4286661148071289062500 HTTP/1.1" 200 - "-" "WordPress/6.8.2; https://sapphirepackaging.in" 17 **0/17946**
66.249.74.11 - - [15/Sep/2025:16:39:52 -0700] "GET /product/handle-boxes/ HTTP/1.1" 200 25539 "-" "Mozilla/5.0 (Linux; Android 6.0.1; Nexus 5X Build/MMB29P) AppleWebKit/537.36 (KHTML, like Gecko) Chrome/140.0.7339.127 Mobile Safari/537.36 (compatible; Googlebot/2.1; +http://www.google.com/bot.html)" 1102 **1/1102561**
66.249.74.10 - - [15/Sep/2025:16:42:31 -0700] "GET /wp-content/themes/woodmart-1/css/parts/base.min.css?ver=8.1.2 HTTP/1.1" 200 9280 "https://sapphirepackaging.in/product/handle-boxes/" "Mozilla/5.0 (Linux; Android 6.0.1; Nexus 5X Build/MMB29P) AppleWebKit/537.36 (KHTML, like Gecko) Chrome/139.0.7258.127 Mobile Safari/537.36 (compatible; Googlebot/2.1; +http://www.google.com/bot.html)" 19 **0/19111**
66.249.74.11 - - [15/Sep/2025:16:42:33 -0700] "GET /wp-content/themes/woodmart-1/css/parts/woo-single-prod-el-gallery.min.css?ver=8.1.2 HTTP/1.1" 200 1220 "https://sapphirepackaging.in/product/handle-boxes/" "Mozilla/5.0 (Linux; Android 6.0.1; Nexus 5X Build/MMB29P) AppleWebKit/537.36 (KHTML, like Gecko) Chrome/139.0.7258.127 Mobile Safari/537.36 (compatible; Googlebot/2.1; +http://www.google.com/bot.html)" 13 **0/13645**
66.249.74.10 - - [15/Sep/2025:16:42:35 -0700] "GET /wp-content/themes/woodmart-1/css/parts/woo-opt-products-bg.min.css?ver=8.1.2 HTTP/1.1" 200 116 "https://sapphirepackaging.in/product/handle-boxes/" "Mozilla/5.0 (Linux; Android 6.0.1; Nexus 5X Build/MMB29P) AppleWebKit/537.36 (KHTML, like Gecko) Chrome/139.0.7258.127 Mobile Safari/537.36 (compatible; Googlebot/2.1; +http://www.google.com/bot.html)" 12 **0/12560**
66.249.74.9 - - [15/Sep/2025:16:42:38 -0700] "GET /wp-content/plugins/elementor/assets/css/widget-divider.min.css?ver=3.32.0 HTTP/1.1" 200 705 "https://sapphirepackaging.in/product/handle-boxes/" "Mozilla/5.0 (Linux; Android 6.0.1; Nexus 5X Build/MMB29P) AppleWebKit/537.36 (KHTML, like Gecko) Chrome/139.0.7258.127 Mobile Safari/537.36 (compatible; Googlebot/2.1; +http://www.google.com/bot.html)" 8 **0/8586**
66.249.74.9 - - [15/Sep/2025:16:42:41 -0700] "GET /wp-content/plugins/elementor/assets/css/widget-heading.min.css?ver=3.32.0 HTTP/1.1" 200 155 "https://sapphirepackaging.in/product/handle-boxes/" "Mozilla/5.0 (Linux; Android 6.0.1; Nexus 5X Build/MMB29P) AppleWebKit/537.36 (KHTML, like Gecko) Chrome/139.0.7258.127 Mobile Safari/537.36 (compatible; Googlebot/2.1; +http://www.google.com/bot.html)" 6 **0/6517**
66.249.74.9 - - [15/Sep/2025:16:42:43 -0700] "GET /wp-content/themes/woodmart-1/css/parts/woo-mod-quantity.min.css?ver=8.1.2 HTTP/1.1" 200 420 "https://sapphirepackaging.in/product/handle-boxes/" "Mozilla/5.0 (Linux; Android 6.0.1; Nexus 5X Build/MMB29P) AppleWebKit/537.36 (KHTML, like Gecko) Chrome/139.0.7258.127 Mobile Safari/537.36 (compatible; Googlebot/2.1; +http://www.google.com/bot.html)" 10 **0/10242**
66.249.74.9 - - [15/Sep/2025:16:42:46 -0700] "GET /wp-content/plugins/elementor/assets/css/widget-spacer.min.css?ver=3.32.0 HTTP/1.1" 200 315 "https://sapphirepackaging.in/product/handle-boxes/" "Mozilla/5.0 (Linux; Android 6.0.1; Nexus 5X Build/MMB29P) AppleWebKit/537.36 (KHTML, like Gecko) Chrome/139.0.7258.127 Mobile Safari/537.36 (compatible; Googlebot/2.1; +http://www.google.com/bot.html)" 9 **0/9726**
66.249.74.9 - - [15/Sep/2025:16:42:48 -0700] "GET /wp-content/plugins/elementor/assets/css/widget-image.min.css?ver=3.32.0 HTTP/1.1" 200 120 "https://sapphirepackaging.in/product/handle-boxes/" "Mozilla/5.0 (Linux; Android 6.0.1; Nexus 5X Build/MMB29P) AppleWebKit/537.36 (KHTML, like Gecko) Chrome/139.0.7258.127 Mobile Safari/537.36 (compatible; Googlebot/2.1; +http://www.google.com/bot.html)" 8 **0/8520**
66.249.74.9 - - [15/Sep/2025:16:42:51 -0700] "GET /wp-content/plugins/elementor/assets/lib/animations/styles/e-animation-pop.min.css?ver=3.32.0 HTTP/1.1" 200 131 "https://sapphirepackaging.in/product/handle-boxes/" "Mozilla/5.0 (Linux; Android 6.0.1; Nexus 5X Build/MMB29P) AppleWebKit/537.36 (KHTML, like Gecko) Chrome/139.0.7258.127 Mobile Safari/537.36 (compatible; Googlebot/2.1; +http://www.google.com/bot.html)" 9 **0/9065**
66.249.74.9 - - [15/Sep/2025:16:42:54 -0700] "GET /wp-content/plugins/elementor/assets/js/webpack.runtime.min.js?ver=3.32.0 HTTP/1.1" 200 2322 "https://sapphirepackaging.in/product/handle-boxes/" "Mozilla/5.0 (Linux; Android 6.0.1; Nexus 5X Build/MMB29P) AppleWebKit/537.36 (KHTML, like Gecko) Chrome/139.0.7258.127 Mobile Safari/537.36 (compatible; Googlebot/2.1; +http://www.google.com/bot.html)" 20 **0/20238**
66.249.74.9 - - [15/Sep/2025:16:42:56 -0700] "GET /wp-content/plugins/elementor/assets/js/frontend-modules.min.js?ver=3.32.0 HTTP/1.1" 200 17970 "https://sapphirepackaging.in/product/handle-boxes/" "Mozilla/5.0 (Linux; Android 6.0.1; Nexus 5X Build/MMB29P) AppleWebKit/537.36 (KHTML, like Gecko) Chrome/139.0.7258.127 Mobile Safari/537.36 (compatible; Googlebot/2.1; +http://www.google.com/bot.html)" 36 **0/36274**
66.249.74.9 - - [15/Sep/2025:16:42:59 -0700] "GET /wp-content/plugins/elementor/assets/js/frontend.min.js?ver=3.32.0 HTTP/1.1" 200 10183 "https://sapphirepackaging.in/product/handle-boxes/" "Mozilla/5.0 (Linux; Android 6.0.1; Nexus 5X Build/MMB29P) AppleWebKit/537.36 (KHTML, like Gecko) Chrome/139.0.7258.127 Mobile Safari/537.36 (compatible; Googlebot/2.1; +http://www.google.com/bot.html)" 10 **0/10533**
66.249.74.10 - - [15/Sep/2025:16:43:01 -0700] "GET /wp-content/themes/woodmart-1/js/libs/swiper.min.js?ver=8.1.2 HTTP/1.1" 200 26990 "https://sapphirepackaging.in/product/handle-boxes/" "Mozilla/5.0 (Linux; Android 6.0.1; Nexus 5X Build/MMB29P) AppleWebKit/537.36 (KHTML, like Gecko) Chrome/139.0.7258.127 Mobile Safari/537.36 (compatible; Googlebot/2.1; +http://www.google.com/bot.html)" 22 **0/22549**
66.249.74.9 - - [15/Sep/2025:16:43:04 -0700] "GET /wp-content/themes/woodmart-1/js/scripts/global/widgetCollapse.min.js?ver=8.1.2 HTTP/1.1" 200 355 "https://sapphirepackaging.in/product/handle-boxes/" "Mozilla/5.0 (Linux; Android 6.0.1; Nexus 5X Build/MMB29P) AppleWebKit/537.36 (KHTML, like Gecko) Chrome/139.0.7258.127 Mobile Safari/537.36 (compatible; Googlebot/2.1; +http://www.google.com/bot.html)" 19 **0/19351**
66.249.74.9 - - [15/Sep/2025:16:43:06 -0700] "GET /wp-content/themes/woodmart-1/js/scripts/global/scrollTop.min.js?ver=8.1.2 HTTP/1.1" 200 171 "https://sapphirepackaging.in/product/handle-boxes/" "Mozilla/5.0 (Linux; Android 6.0.1; Nexus 5X Build/MMB29P) AppleWebKit/537.36 (KHTML, like Gecko) Chrome/139.0.7258.127 Mobile Safari/537.36 (compatible; Googlebot/2.1; +http://www.google.com/bot.html)" 8 **0/8879**
68.178.198.34 - - [15/Sep/2025:17:01:22 -0700] "POST /wp-cron.php?doing_wp_cron=1757980882.9392089843750000000000 HTTP/1.1" 200 - "-" "WordPress/6.8.2; https://www.sapphirepackaging.in" 23 **0/23267**
114.119.135.163 - - [15/Sep/2025:17:01:22 -0700] "GET /product-category/corrugated-box/universal-style-4-flaps/?per_row=3&shop_view=grid&per_page=24 HTTP/1.1" 200 23936 "https://www.sapphirepackaging.in/product-category/corrugated-box/universal-style-4-flaps/?per_row=3&shop_view=grid" "Mozilla/5.0 (Linux; Android 7.0;) AppleWebKit/537.36 (KHTML, like Gecko) Mobile Safari/537.36 (compatible; PetalBot;+https://webmaster.petalsearch.com/site/petalbot)" 1075 **1/1075326**
68.178.198.34 - - [15/Sep/2025:17:02:40 -0700] "POST /wp-cron.php?doing_wp_cron=1757980960.0805580615997314453125 HTTP/1.1" 200 - "-" "WordPress/6.8.2; https://www.sapphirepackaging.in" 21 **0/21950**
114.119.134.208 - - [15/Sep/2025:17:02:39 -0700] "GET /all-products/page/1/?per_row=4&shop_view=list&per_page=9 HTTP/1.1" 301 - "https://www.sapphirepackaging.in/all-products/page/2/?per_row=4&shop_view=list&per_page=9" "Mozilla/5.0 (Linux; Android 7.0;) AppleWebKit/537.36 (KHTML, like Gecko) Mobile Safari/537.36 (compatible; PetalBot;+https://webmaster.petalsearch.com/site/petalbot)" 691 **0/691481**
114.119.134.208 - - [15/Sep/2025:17:02:42 -0700] "GET /all-products/?per_row=4&shop_view=list&per_page=9 HTTP/1.1" 200 29451 "https://www.sapphirepackaging.in/all-products/page/2/?per_row=4&shop_view=list&per_page=9" "Mozilla/5.0 (Linux; Android 7.0;) AppleWebKit/537.36 (KHTML, like Gecko) Mobile Safari/537.36 (compatible; PetalBot;+https://webmaster.petalsearch.com/site/petalbot)" 1292 **1/1292038**
68.178.198.34 - - [15/Sep/2025:17:04:01 -0700] "POST /wp-cron.php?doing_wp_cron=1757981041.4439580440521240234375 HTTP/1.1" 200 - "-" "WordPress/6.8.2; https://sapphirepackaging.in" 23 **0/23160**
114.119.157.206 - - [15/Sep/2025:17:04:00 -0700] "GET /product-category/mono-cartons/cosmetics-boxes/?per_page=12&shop_view=list HTTP/1.1" 200 23838 "https://sapphirepackaging.in/product-category/mono-cartons/cosmetics-boxes/?per_page=12" "Mozilla/5.0 (Linux; Android 7.0;) AppleWebKit/537.36 (KHTML, like Gecko) Mobile Safari/537.36 (compatible; PetalBot;+https://webmaster.petalsearch.com/site/petalbot)" 1033 **1/1033596**
68.178.198.34 - - [15/Sep/2025:17:05:31 -0700] "POST /wp-cron.php?doing_wp_cron=1757981131.0650939941406250000000 HTTP/1.1" 200 - "-" "WordPress/6.8.2; https://sapphirepackaging.in" 18 **0/18480**
114.119.157.206 - - [15/Sep/2025:17:05:30 -0700] "GET /product-category/corrugated-box/window-boxes/?per_row=4&shop_view=grid&per_page=9 HTTP/1.1" 200 23465 "https://sapphirepackaging.in/product-category/corrugated-box/window-boxes/?shop_view=grid&per_row=4" "Mozilla/5.0 (Linux; Android 7.0;) AppleWebKit/537.36 (KHTML, like Gecko) Mobile Safari/537.36 (compatible; PetalBot;+https://webmaster.petalsearch.com/site/petalbot)" 901 **0/901102**
68.178.198.34 - - [15/Sep/2025:17:06:48 -0700] "POST /wp-cron.php?doing_wp_cron=1757981208.5716478824615478515625 HTTP/1.1" 200 - "-" "WordPress/6.8.2; https://sapphirepackaging.in" 20 **0/20762**
114.119.157.234 - - [15/Sep/2025:17:06:48 -0700] "GET /product-category/corrugated-box/tuck-in-boxes/?shop_view=list&per_page=18 HTTP/1.1" 200 23902 "https://sapphirepackaging.in/product-category/corrugated-box/tuck-in-boxes/?shop_view=list" "Mozilla/5.0 (Linux; Android 7.0;) AppleWebKit/537.36 (KHTML, like Gecko) Mobile Safari/537.36 (compatible; PetalBot;+https://webmaster.petalsearch.com/site/petalbot)" 874 **0/874491**
68.178.198.34 - - [15/Sep/2025:17:24:08 -0700] "POST /wp-cron.php?doing_wp_cron=1757982248.0331161022186279296875 HTTP/1.1" 200 - "-" "WordPress/6.8.2; https://sapphirepackaging.in" 21 **0/21762**
66.249.74.11 - - [15/Sep/2025:17:24:05 -0700] "GET /events/ HTTP/1.1" 404 18085 "-" "Mozilla/5.0 (Linux; Android 6.0.1; Nexus 5X Build/MMB29P) AppleWebKit/537.36 (KHTML, like Gecko) Chrome/140.0.7339.127 Mobile Safari/537.36 (compatible; Googlebot/2.1; +http://www.google.com/bot.html)" 2830 **2/2830516**
68.178.198.34 - - [15/Sep/2025:17:31:36 -0700] "POST /wp-cron.php?doing_wp_cron=1757982696.9701941013336181640625 HTTP/1.1" 200 - "-" "WordPress/6.8.2; https://sapphirepackaging.in" 17 **0/17414**
5.161.201.188 - - [15/Sep/2025:17:31:36 -0700] "POST /wp-load.php?fde844=14872 HTTP/1.1" 200 - "-" "Mozilla/5.0 (Windows NT 10.0; Win64; x64) AppleWebKit/537.36 (KHTML, like Gecko) Chrome/104.0.5112.97 Safari/537.36" 691 **0/691667**
68.178.198.34 - - [15/Sep/2025:17:35:51 -0700] "POST /wp-cron.php?doing_wp_cron=1757982951.2793650627136230468750 HTTP/1.1" 200 - "-" "WordPress/6.8.2; https://www.sapphirepackaging.in" 27 **0/27638**
114.119.135.163 - - [15/Sep/2025:17:35:50 -0700] "GET /product-category/mono-cartons/cosmetics-boxes/?per_row=4&per_page=9&shop_view=grid HTTP/1.1" 200 23893 "https://www.sapphirepackaging.in/product-category/mono-cartons/cosmetics-boxes/?per_row=4&shop_view=grid&per_page=9" "Mozilla/5.0 (Linux; Android 7.0;) AppleWebKit/537.36 (KHTML, like Gecko) Mobile Safari/537.36 (compatible; PetalBot;+https://webmaster.petalsearch.com/site/petalbot)" 1133 **1/1133172**
68.178.198.34 - - [15/Sep/2025:17:37:48 -0700] "POST /wp-cron.php?doing_wp_cron=1757983068.1704359054565429687500 HTTP/1.1" 200 - "-" "WordPress/6.8.2; https://www.sapphirepackaging.in" 21 **0/21176**
114.119.143.187 - - [15/Sep/2025:17:37:47 -0700] "GET /product-category/corrugated-box/tuck-in-boxes/?per_page=24&shop_view=grid&per_row=4 HTTP/1.1" 200 23942 "https://www.sapphirepackaging.in/product-category/corrugated-box/tuck-in-boxes/?per_page=24&shop_view=list" "Mozilla/5.0 (Linux; Android 7.0;) AppleWebKit/537.36 (KHTML, like Gecko) Mobile Safari/537.36 (compatible; PetalBot;+https://webmaster.petalsearch.com/site/petalbot)" 849 **0/849496**
68.178.198.34 - - [15/Sep/2025:17:39:39 -0700] "POST /wp-cron.php?doing_wp_cron=1757983179.3804280757904052734375 HTTP/1.1" 200 - "-" "WordPress/6.8.2; https://www.sapphirepackaging.in" 17 **0/17619**
