114.119.157.206 - - [15/Sep/2025:08:49:34 -0700] "GET /all-products/page/1/?per_row=3&shop_view=grid&per_page=12 HTTP/1.1" 301 - "https://sapphirepackaging.in/all-products/page/2/?per_row=3&shop_view=grid&per_page=12" "Mozilla/5.0 (Linux; Android 7.0;) AppleWebKit/537.36 (KHTML, like Gecko) Mobile Safari/537.36 (compatible; PetalBot;+https://webmaster.petalsearch.com/site/petalbot)" 658 **0/658159**
114.119.157.206 - - [15/Sep/2025:08:49:36 -0700] "GET /all-products/?per_row=3&shop_view=grid&per_page=12 HTTP/1.1" 200 26965 "https://sapphirepackaging.in/all-products/page/2/?per_row=3&shop_view=grid&per_page=12" "Mozilla/5.0 (Linux; Android 7.0;) AppleWebKit/537.36 (KHTML, like Gecko) Mobile Safari/537.36 (compatible; PetalBot;+https://webmaster.petalsearch.com/site/petalbot)" 1095 **1/1095759**
68.178.198.34 - - [15/Sep/2025:08:50:50 -0700] "POST /wp-cron.php?doing_wp_cron=1757951450.6358621120452880859375 HTTP/1.1" 200 - "-" "WordPress/6.8.2; https://sapphirepackaging.in" 26 **0/26826**
114.119.157.234 - - [15/Sep/2025:08:50:50 -0700] "GET /product-category/corrugated-box/flat-mailer-style/?per_row=3&per_page=12&shop_view=list HTTP/1.1" 200 23804 "https://sapphirepackaging.in/product-category/corrugated-box/flat-mailer-style/?per_row=3&per_page=12&shop_view=grid" "Mozilla/5.0 (Linux; Android 7.0;) AppleWebKit/537.36 (KHTML, like Gecko) Mobile Safari/537.36 (compatible; PetalBot;+https://webmaster.petalsearch.com/site/petalbot)" 1087 **1/1087022**
170.106.152.218 - - [15/Sep/2025:08:51:37 -0700] "GET /wp-content/uploads/2025/06/top-bottom-box-14-scaled.webp HTTP/1.1" 200 36002 "-" "Mozilla/5.0 (iPhone; CPU iPhone OS 13_2_3 like Mac OS X) AppleWebKit/605.1.15 (KHTML, like Gecko) Version/13.0.3 Mobile/15E148 Safari/604.1" 9 **0/9591**
68.178.198.34 - - [15/Sep/2025:08:53:08 -0700] "POST /wp-cron.php?doing_wp_cron=1757951587.9967329502105712890625 HTTP/1.1" 200 - "-" "WordPress/6.8.2; https://sapphirepackaging.in" 24 **0/24323**
114.119.157.206 - - [15/Sep/2025:08:53:07 -0700] "GET /product-category/corrugated-box/?per_row=3&per_page=24&shop_view=grid HTTP/1.1" 200 26079 "https://sapphirepackaging.in/product-category/corrugated-box/?per_row=3&shop_view=grid&per_page=9" "Mozilla/5.0 (Linux; Android 7.0;) AppleWebKit/537.36 (KHTML, like Gecko) Mobile Safari/537.36 (compatible; PetalBot;+https://webmaster.petalsearch.com/site/petalbot)" 1140 **1/1140964**
68.178.198.34 - - [15/Sep/2025:08:57:37 -0700] "POST /wp-cron.php?doing_wp_cron=1757951857.9642190933227539062500 HTTP/1.1" 200 - "-" "WordPress/6.8.2; https://sapphirepackaging.in" 23 **0/23342**
114.119.157.234 - - [15/Sep/2025:08:57:37 -0700] "GET /all-products/?per_row=4&shop_view=list&per_page=18 HTTP/1.1" 200 33138 "https://sapphirepackaging.in/all-products/page/2/?per_row=4&shop_view=list" "Mozilla/5.0 (Linux; Android 7.0;) AppleWebKit/537.36 (KHTML, like Gecko) Mobile Safari/537.36 (compatible; PetalBot;+https://webmaster.petalsearch.com/site/petalbot)" 1351 **1/1351938**
68.178.198.34 - - [15/Sep/2025:08:58:30 -0700] "POST /wp-cron.php?doing_wp_cron=1757951910.5191578865051269531250 HTTP/1.1" 200 - "-" "WordPress/6.8.2; https://www.sapphirepackaging.in" 21 **0/21290**
114.119.157.206 - - [15/Sep/2025:08:58:29 -0700] "GET /product-category/corrugated-box/?shop_view=grid&per_row=4 HTTP/1.1" 200 26519 "https://www.sapphirepackaging.in/product-category/corrugated-box/" "Mozilla/5.0 (Linux; Android 7.0;) AppleWebKit/537.36 (KHTML, like Gecko) Mobile Safari/537.36 (compatible; PetalBot;+https://webmaster.petalsearch.com/site/petalbot)" 1164 **1/1164516**
4.196.198.81 - - [15/Sep/2025:08:58:48 -0700] "GET / HTTP/2.0" 200 31919 "-" "Mozilla/5.0 AppleWebKit/537.36 (KHTML, like Gecko); compatible; ChatGPT-User/1.0; +https://openai.com/bot" 1185 **1/1185399**
68.178.198.34 - - [15/Sep/2025:09:16:24 -0700] "POST /wp-cron.php?doing_wp_cron=1757952984.9732100963592529296875 HTTP/1.1" 200 - "-" "WordPress/6.8.2; https://sapphirepackaging.in" 22 **0/22206**
88.218.62.29 - - [15/Sep/2025:09:16:22 -0700] "GET / HTTP/1.1" 301 - "-" "Mozilla/5.0 (Macintosh; Intel Mac OS X 10_15_7) AppleWebKit/537.36 (KHTML, like Gecko) Chrome/133.0.0.0 Safari/537.36" 2372 **2/2372368**
88.218.62.29 - - [15/Sep/2025:09:16:26 -0700] "GET / HTTP/1.1" 200 37959 "https://SAPPHIREPACKAGING.IN" "Mozilla/5.0 (Macintosh; Intel Mac OS X 10_15_7) AppleWebKit/537.36 (KHTML, like Gecko) Chrome/133.0.0.0 Safari/537.36" 1528 **1/1528425**
88.218.62.29 - - [15/Sep/2025:09:16:28 -0700] "GET /comments/feed/ HTTP/1.1" 200 404 "-" "Mozilla/5.0 (Macintosh; Intel Mac OS X 10_15_7) AppleWebKit/537.36 (KHTML, like Gecko) Chrome/133.0.0.0 Safari/537.36" 627 **0/627177**
88.218.62.29 - - [15/Sep/2025:09:16:31 -0700] "GET /contact-us/ HTTP/1.1" 200 21303 "-" "Mozilla/5.0 (Macintosh; Intel Mac OS X 10_15_7) AppleWebKit/537.36 (KHTML, like Gecko) Chrome/133.0.0.0 Safari/537.36" 1229 **1/1229189**
171.250.123.191 - - [15/Sep/2025:09:16:51 -0700] "POST /contact-us/ HTTP/1.1" 403 109454 "-" "Mozilla/5.0 (Windows NT 10.0; Win64; x64) AppleWebKit/537.36 (KHTML, like Gecko) Chrome/120.0.0.0 Safari/537.36" 1801 **1/1801219**
88.218.62.29 - - [15/Sep/2025:09:16:58 -0700] "GET /contact-us/ HTTP/1.1" 200 21301 "-" "Mozilla/5.0 (Macintosh; Intel Mac OS X 10_15_7) AppleWebKit/537.36 (KHTML, like Gecko) Chrome/133.0.0.0 Safari/537.36" 915 **0/915266**
171.250.123.191 - - [15/Sep/2025:09:17:03 -0700] "POST /contact-us/ HTTP/1.1" 403 109454 "-" "Mozilla/5.0 (Macintosh; Intel Mac OS X 10_15_7) AppleWebKit/537.36 (KHTML, like Gecko) Chrome/133.0.0.0 Safari/537.36" 1993 **1/1993015**
68.178.198.34 - - [15/Sep/2025:09:17:10 -0700] "POST /wp-cron.php?doing_wp_cron=1757953030.5937199592590332031250 HTTP/1.1" 200 - "-" "WordPress/6.8.2; https://sapphirepackaging.in" 24 **0/24180**
171.250.123.191 - - [15/Sep/2025:09:17:10 -0700] "POST /contact-us/ HTTP/1.1" 403 109454 "-" "Mozilla/5.0 (Windows NT 10.0; Win64; x64) AppleWebKit/537.36 (KHTML, like Gecko) Chrome/120.0.0.0 Safari/537.36" 797 **0/797572**
68.178.198.34 - - [15/Sep/2025:09:19:11 -0700] "POST /wp-cron.php?doing_wp_cron=1757953151.2973930835723876953125 HTTP/1.1" 200 - "-" "WordPress/6.8.2; https://sapphirepackaging.in" 22 **0/22278**
114.119.157.234 - - [15/Sep/2025:09:19:10 -0700] "GET /all-products/?shop_view=list&per_page=24 HTTP/1.1" 200 33123 "https://sapphirepackaging.in/all-products/page/2/?shop_view=list" "Mozilla/5.0 (Linux; Android 7.0;) AppleWebKit/537.36 (KHTML, like Gecko) Mobile Safari/537.36 (compatible; PetalBot;+https://webmaster.petalsearch.com/site/petalbot)" 1302 **1/1302292**
68.178.198.34 - - [15/Sep/2025:09:20:38 -0700] "POST /wp-cron.php?doing_wp_cron=1757953238.3090810775756835937500 HTTP/1.1" 200 - "-" "WordPress/6.8.2; https://sapphirepackaging.in" 32 **0/32141**
114.119.152.164 - - [15/Sep/2025:09:20:37 -0700] "GET /all-products/?shop_view=grid&per_row=4 HTTP/1.1" 200 26952 "https://sapphirepackaging.in/all-products/page/2/" "Mozilla/5.0 (Linux; Android 7.0;) AppleWebKit/537.36 (KHTML, like Gecko) Mobile Safari/537.36 (compatible; PetalBot;+https://webmaster.petalsearch.com/site/petalbot)" 1328 **1/1328976**
103.92.40.134 - - [15/Sep/2025:09:24:23 -0700] "GET /wp-content/uploads/2025/04/2-2.jpg HTTP/2.0" 200 2587208 "https://www.google.com/" "Mozilla/5.0 (Linux; Android 15; SM-A266B Build/AP3A.240905.015.A2; wv) AppleWebKit/537.36 (KHTML, like Gecko) Version/4.0 Chrome/139.0.7258.160 Mobile Safari/537.36 GoogleApp/16.34.61.ve.arm64" 1180 **1/1180131**
68.178.198.34 - - [15/Sep/2025:09:24:39 -0700] "POST /wp-cron.php?doing_wp_cron=1757953479.6621079444885253906250 HTTP/1.1" 200 - "-" "WordPress/6.8.2; https://sapphirepackaging.in" 25 **0/25976**
52.230.164.184 - - [15/Sep/2025:09:24:38 -0700] "GET / HTTP/2.0" 200 31925 "-" "Mozilla/5.0 AppleWebKit/537.36 (KHTML, like Gecko); compatible; ChatGPT-User/1.0; +https://openai.com/bot" 1624 **1/1624136**
114.119.143.187 - - [15/Sep/2025:09:24:59 -0700] "GET /product-category/corrugated-box/universal-style-4-flaps/?per_page=24&shop_view=list HTTP/1.1" 200 24363 "https://www.sapphirepackaging.in/product-category/corrugated-box/universal-style-4-flaps/?shop_view=list&per_page=9" "Mozilla/5.0 (Linux; Android 7.0;) AppleWebKit/537.36 (KHTML, like Gecko) Mobile Safari/537.36 (compatible; PetalBot;+https://webmaster.petalsearch.com/site/petalbot)" 1108 **1/1108536**
103.92.40.134 - - [15/Sep/2025:09:26:08 -0700] "GET /wp-content/uploads/2025/04/2-4.png HTTP/2.0" 200 8469897 "https://www.google.com/" "Mozilla/5.0 (Linux; Android 15; SM-A266B Build/AP3A.240905.015.A2; wv) AppleWebKit/537.36 (KHTML, like Gecko) Version/4.0 Chrome/139.0.7258.160 Mobile Safari/537.36 GoogleApp/16.34.61.ve.arm64" 1867 **1/1867274**
103.92.40.134 - - [15/Sep/2025:09:26:15 -0700] "GET /wp-content/uploads/2025/04/9.png HTTP/2.0" 200 750549 "https://www.google.com/" "Mozilla/5.0 (Linux; Android 15; SM-A266B Build/AP3A.240905.015.A2; wv) AppleWebKit/537.36 (KHTML, like Gecko) Version/4.0 Chrome/139.0.7258.160 Mobile Safari/537.36 GoogleApp/16.34.61.ve.arm64" 13 **0/13892**
68.178.198.34 - - [15/Sep/2025:09:26:29 -0700] "POST /wp-cron.php?doing_wp_cron=1757953589.5602250099182128906250 HTTP/1.1" 200 - "-" "WordPress/6.8.2; https://sapphirepackaging.in" 19 **0/19011**
114.119.135.163 - - [15/Sep/2025:09:26:28 -0700] "GET /product-category/corrugated-box/universal-style-4-flaps/?per_row=4&per_page=18&shop_view=list HTTP/1.1" 200 23927 "https://sapphirepackaging.in/product-category/corrugated-box/universal-style-4-flaps/?per_row=4&shop_view=list&per_page=12" "Mozilla/5.0 (Linux; Android 7.0;) AppleWebKit/537.36 (KHTML, like Gecko) Mobile Safari/537.36 (compatible; PetalBot;+https://webmaster.petalsearch.com/site/petalbot)" 1604 **1/1604776**
68.178.198.34 - - [15/Sep/2025:09:29:09 -0700] "POST /wp-cron.php?doing_wp_cron=1757953749.2633240222930908203125 HTTP/1.1" 200 - "-" "WordPress/6.8.2; https://www.sapphirepackaging.in" 24 **0/24431**
43.153.71.132 - - [15/Sep/2025:09:29:10 -0700] "GET / HTTP/1.1" 200 38475 "http://www.sapphirepackaging.in" "Mozilla/5.0 (iPhone; CPU iPhone OS 13_2_3 like Mac OS X) AppleWebKit/605.1.15 (KHTML, like Gecko) Version/13.0.3 Mobile/15E148 Safari/604.1" 1264 **1/1264252**
68.178.198.34 - - [15/Sep/2025:09:30:26 -0700] "POST /wp-cron.php?doing_wp_cron=1757953826.6155169010162353515625 HTTP/1.1" 200 - "-" "WordPress/6.8.2; https://sapphirepackaging.in" 25 **0/25814**
5.161.201.188 - - [15/Sep/2025:09:30:25 -0700] "POST /wp-load.php?bb4ebc=7040 HTTP/1.1" 200 - "-" "Mozilla/5.0 (Windows NT 10.0; Win64; x64) AppleWebKit/537.36 (KHTML, like Gecko) Chrome/104.0.5112.97 Safari/537.36" 905 **0/905396**
68.178.198.34 - - [15/Sep/2025:09:42:53 -0700] "POST /wp-cron.php?doing_wp_cron=1757954573.4420480728149414062500 HTTP/1.1" 200 - "-" "WordPress/6.8.2; https://www.sapphirepackaging.in" 26 **0/26576**
114.119.142.232 - - [15/Sep/2025:09:42:52 -0700] "GET /product-category/corrugated-box/universal-style-4-flaps/?per_row=3&shop_view=list HTTP/1.1" 200 24368 "https://www.sapphirepackaging.in/product-category/corrugated-box/universal-style-4-flaps/?per_row=3&shop_view=grid" "Mozilla/5.0 (Linux; Android 7.0;) AppleWebKit/537.36 (KHTML, like Gecko) Mobile Safari/537.36 (compatible; PetalBot;+https://webmaster.petalsearch.com/site/petalbot)" 1110 **1/1110531**
43.159.152.187 - - [15/Sep/2025:09:43:09 -0700] "GET /wp-json/oembed/1.0/embed?url=https%3A%2F%2Fwww.sapphirepackaging.in%2F&format=xml HTTP/1.1" 200 1105 "-" "Mozilla/5.0 (iPhone; CPU iPhone OS 13_2_3 like Mac OS X) AppleWebKit/605.1.15 (KHTML, like Gecko) Version/13.0.3 Mobile/15E148 Safari/604.1" 1118 **1/1118787**
68.178.198.34 - - [15/Sep/2025:09:44:31 -0700] "POST /wp-cron.php?doing_wp_cron=1757954671.1961560249328613281250 HTTP/1.1" 200 - "-" "WordPress/6.8.2; https://sapphirepackaging.in" 43 **0/43294**
114.119.157.234 - - [15/Sep/2025:09:44:30 -0700] "GET /product-category/mono-cartons/tissue-boxes/?per_page=24 HTTP/1.1" 200 23418 "https://sapphirepackaging.in/product-category/mono-cartons/tissue-boxes/?per_page=9" "Mozilla/5.0 (Linux; Android 7.0;) AppleWebKit/537.36 (KHTML, like Gecko) Mobile Safari/537.36 (compatible; PetalBot;+https://webmaster.petalsearch.com/site/petalbot)" 1235 **1/1235891**
68.178.198.34 - - [15/Sep/2025:09:45:50 -0700] "POST /wp-cron.php?doing_wp_cron=1757954750.8386609554290771484375 HTTP/1.1" 200 - "-" "WordPress/6.8.2; https://www.sapphirepackaging.in" 24 **0/24162**
114.119.135.163 - - [15/Sep/2025:09:45:50 -0700] "GET /product-category/corrugated-box/window-boxes/?per_row=4&per_page=12&shop_view=list HTTP/1.1" 200 24409 "https://www.sapphirepackaging.in/product-category/corrugated-box/window-boxes/?per_row=4&per_page=18&shop_view=list" "Mozilla/5.0 (Linux; Android 7.0;) AppleWebKit/537.36 (KHTML, like Gecko) Mobile Safari/537.36 (compatible; PetalBot;+https://webmaster.petalsearch.com/site/petalbot)" 1139 **1/1139197**
68.178.198.34 - - [15/Sep/2025:09:47:15 -0700] "POST /wp-cron.php?doing_wp_cron=1757954835.2300820350646972656250 HTTP/1.1" 200 - "-" "WordPress/6.8.2; https://sapphirepackaging.in" 23 **0/23279**
114.119.139.26 - - [15/Sep/2025:09:47:14 -0700] "GET /product-category/corrugated-box/window-boxes/?per_row=4&per_page=24&shop_view=grid HTTP/1.1" 200 23461 "https://sapphirepackaging.in/product-category/corrugated-box/window-boxes/?per_page=12&shop_view=grid&per_row=4" "Mozilla/5.0 (Linux; Android 7.0;) AppleWebKit/537.36 (KHTML, like Gecko) Mobile Safari/537.36 (compatible; PetalBot;+https://webmaster.petalsearch.com/site/petalbot)" 878 **0/878378**
43.153.123.4 - - [15/Sep/2025:09:54:21 -0700] "GET /wp-content/uploads/2025/04/option-1-light-grey-background-scaled.webp HTTP/1.1" 200 33610 "-" "Mozilla/5.0 (iPhone; CPU iPhone OS 13_2_3 like Mac OS X) AppleWebKit/605.1.15 (KHTML, like Gecko) Version/13.0.3 Mobile/15E148 Safari/604.1" 7 **0/7218**
68.178.198.34 - - [15/Sep/2025:10:04:40 -0700] "POST /wp-cron.php?doing_wp_cron=1757955880.5997760295867919921875 HTTP/1.1" 200 - "-" "WordPress/6.8.2; https://www.sapphirepackaging.in" 20 **0/20662**
43.153.86.78 - - [15/Sep/2025:10:04:39 -0700] "GET /wp-content/uploads/2025/04/BOX- HTTP/1.1" 404 100731 "-" "Mozilla/5.0 (iPhone; CPU iPhone OS 13_2_3 like Mac OS X) AppleWebKit/605.1.15 (KHTML, like Gecko) Version/13.0.3 Mobile/15E148 Safari/604.1" 1189 **1/1189821**
68.178.198.34 - - [15/Sep/2025:10:10:13 -0700] "POST /wp-cron.php?doing_wp_cron=1757956213.1870729923248291015625 HTTP/1.1" 200 - "-" "WordPress/6.8.2; https://sapphirepackaging.in" 24 **0/24352**
66.249.74.10 - - [15/Sep/2025:10:10:12 -0700] "GET /man/kaitori/kantan.html HTTP/1.1" 404 18111 "-" "Mozilla/5.0 (Linux; Android 6.0.1; Nexus 5X Build/MMB29P) AppleWebKit/537.36 (KHTML, like Gecko) Chrome/140.0.7339.127 Mobile Safari/537.36 (compatible; Googlebot/2.1; +http://www.google.com/bot.html)" 1194 **1/1194934**
49.51.233.95 - - [15/Sep/2025:10:13:55 -0700] "GET /product-category/mono-cartons/perfume-boxes/ HTTP/1.1" 301 - "-" "Mozilla/5.0 (iPhone; CPU iPhone OS 13_2_3 like Mac OS X) AppleWebKit/605.1.15 (KHTML, like Gecko) Version/13.0.3 Mobile/15E148 Safari/604.1" 601 **0/601919**
68.178.198.34 - - [15/Sep/2025:10:13:59 -0700] "POST /wp-cron.php?doing_wp_cron=1757956439.6854529380798339843750 HTTP/1.1" 200 - "-" "WordPress/6.8.2; https://www.sapphirepackaging.in" 25 **0/25505**
49.51.233.95 - - [15/Sep/2025:10:13:58 -0700] "GET /product/perfume-boxes/ HTTP/1.1" 200 27789 "https://www.sapphirepackaging.in/product-category/mono-cartons/perfume-boxes/" "Mozilla/5.0 (iPhone; CPU iPhone OS 13_2_3 like Mac OS X) AppleWebKit/605.1.15 (KHTML, like Gecko) Version/13.0.3 Mobile/15E148 Safari/604.1" 1434 **1/1434397**
104.210.140.135 - - [15/Sep/2025:10:14:22 -0700] "GET /robots.txt HTTP/2.0" 200 361 "-" "Mozilla/5.0 (Macintosh; Intel Mac OS X 10_15_7) AppleWebKit/537.36 (KHTML, like Gecko) Chrome/131.0.0.0 Safari/537.36; compatible; OAI-SearchBot/1.0; +https://openai.com/searchbot" 6 **0/6924**
15.235.27.100 - - [15/Sep/2025:10:23:04 -0700] "GET /robots.txt HTTP/2.0" 200 361 "-" "Mozilla/5.0 (compatible; AhrefsBot/7.0; +http://ahrefs.com/robot/)" 12 **0/12878**
68.178.198.34 - - [15/Sep/2025:10:23:05 -0700] "POST /wp-cron.php?doing_wp_cron=1757956985.9021310806274414062500 HTTP/1.1" 200 - "-" "WordPress/6.8.2; https://sapphirepackaging.in" 27 **0/27801**
51.161.37.167 - - [15/Sep/2025:10:23:05 -0700] "GET /sitemap.rss HTTP/2.0" 200 1076 "-" "Mozilla/5.0 (compatible; AhrefsBot/7.0; +http://ahrefs.com/robot/)" 957 **0/957970**
43.130.154.56 - - [15/Sep/2025:10:26:59 -0700] "GET /product-category/corrugated-box/flat-mailer-style/ HTTP/1.1" 301 - "-" "Mozilla/5.0 (iPhone; CPU iPhone OS 13_2_3 like Mac OS X) AppleWebKit/605.1.15 (KHTML, like Gecko) Version/13.0.3 Mobile/15E148 Safari/604.1" 559 **0/559434**
68.178.198.34 - - [15/Sep/2025:10:27:05 -0700] "POST /wp-cron.php?doing_wp_cron=1757957225.2534830570220947265625 HTTP/1.1" 200 - "-" "WordPress/6.8.2; https://www.sapphirepackaging.in" 26 **0/26561**
43.130.154.56 - - [15/Sep/2025:10:27:04 -0700] "GET /product/flat-mailer-style-boxes/ HTTP/1.1" 200 29316 "https://www.sapphirepackaging.in/product-category/corrugated-box/flat-mailer-style/" "Mozilla/5.0 (iPhone; CPU iPhone OS 13_2_3 like Mac OS X) AppleWebKit/605.1.15 (KHTML, like Gecko) Version/13.0.3 Mobile/15E148 Safari/604.1" 1245 **1/1245493**
68.178.198.34 - - [15/Sep/2025:10:30:35 -0700] "POST /wp-cron.php?doing_wp_cron=1757957435.6149950027465820312500 HTTP/1.1" 200 - "-" "WordPress/6.8.2; https://sapphirepackaging.in" 23 **0/23805**
5.161.250.15 - - [15/Sep/2025:10:30:34 -0700] "POST /wp-load.php?2bb646=71592 HTTP/1.1" 200 - "-" "Mozilla/5.0 (Windows NT 10.0; Win64; x64) AppleWebKit/537.36 (KHTML, like Gecko) Chrome/104.0.5112.97 Safari/537.36" 757 **0/757020**
68.178.198.34 - - [15/Sep/2025:10:33:07 -0700] "POST /wp-cron.php?doing_wp_cron=1757957587.7774839401245117187500 HTTP/1.1" 200 - "-" "WordPress/6.8.2; https://www.sapphirepackaging.in" 22 **0/22282**
114.119.135.163 - - [15/Sep/2025:10:33:06 -0700] "GET /all-products/ HTTP/1.1" 200 27354 "-" "Mozilla/5.0 (Linux; Android 7.0;) AppleWebKit/537.36 (KHTML, like Gecko) Mobile Safari/537.36 (compatible; PetalBot;+https://webmaster.petalsearch.com/site/petalbot)" 1400 **1/1400444**
43.130.91.95 - - [15/Sep/2025:10:33:50 -0700] "GET /product-category/corrugated-box/partition-boxes/ HTTP/1.1" 301 - "-" "Mozilla/5.0 (iPhone; CPU iPhone OS 13_2_3 like Mac OS X) AppleWebKit/605.1.15 (KHTML, like Gecko) Version/13.0.3 Mobile/15E148 Safari/604.1" 514 **0/514977**
43.130.91.95 - - [15/Sep/2025:10:33:58 -0700] "GET /product/partition-boxes/ HTTP/1.1" 200 29415 "https://www.sapphirepackaging.in/product-category/corrugated-box/partition-boxes/" "Mozilla/5.0 (iPhone; CPU iPhone OS 13_2_3 like Mac OS X) AppleWebKit/605.1.15 (KHTML, like Gecko) Version/13.0.3 Mobile/15E148 Safari/604.1" 1199 **1/1199604**
68.178.198.34 - - [15/Sep/2025:10:35:00 -0700] "POST /wp-cron.php?doing_wp_cron=1757957700.9037098884582519531250 HTTP/1.1" 200 - "-" "WordPress/6.8.2; https://www.sapphirepackaging.in" 22 **0/22127**
114.119.143.187 - - [15/Sep/2025:10:35:00 -0700] "GET /about-us/ HTTP/1.1" 200 25999 "-" "Mozilla/5.0 (Linux; Android 7.0;) AppleWebKit/537.36 (KHTML, like Gecko) Mobile Safari/537.36 (compatible; PetalBot;+https://webmaster.petalsearch.com/site/petalbot)" 2204 **2/2204051**
68.178.198.34 - - [15/Sep/2025:10:36:53 -0700] "POST /wp-cron.php?doing_wp_cron=1757957813.4085481166839599609375 HTTP/1.1" 200 - "-" "WordPress/6.8.2; https://www.sapphirepackaging.in" 21 **0/21671**
114.119.157.234 - - [15/Sep/2025:10:36:52 -0700] "GET /product-category/corrugated-box/partition-boxes/?per_page=18&shop_view=grid&per_row=3 HTTP/1.1" 200 23840 "https://www.sapphirepackaging.in/product-category/corrugated-box/partition-boxes/?per_page=18" "Mozilla/5.0 (Linux; Android 7.0;) AppleWebKit/537.36 (KHTML, like Gecko) Mobile Safari/537.36 (compatible; PetalBot;+https://webmaster.petalsearch.com/site/petalbot)" 972 **0/972270**
68.178.198.34 - - [15/Sep/2025:10:38:21 -0700] "POST /wp-cron.php?doing_wp_cron=1757957901.5192859172821044921875 HTTP/1.1" 200 - "-" "WordPress/6.8.2; https://sapphirepackaging.in" 30 **0/30374**
114.119.157.206 - - [15/Sep/2025:10:38:20 -0700] "GET /all-products/?shop_view=list&per_page=18 HTTP/1.1" 200 33122 "https://sapphirepackaging.in/all-products/page/1/?shop_view=list" "Mozilla/5.0 (Linux; Android 7.0;) AppleWebKit/537.36 (KHTML, like Gecko) Mobile Safari/537.36 (compatible; PetalBot;+https://webmaster.petalsearch.com/site/petalbot)" 1641 **1/1641786**
68.178.198.34 - - [15/Sep/2025:10:47:01 -0700] "POST /wp-cron.php?doing_wp_cron=1757958421.9756751060485839843750 HTTP/1.1" 200 - "-" "WordPress/6.8.2; https://www.sapphirepackaging.in" 31 **0/31774**
43.131.32.36 - - [15/Sep/2025:10:47:01 -0700] "GET /embed/ HTTP/1.1" 301 - "-" "Mozilla/5.0 (iPhone; CPU iPhone OS 13_2_3 like Mac OS X) AppleWebKit/605.1.15 (KHTML, like Gecko) Version/13.0.3 Mobile/15E148 Safari/604.1" 983 **0/983310**
43.131.32.36 - - [15/Sep/2025:10:47:07 -0700] "GET / HTTP/1.1" 200 38476 "https://www.sapphirepackaging.in/embed/" "Mozilla/5.0 (iPhone; CPU iPhone OS 13_2_3 like Mac OS X) AppleWebKit/605.1.15 (KHTML, like Gecko) Version/13.0.3 Mobile/15E148 Safari/604.1" 1489 **1/1489075**
68.178.198.34 - - [15/Sep/2025:10:50:42 -0700] "POST /wp-cron.php?doing_wp_cron=1757958642.3228840827941894531250 HTTP/1.1" 200 - "-" "WordPress/6.8.2; https://www.sapphirepackaging.in" 20 **0/20064**
114.119.135.163 - - [15/Sep/2025:10:50:41 -0700] "GET /product-category/perfume-liner-inserts/colored-liners/?per_row=3&shop_view=list&per_page=24 HTTP/1.1" 200 24010 "https://www.sapphirepackaging.in/product-category/perfume-liner-inserts/colored-liners/?per_row=3&shop_view=list" "Mozilla/5.0 (Linux; Android 7.0;) AppleWebKit/537.36 (KHTML, like Gecko) Mobile Safari/537.36 (compatible; PetalBot;+https://webmaster.petalsearch.com/site/petalbot)" 1045 **1/1045088**
68.178.198.34 - - [15/Sep/2025:10:52:19 -0700] "POST /wp-cron.php?doing_wp_cron=1757958739.7159690856933593750000 HTTP/1.1" 200 - "-" "WordPress/6.8.2; https://www.sapphirepackaging.in" 21 **0/21141**
114.119.157.206 - - [15/Sep/2025:10:52:19 -0700] "GET /product-category/perfume-liner-inserts/colored-liners/?per_page=18&shop_view=list HTTP/1.1" 200 24003 "https://www.sapphirepackaging.in/product-category/perfume-liner-inserts/colored-liners/?per_page=18" "Mozilla/5.0 (Linux; Android 7.0;) AppleWebKit/537.36 (KHTML, like Gecko) Mobile Safari/537.36 (compatible; PetalBot;+https://webmaster.petalsearch.com/site/petalbot)" 959 **0/959851**
43.153.113.127 - - [15/Sep/2025:10:54:13 -0700] "GET /product-category/corrugated-box/pizza-box-pizza-slice-box/ HTTP/1.1" 301 - "-" "Mozilla/5.0 (iPhone; CPU iPhone OS 13_2_3 like Mac OS X) AppleWebKit/605.1.15 (KHTML, like Gecko) Version/13.0.3 Mobile/15E148 Safari/604.1" 481 **0/481553**
68.178.198.34 - - [15/Sep/2025:10:54:18 -0700] "POST /wp-cron.php?doing_wp_cron=1757958858.3938610553741455078125 HTTP/1.1" 200 - "-" "WordPress/6.8.2; https://www.sapphirepackaging.in" 19 **0/19201**
43.153.113.127 - - [15/Sep/2025:10:54:17 -0700] "GET /product/pizza-boxes/ HTTP/1.1" 200 29074 "https://www.sapphirepackaging.in/product-category/corrugated-box/pizza-box-pizza-slice-box/" "Mozilla/5.0 (iPhone; CPU iPhone OS 13_2_3 like Mac OS X) AppleWebKit/605.1.15 (KHTML, like Gecko) Version/13.0.3 Mobile/15E148 Safari/604.1" 1158 **1/1158002**
114.119.157.234 - - [15/Sep/2025:10:54:39 -0700] "GET /product-category/corrugated-box/pizza-box/?per_row=3&per_page=9&shop_view=list HTTP/1.1" 200 24195 "https://www.sapphirepackaging.in/product-category/corrugated-box/pizza-box/?per_row=3&per_page=24&shop_view=list" "Mozilla/5.0 (Linux; Android 7.0;) AppleWebKit/537.36 (KHTML, like Gecko) Mobile Safari/537.36 (compatible; PetalBot;+https://webmaster.petalsearch.com/site/petalbot)" 934 **0/934050**
68.178.198.34 - - [15/Sep/2025:10:55:46 -0700] "POST /wp-cron.php?doing_wp_cron=1757958946.7437629699707031250000 HTTP/1.1" 200 - "-" "WordPress/6.8.2; https://sapphirepackaging.in" 22 **0/22212**
66.249.74.9 - - [15/Sep/2025:10:55:46 -0700] "GET /product/small-planter-box/ HTTP/1.1" 200 25376 "-" "Mozilla/5.0 (Linux; Android 6.0.1; Nexus 5X Build/MMB29P) AppleWebKit/537.36 (KHTML, like Gecko) Chrome/140.0.7339.127 Mobile Safari/537.36 (compatible; Googlebot/2.1; +http://www.google.com/bot.html)" 1239 **1/1239680**
68.178.198.34 - - [15/Sep/2025:10:56:11 -0700] "POST /wp-cron.php?doing_wp_cron=1757958971.5634589195251464843750 HTTP/1.1" 200 - "-" "WordPress/6.8.2; https://www.sapphirepackaging.in" 26 **0/26231**
114.119.157.234 - - [15/Sep/2025:10:56:10 -0700] "GET /product-category/corrugated-box/partition-boxes/?per_row=3&per_page=24&shop_view=list HTTP/1.1" 200 24234 "https://www.sapphirepackaging.in/product-category/corrugated-box/partition-boxes/?per_row=3&per_page=9&shop_view=list" "Mozilla/5.0 (Linux; Android 7.0;) AppleWebKit/537.36 (KHTML, like Gecko) Mobile Safari/537.36 (compatible; PetalBot;+https://webmaster.petalsearch.com/site/petalbot)" 1087 **1/1087456**
66.249.74.10 - - [15/Sep/2025:10:56:36 -0700] "GET /wp-content/themes/woodmart-1/css/parts/woo-single-prod-el-navigation.min.css?ver=8.1.2 HTTP/1.1" 200 389 "https://sapphirepackaging.in/product/small-planter-box/" "Mozilla/5.0 (Linux; Android 6.0.1; Nexus 5X Build/MMB29P) AppleWebKit/537.36 (KHTML, like Gecko) Chrome/139.0.7258.127 Mobile Safari/537.36 (compatible; Googlebot/2.1; +http://www.google.com/bot.html)" 8 **0/8448**
66.249.74.10 - - [15/Sep/2025:10:56:49 -0700] "GET /wp-content/plugins/elementor/assets/css/widget-social-icons.min.css?ver=3.32.0 HTTP/1.1" 200 1070 "https://sapphirepackaging.in/product/small-planter-box/" "Mozilla/5.0 (Linux; Android 6.0.1; Nexus 5X Build/MMB29P) AppleWebKit/537.36 (KHTML, like Gecko) Chrome/139.0.7258.127 Mobile Safari/537.36 (compatible; Googlebot/2.1; +http://www.google.com/bot.html)" 10 **0/10257**
68.178.198.34 - - [15/Sep/2025:10:57:37 -0700] "POST /wp-cron.php?doing_wp_cron=1757959057.0916290283203125000000 HTTP/1.1" 200 - "-" "WordPress/6.8.2; https://www.sapphirepackaging.in" 24 **0/24457**
114.119.142.232 - - [15/Sep/2025:10:57:36 -0700] "GET /product-category/perfume-liner-inserts/?per_row=3&shop_view=grid&per_page=12 HTTP/1.1" 200 24289 "https://www.sapphirepackaging.in/product-category/perfume-liner-inserts/?shop_view=grid&per_row=3" "Mozilla/5.0 (Linux; Android 7.0;) AppleWebKit/537.36 (KHTML, like Gecko) Mobile Safari/537.36 (compatible; PetalBot;+https://webmaster.petalsearch.com/site/petalbot)" 1115 **1/1115484**
68.178.198.34 - - [15/Sep/2025:10:59:34 -0700] "POST /wp-cron.php?doing_wp_cron=1757959174.2745840549468994140625 HTTP/1.1" 200 - "-" "WordPress/6.8.2; https://www.sapphirepackaging.in" 21 **0/21956**
114.119.152.164 - - [15/Sep/2025:10:59:33 -0700] "GET /product-category/corrugated-box/footwear-inner-boxes/?per_row=4&shop_view=grid&per_page=18 HTTP/1.1" 200 23883 "https://www.sapphirepackaging.in/product-category/corrugated-box/footwear-inner-boxes/?shop_view=grid&per_row=4" "Mozilla/5.0 (Linux; Android 7.0;) AppleWebKit/537.36 (KHTML, like Gecko) Mobile Safari/537.36 (compatible; PetalBot;+https://webmaster.petalsearch.com/site/petalbot)" 1021 **1/1021942**
68.178.198.34 - - [15/Sep/2025:11:01:43 -0700] "POST /wp-cron.php?doing_wp_cron=1757959303.5048000812530517578125 HTTP/1.1" 200 - "-" "WordPress/6.8.2; https://www.sapphirepackaging.in" 24 **0/24009**
114.119.134.208 - - [15/Sep/2025:11:01:42 -0700] "GET /product-category/corrugated-box/flat-mailer-style/?per_row=4&shop_view=grid&per_page=24 HTTP/1.1" 200 23941 "https://www.sapphirepackaging.in/product-category/corrugated-box/flat-mailer-style/?per_row=4&shop_view=grid" "Mozilla/5.0 (Linux; Android 7.0;) AppleWebKit/537.36 (KHTML, like Gecko) Mobile Safari/537.36 (compatible; PetalBot;+https://webmaster.petalsearch.com/site/petalbot)" 1019 **1/1019080**
68.178.198.34 - - [15/Sep/2025:11:02:57 -0700] "POST /wp-cron.php?doing_wp_cron=1757959377.8807120323181152343750 HTTP/1.1" 200 - "-" "WordPress/6.8.2; https://www.sapphirepackaging.in" 24 **0/24429**
114.119.152.164 - - [15/Sep/2025:11:02:57 -0700] "GET /product-category/corrugated-box/universal-style-4-flaps/?per_row=3&per_page=12&shop_view=list HTTP/1.1" 200 24379 "https://www.sapphirepackaging.in/product-category/corrugated-box/universal-style-4-flaps/?per_row=3&shop_view=list&per_page=24" "Mozilla/5.0 (Linux; Android 7.0;) AppleWebKit/537.36 (KHTML, like Gecko) Mobile Safari/537.36 (compatible; PetalBot;+https://webmaster.petalsearch.com/site/petalbot)" 1029 **1/1029145**
68.178.198.34 - - [15/Sep/2025:11:03:54 -0700] "POST /wp-cron.php?doing_wp_cron=1757959434.5742170810699462890625 HTTP/1.1" 200 - "-" "WordPress/6.8.2; https://www.sapphirepackaging.in" 28 **0/28797**
43.166.238.12 - - [15/Sep/2025:11:03:53 -0700] "GET /privacy-policy/ HTTP/1.1" 200 23006 "-" "Mozilla/5.0 (iPhone; CPU iPhone OS 13_2_3 like Mac OS X) AppleWebKit/605.1.15 (KHTML, like Gecko) Version/13.0.3 Mobile/15E148 Safari/604.1" 1431 **1/1431355**
68.178.198.34 - - [15/Sep/2025:11:04:25 -0700] "POST /wp-cron.php?doing_wp_cron=1757959465.3883030414581298828125 HTTP/1.1" 200 - "-" "WordPress/6.8.2; https://www.sapphirepackaging.in" 24 **0/24905**
114.119.157.234 - - [15/Sep/2025:11:04:24 -0700] "GET /all-products/?per_page=18&shop_view=list HTTP/1.1" 200 33581 "https://www.sapphirepackaging.in/all-products/page/1/?shop_view=list&per_page=9" "Mozilla/5.0 (Linux; Android 7.0;) AppleWebKit/537.36 (KHTML, like Gecko) Mobile Safari/537.36 (compatible; PetalBot;+https://webmaster.petalsearch.com/site/petalbot)" 1433 **1/1433524**
68.178.198.34 - - [15/Sep/2025:11:05:45 -0700] "POST /wp-cron.php?doing_wp_cron=1757959545.9164509773254394531250 HTTP/1.1" 200 - "-" "WordPress/6.8.2; https://www.sapphirepackaging.in" 23 **0/23949**
114.119.143.187 - - [15/Sep/2025:11:05:45 -0700] "GET /product-category/corrugated-box/partition-boxes/?per_row=3&shop_view=grid&per_page=12 HTTP/1.1" 200 23841 "https://www.sapphirepackaging.in/product-category/corrugated-box/partition-boxes/?per_row=3&shop_view=grid" "Mozilla/5.0 (Linux; Android 7.0;) AppleWebKit/537.36 (KHTML, like Gecko) Mobile Safari/537.36 (compatible; PetalBot;+https://webmaster.petalsearch.com/site/petalbot)" 1301 **1/1301420**
68.178.198.34 - - [15/Sep/2025:11:07:10 -0700] "POST /wp-cron.php?doing_wp_cron=1757959630.6445341110229492187500 HTTP/1.1" 200 - "-" "WordPress/6.8.2; https://sapphirepackaging.in" 22 **0/22413**
114.119.157.234 - - [15/Sep/2025:11:07:09 -0700] "GET /product-category/perfume-liner-inserts/black-shade-liners/?per_row=3&per_page=18&shop_view=list HTTP/1.1" 200 23671 "https://sapphirepackaging.in/product-category/perfume-liner-inserts/black-shade-liners/?per_row=3&shop_view=list&per_page=9" "Mozilla/5.0 (Linux; Android 7.0;) AppleWebKit/537.36 (KHTML, like Gecko) Mobile Safari/537.36 (compatible; PetalBot;+https://webmaster.petalsearch.com/site/petalbot)" 1096 **1/1096758**
68.178.198.34 - - [15/Sep/2025:11:08:36 -0700] "POST /wp-cron.php?doing_wp_cron=1757959716.6654810905456542968750 HTTP/1.1" 200 - "-" "WordPress/6.8.2; https://sapphirepackaging.in" 29 **0/29423**
114.119.134.208 - - [15/Sep/2025:11:08:35 -0700] "GET /product-category/corrugated-box/top-bottom-boxes/?per_row=4&shop_view=list&per_page=18 HTTP/1.1" 200 23592 "https://sapphirepackaging.in/product-category/corrugated-box/top-bottom-boxes/?per_row=4&shop_view=list&per_page=18" "Mozilla/5.0 (Linux; Android 7.0;) AppleWebKit/537.36 (KHTML, like Gecko) Mobile Safari/537.36 (compatible; PetalBot;+https://webmaster.petalsearch.com/site/petalbot)" 1317 **1/1317740**
68.178.198.34 - - [15/Sep/2025:11:10:05 -0700] "POST /wp-cron.php?doing_wp_cron=1757959804.9876770973205566406250 HTTP/1.1" 200 - "-" "WordPress/6.8.2; https://sapphirepackaging.in" 26 **0/26701**
114.119.142.232 - - [15/Sep/2025:11:10:03 -0700] "GET /product-category/corrugated-box/top-bottom-boxes/?per_page=9&shop_view=grid&per_row=4 HTTP/1.1" 200 23285 "https://sapphirepackaging.in/product-category/corrugated-box/top-bottom-boxes/?shop_view=list&per_page=9" "Mozilla/5.0 (Linux; Android 7.0;) AppleWebKit/537.36 (KHTML, like Gecko) Mobile Safari/537.36 (compatible; PetalBot;+https://webmaster.petalsearch.com/site/petalbot)" 1717 **1/1717940**
68.178.198.34 - - [15/Sep/2025:11:11:32 -0700] "POST /wp-cron.php?doing_wp_cron=1757959892.6152629852294921875000 HTTP/1.1" 200 - "-" "WordPress/6.8.2; https://www.sapphirepackaging.in" 22 **0/22220**
114.119.135.163 - - [15/Sep/2025:11:11:31 -0700] "GET /product-category/corrugated-box/small-planter-boxes/?per_row=4&shop_view=grid HTTP/1.1" 200 23807 "https://www.sapphirepackaging.in/product-category/corrugated-box/small-planter-boxes/?per_row=4&shop_view=list" "Mozilla/5.0 (Linux; Android 7.0;) AppleWebKit/537.36 (KHTML, like Gecko) Mobile Safari/537.36 (compatible; PetalBot;+https://webmaster.petalsearch.com/site/petalbot)" 1103 **1/1103096**
68.178.198.34 - - [15/Sep/2025:11:13:07 -0700] "POST /wp-cron.php?doing_wp_cron=1757959987.0093829631805419921875 HTTP/1.1" 200 - "-" "WordPress/6.8.2; https://sapphirepackaging.in" 23 **0/23396**
114.119.134.208 - - [15/Sep/2025:11:13:06 -0700] "GET /product-category/corrugated-box/top-bottom-boxes/?per_page=18&shop_view=list HTTP/1.1" 200 23576 "https://sapphirepackaging.in/product-category/corrugated-box/top-bottom-boxes/?shop_view=list&per_page=9" "Mozilla/5.0 (Linux; Android 7.0;) AppleWebKit/537.36 (KHTML, like Gecko) Mobile Safari/537.36 (compatible; PetalBot;+https://webmaster.petalsearch.com/site/petalbot)" 1182 **1/1182593**
68.178.198.34 - - [15/Sep/2025:11:14:02 -0700] "POST /wp-cron.php?doing_wp_cron=1757960042.5329129695892333984375 HTTP/1.1" 200 - "-" "WordPress/6.8.2; https://www.sapphirepackaging.in" 30 **0/30773**
43.130.16.212 - - [15/Sep/2025:11:14:01 -0700] "GET /wp-json/wp/v2/product/1954 HTTP/1.1" 200 5250 "-" "Mozilla/5.0 (iPhone; CPU iPhone OS 13_2_3 like Mac OS X) AppleWebKit/605.1.15 (KHTML, like Gecko) Version/13.0.3 Mobile/15E148 Safari/604.1" 1508 **1/1508839**
68.178.198.34 - - [15/Sep/2025:11:14:44 -0700] "POST /wp-cron.php?doing_wp_cron=1757960084.6791179180145263671875 HTTP/1.1" 200 - "-" "WordPress/6.8.2; https://sapphirepackaging.in" 20 **0/20794**
114.119.142.232 - - [15/Sep/2025:11:14:43 -0700] "GET /product-category/corrugated-box/partition-boxes/?per_row=3&shop_view=grid&per_page=12 HTTP/1.1" 200 23383 "https://sapphirepackaging.in/product-category/corrugated-box/partition-boxes/?per_row=3&shop_view=grid" "Mozilla/5.0 (Linux; Android 7.0;) AppleWebKit/537.36 (KHTML, like Gecko) Mobile Safari/537.36 (compatible; PetalBot;+https://webmaster.petalsearch.com/site/petalbot)" 1097 **1/1097444**
68.178.198.34 - - [15/Sep/2025:11:16:23 -0700] "POST /wp-cron.php?doing_wp_cron=1757960183.9481599330902099609375 HTTP/1.1" 200 - "-" "WordPress/6.8.2; https://sapphirepackaging.in" 25 **0/25454**
114.119.157.206 - - [15/Sep/2025:11:16:23 -0700] "GET /product-category/corrugated-box/handle-boxes/?per_row=3&shop_view=list&per_page=24 HTTP/1.1" 200 23838 "https://sapphirepackaging.in/product-category/corrugated-box/handle-boxes/?per_row=3&shop_view=list" "Mozilla/5.0 (Linux; Android 7.0;) AppleWebKit/537.36 (KHTML, like Gecko) Mobile Safari/537.36 (compatible; PetalBot;+https://webmaster.petalsearch.com/site/petalbot)" 1032 **1/1032897**
68.178.198.34 - - [15/Sep/2025:11:18:03 -0700] "POST /wp-cron.php?doing_wp_cron=1757960283.6377780437469482421875 HTTP/1.1" 200 - "-" "WordPress/6.8.2; https://sapphirepackaging.in" 19 **0/19170**
114.119.139.26 - - [15/Sep/2025:11:18:02 -0700] "GET /product-category/corrugated-box/flat-mailer-style/?per_row=3&per_page=18&shop_view=grid HTTP/1.1" 200 23487 "https://sapphirepackaging.in/product-category/corrugated-box/flat-mailer-style/?per_row=3&shop_view=grid&per_page=12" "Mozilla/5.0 (Linux; Android 7.0;) AppleWebKit/537.36 (KHTML, like Gecko) Mobile Safari/537.36 (compatible; PetalBot;+https://webmaster.petalsearch.com/site/petalbot)" 1011 **1/1011880**
68.178.198.34 - - [15/Sep/2025:11:19:18 -0700] "POST /wp-cron.php?doing_wp_cron=1757960358.6411869525909423828125 HTTP/1.1" 200 - "-" "WordPress/6.8.2; https://sapphirepackaging.in" 23 **0/23798**
114.119.143.187 - - [15/Sep/2025:11:19:18 -0700] "GET /product-category/corrugated-box/flat-mailer-style/?per_page=9&shop_view=list HTTP/1.1" 200 23791 "https://sapphirepackaging.in/product-category/corrugated-box/flat-mailer-style/?per_page=24&shop_view=list" "Mozilla/5.0 (Linux; Android 7.0;) AppleWebKit/537.36 (KHTML, like Gecko) Mobile Safari/537.36 (compatible; PetalBot;+https://webmaster.petalsearch.com/site/petalbot)" 975 **0/975082**
68.178.198.34 - - [15/Sep/2025:11:23:41 -0700] "POST /wp-cron.php?doing_wp_cron=1757960621.5854539871215820312500 HTTP/1.1" 200 - "-" "WordPress/6.8.2; https://www.sapphirepackaging.in" 28 **0/28565**
170.106.192.3 - - [15/Sep/2025:11:23:40 -0700] "GET /wp-json/wp/v2/product/1887 HTTP/1.1" 200 5321 "-" "Mozilla/5.0 (iPhone; CPU iPhone OS 13_2_3 like Mac OS X) AppleWebKit/605.1.15 (KHTML, like Gecko) Version/13.0.3 Mobile/15E148 Safari/604.1" 1139 **1/1139154**
68.178.198.34 - - [15/Sep/2025:11:30:49 -0700] "POST /wp-cron.php?doing_wp_cron=1757961049.3881950378417968750000 HTTP/1.1" 200 - "-" "WordPress/6.8.2; https://sapphirepackaging.in" 22 **0/22313**
139.180.180.168 - - [15/Sep/2025:11:30:48 -0700] "POST /wp-load.php?4d3f22=70898 HTTP/1.1" 200 - "-" "Mozilla/5.0 (Windows NT 10.0; Win64; x64) AppleWebKit/537.36 (KHTML, like Gecko) Chrome/104.0.5112.97 Safari/537.36" 755 **0/755210**
68.178.198.34 - - [15/Sep/2025:11:32:04 -0700] "POST /wp-cron.php?doing_wp_cron=1757961124.9804348945617675781250 HTTP/1.1" 200 - "-" "WordPress/6.8.2; https://www.sapphirepackaging.in" 25 **0/25848**
43.157.180.116 - - [15/Sep/2025:11:32:04 -0700] "GET /product/partition-boxes/feed/ HTTP/1.1" 200 414 "-" "Mozilla/5.0 (iPhone; CPU iPhone OS 13_2_3 like Mac OS X) AppleWebKit/605.1.15 (KHTML, like Gecko) Version/13.0.3 Mobile/15E148 Safari/604.1" 722 **0/722995**
3.222.232.239 - - [15/Sep/2025:11:37:00 -0700] "GET /wp-content/uploads/2025/04/option-1-light-grey-background-600x600.webp HTTP/1.1" 200 7604 "-" "Mozilla/5.0 AppleWebKit/537.36 (KHTML, like Gecko; compatible; PerplexityBot/1.0; +https://perplexity.ai/perplexitybot)" 14 **0/14621**
66.249.73.5 - - [15/Sep/2025:11:37:00 -0700] "GET /wp-content/uploads/2025/04/2-2.png HTTP/1.1" 200 1510183 "-" "Googlebot-Image/1.0" 108 **0/108200**
18.97.9.101 - - [15/Sep/2025:11:37:03 -0700] "GET /robots.txt HTTP/1.1" 200 1022 "-" "Mozilla/5.0 AppleWebKit/537.36 (KHTML, like Gecko; compatible; PerplexityBot/1.0; +https://perplexity.ai/perplexitybot)" 9 **0/9121**
68.178.198.34 - - [15/Sep/2025:11:37:05 -0700] "POST /wp-cron.php?doing_wp_cron=1757961425.0631909370422363281250 HTTP/1.1" 200 - "-" "WordPress/6.8.2; https://www.sapphirepackaging.in" 31 **0/31254**
18.97.9.99 - - [15/Sep/2025:11:37:04 -0700] "GET /product/1951/ HTTP/1.1" 200 27775 "-" "Mozilla/5.0 AppleWebKit/537.36 (KHTML, like Gecko; compatible; PerplexityBot/1.0; +https://perplexity.ai/perplexitybot)" 1567 **1/1567969**
18.97.9.98 - - [15/Sep/2025:11:37:07 -0700] "GET / HTTP/1.1" 200 38476 "-" "Mozilla/5.0 AppleWebKit/537.36 (KHTML, like Gecko; compatible; PerplexityBot/1.0; +https://perplexity.ai/perplexitybot)" 1664 **1/1664451**
68.178.198.34 - - [15/Sep/2025:11:41:51 -0700] "POST /wp-cron.php?doing_wp_cron=1757961711.9380509853363037109375 HTTP/1.1" 200 - "-" "WordPress/6.8.2; https://sapphirepackaging.in" 29 **0/29095**
66.249.74.9 - - [15/Sep/2025:11:41:51 -0700] "GET /pcmypage/ HTTP/1.1" 404 18093 "-" "Mozilla/5.0 (Linux; Android 6.0.1; Nexus 5X Build/MMB29P) AppleWebKit/537.36 (KHTML, like Gecko) Chrome/140.0.7339.127 Mobile Safari/537.36 (compatible; Googlebot/2.1; +http://www.google.com/bot.html)" 1248 **1/1248867**
51.68.111.238 - - [15/Sep/2025:11:42:08 -0700] "GET /robots.txt HTTP/1.1" 200 361 "-" "Mozilla/5.0 (compatible; MJ12bot/v2.0.4; http://mj12bot.com/)" 8 **0/8442**
68.178.198.34 - - [15/Sep/2025:11:42:09 -0700] "POST /wp-cron.php?doing_wp_cron=1757961729.6152589321136474609375 HTTP/1.1" 200 - "-" "WordPress/6.8.2; https://sapphirepackaging.in" 23 **0/23219**
51.68.111.238 - - [15/Sep/2025:11:42:08 -0700] "GET / HTTP/1.1" 200 31924 "-" "Mozilla/5.0 (compatible; MJ12bot/v2.0.4; http://mj12bot.com/)" 1631 **1/1631471**
68.178.198.34 - - [15/Sep/2025:11:43:23 -0700] "POST /wp-cron.php?doing_wp_cron=1757961803.5709030628204345703125 HTTP/1.1" 200 - "-" "WordPress/6.8.2; https://www.sapphirepackaging.in" 31 **0/31397**
114.119.135.163 - - [15/Sep/2025:11:43:22 -0700] "GET /all-products/page/1/?per_row=4&per_page=9&shop_view=list HTTP/1.1" 301 - "https://www.sapphirepackaging.in/all-products/page/2/?per_row=4&per_page=9&shop_view=list" "Mozilla/5.0 (Linux; Android 7.0;) AppleWebKit/537.36 (KHTML, like Gecko) Mobile Safari/537.36 (compatible; PetalBot;+https://webmaster.petalsearch.com/site/petalbot)" 721 **0/721521**
51.68.236.68 - - [15/Sep/2025:11:43:23 -0700] "GET /robots.txt HTTP/1.1" 200 361 "-" "Mozilla/5.0 (compatible; MJ12bot/v2.0.4; http://mj12bot.com/)" 8 **0/8292**
51.68.236.68 - - [15/Sep/2025:11:43:24 -0700] "GET / HTTP/1.1" 200 31925 "-" "Mozilla/5.0 (compatible; MJ12bot/v2.0.4; http://mj12bot.com/)" 1393 **1/1393871**
114.119.135.163 - - [15/Sep/2025:11:43:24 -0700] "GET /all-products/?per_row=4&per_page=9&shop_view=list HTTP/1.1" 200 29450 "https://www.sapphirepackaging.in/all-products/page/2/?per_row=4&per_page=9&shop_view=list" "Mozilla/5.0 (Linux; Android 7.0;) AppleWebKit/537.36 (KHTML, like Gecko) Mobile Safari/537.36 (compatible; PetalBot;+https://webmaster.petalsearch.com/site/petalbot)" 1255 **1/1255874**
68.178.198.34 - - [15/Sep/2025:11:44:42 -0700] "POST /wp-cron.php?doing_wp_cron=1757961882.3144071102142333984375 HTTP/1.1" 200 - "-" "WordPress/6.8.2; https://sapphirepackaging.in" 26 **0/26290**
114.119.152.164 - - [15/Sep/2025:11:44:41 -0700] "GET /all-products/?per_row=3&per_page=9&shop_view=list HTTP/1.1" 200 28992 "https://sapphirepackaging.in/all-products/page/2/?per_row=3&shop_view=grid&per_page=9" "Mozilla/5.0 (Linux; Android 7.0;) AppleWebKit/537.36 (KHTML, like Gecko) Mobile Safari/537.36 (compatible; PetalBot;+https://webmaster.petalsearch.com/site/petalbot)" 1248 **1/1248592**
68.178.198.34 - - [15/Sep/2025:11:45:40 -0700] "POST /wp-cron.php?doing_wp_cron=1757961940.1796109676361083984375 HTTP/1.1" 200 - "-" "WordPress/6.8.2; https://www.sapphirepackaging.in" 30 **0/30213**
43.130.110.130 - - [15/Sep/2025:11:45:39 -0700] "GET /comments/feed/ HTTP/1.1" 200 401 "-" "Mozilla/5.0 (iPhone; CPU iPhone OS 13_2_3 like Mac OS X) AppleWebKit/605.1.15 (KHTML, like Gecko) Version/13.0.3 Mobile/15E148 Safari/604.1" 842 **0/842252**
68.178.198.34 - - [15/Sep/2025:11:46:09 -0700] "POST /wp-cron.php?doing_wp_cron=1757961969.3740489482879638671875 HTTP/1.1" 200 - "-" "WordPress/6.8.2; https://www.sapphirepackaging.in" 23 **0/23650**
114.119.135.163 - - [15/Sep/2025:11:46:08 -0700] "GET /product-category/mono-cartons/?per_row=3&shop_view=list&per_page=18 HTTP/1.1" 200 25708 "https://www.sapphirepackaging.in/product-category/mono-cartons/?per_row=3&shop_view=list&per_page=18" "Mozilla/5.0 (Linux; Android 7.0;) AppleWebKit/537.36 (KHTML, like Gecko) Mobile Safari/537.36 (compatible; PetalBot;+https://webmaster.petalsearch.com/site/petalbot)" 1208 **1/1208902**
68.178.198.34 - - [15/Sep/2025:11:47:32 -0700] "POST /wp-cron.php?doing_wp_cron=1757962052.5326840877532958984375 HTTP/1.1" 200 - "-" "WordPress/6.8.2; https://sapphirepackaging.in" 32 **0/32191**
114.119.157.234 - - [15/Sep/2025:11:47:31 -0700] "GET /product/top-bottom-boxes/ HTTP/1.1" 200 25231 "https://sapphirepackaging.in/product-category/corrugated-box/footwear-inner-boxes/?per_row=4&per_page=18&shop_view=grid" "Mozilla/5.0 (Linux; Android 7.0;) AppleWebKit/537.36 (KHTML, like Gecko) Mobile Safari/537.36 (compatible; PetalBot;+https://webmaster.petalsearch.com/site/petalbot)" 1310 **1/1310323**
68.178.198.34 - - [15/Sep/2025:11:48:57 -0700] "POST /wp-cron.php?doing_wp_cron=1757962137.8184349536895751953125 HTTP/1.1" 200 - "-" "WordPress/6.8.2; https://sapphirepackaging.in" 25 **0/25621**
114.119.139.26 - - [15/Sep/2025:11:48:56 -0700] "GET /product-category/perfume-liner-inserts/colored-liners/?per_page=9&shop_view=list HTTP/1.1" 200 23552 "https://sapphirepackaging.in/product-category/perfume-liner-inserts/colored-liners/?per_page=12&shop_view=list" "Mozilla/5.0 (Linux; Android 7.0;) AppleWebKit/537.36 (KHTML, like Gecko) Mobile Safari/537.36 (compatible; PetalBot;+https://webmaster.petalsearch.com/site/petalbot)" 1303 **1/1303236**
68.178.198.34 - - [15/Sep/2025:11:50:30 -0700] "POST /wp-cron.php?doing_wp_cron=1757962230.7802760601043701171875 HTTP/1.1" 200 - "-" "WordPress/6.8.2; https://sapphirepackaging.in" 30 **0/30772**
114.119.135.163 - - [15/Sep/2025:11:50:29 -0700] "GET /product-category/mono-cartons/perfume-boxes/?shop_view=list&per_page=18 HTTP/1.1" 200 23777 "https://sapphirepackaging.in/product-category/mono-cartons/perfume-boxes/?shop_view=list" "Mozilla/5.0 (Linux; Android 7.0;) AppleWebKit/537.36 (KHTML, like Gecko) Mobile Safari/537.36 (compatible; PetalBot;+https://webmaster.petalsearch.com/site/petalbot)" 1526 **1/1526449**
68.178.198.34 - - [15/Sep/2025:11:51:51 -0700] "POST /wp-cron.php?doing_wp_cron=1757962311.1082849502563476562500 HTTP/1.1" 200 - "-" "WordPress/6.8.2; https://sapphirepackaging.in" 24 **0/24565**
114.119.157.234 - - [15/Sep/2025:11:51:50 -0700] "GET /all-products/page/2/?per_row=4&shop_view=list&per_page=12 HTTP/1.1" 200 26420 "https://sapphirepackaging.in/all-products/page/2/?per_row=4&shop_view=list&per_page=12" "Mozilla/5.0 (Linux; Android 7.0;) AppleWebKit/537.36 (KHTML, like Gecko) Mobile Safari/537.36 (compatible; PetalBot;+https://webmaster.petalsearch.com/site/petalbot)" 1225 **1/1225513**
68.178.198.34 - - [15/Sep/2025:11:53:06 -0700] "POST /wp-cron.php?doing_wp_cron=1757962386.4598469734191894531250 HTTP/1.1" 200 - "-" "WordPress/6.8.2; https://sapphirepackaging.in" 27 **0/27033**
114.119.157.234 - - [15/Sep/2025:11:53:05 -0700] "GET /product-category/corrugated-box/pizza-box/?per_page=12&shop_view=list HTTP/1.1" 200 23729 "https://sapphirepackaging.in/product-category/corrugated-box/pizza-box/?shop_view=list&per_page=9" "Mozilla/5.0 (Linux; Android 7.0;) AppleWebKit/537.36 (KHTML, like Gecko) Mobile Safari/537.36 (compatible; PetalBot;+https://webmaster.petalsearch.com/site/petalbot)" 1048 **1/1048613**
68.178.198.34 - - [15/Sep/2025:11:54:31 -0700] "POST /wp-cron.php?doing_wp_cron=1757962471.3284978866577148437500 HTTP/1.1" 200 - "-" "WordPress/6.8.2; https://www.sapphirepackaging.in" 29 **0/29765**
114.119.152.164 - - [15/Sep/2025:11:54:30 -0700] "GET /product-category/corrugated-box/handle-boxes/?per_row=4&per_page=9&shop_view=list HTTP/1.1" 200 24299 "https://www.sapphirepackaging.in/product-category/corrugated-box/handle-boxes/?per_row=4&shop_view=list&per_page=18" "Mozilla/5.0 (Linux; Android 7.0;) AppleWebKit/537.36 (KHTML, like Gecko) Mobile Safari/537.36 (compatible; PetalBot;+https://webmaster.petalsearch.com/site/petalbot)" 1431 **1/1431717**
68.178.198.34 - - [15/Sep/2025:11:59:29 -0700] "POST /wp-cron.php?doing_wp_cron=1757962769.9623239040374755859375 HTTP/1.1" 200 - "-" "WordPress/6.8.2; https://www.sapphirepackaging.in" 21 **0/21157**
43.130.141.193 - - [15/Sep/2025:11:59:29 -0700] "GET /wp-json/oembed/1.0/embed?url=https%3A%2F%2Fwww.sapphirepackaging.in%2Fproduct%2Fpizza-boxes%2F&format=xml HTTP/1.1" 200 1189 "-" "Mozilla/5.0 (iPhone; CPU iPhone OS 13_2_3 like Mac OS X) AppleWebKit/605.1.15 (KHTML, like Gecko) Version/13.0.3 Mobile/15E148 Safari/604.1" 793 **0/793989**
68.178.198.34 - - [15/Sep/2025:12:01:38 -0700] "POST /wp-cron.php?doing_wp_cron=1757962898.8485429286956787109375 HTTP/1.1" 200 - "-" "WordPress/6.8.2; https://www.sapphirepackaging.in" 20 **0/20687**
114.119.157.206 - - [15/Sep/2025:12:01:38 -0700] "GET /product-category/mono-cartons/?per_page=9&shop_view=grid&per_row=3 HTTP/1.1" 200 24457 "https://www.sapphirepackaging.in/product-category/mono-cartons/?per_page=9" "Mozilla/5.0 (Linux; Android 7.0;) AppleWebKit/537.36 (KHTML, like Gecko) Mobile Safari/537.36 (compatible; PetalBot;+https://webmaster.petalsearch.com/site/petalbot)" 956 **0/956569**
68.178.198.34 - - [15/Sep/2025:12:02:58 -0700] "POST /wp-cron.php?doing_wp_cron=1757962978.2298800945281982421875 HTTP/1.1" 200 - "-" "WordPress/6.8.2; https://www.sapphirepackaging.in" 22 **0/22287**
114.119.134.208 - - [15/Sep/2025:12:02:57 -0700] "GET /product-category/corrugated-box/tuck-in-boxes/?per_page=12&shop_view=grid&per_row=3 HTTP/1.1" 200 23941 "https://www.sapphirepackaging.in/product-category/corrugated-box/tuck-in-boxes/?per_page=12&shop_view=list" "Mozilla/5.0 (Linux; Android 7.0;) AppleWebKit/537.36 (KHTML, like Gecko) Mobile Safari/537.36 (compatible; PetalBot;+https://webmaster.petalsearch.com/site/petalbot)" 872 **0/872470**
68.178.198.34 - - [15/Sep/2025:12:04:26 -0700] "POST /wp-cron.php?doing_wp_cron=1757963066.4647970199584960937500 HTTP/1.1" 200 - "-" "WordPress/6.8.2; https://www.sapphirepackaging.in" 21 **0/21257**
114.119.139.26 - - [15/Sep/2025:12:04:25 -0700] "GET /product-category/perfume-liner-inserts/?per_row=3&shop_view=grid&per_page=18 HTTP/1.1" 200 24290 "https://www.sapphirepackaging.in/product-category/perfume-liner-inserts/?shop_view=grid&per_row=3" "Mozilla/5.0 (Linux; Android 7.0;) AppleWebKit/537.36 (KHTML, like Gecko) Mobile Safari/537.36 (compatible; PetalBot;+https://webmaster.petalsearch.com/site/petalbot)" 805 **0/805831**
43.166.1.243 - - [15/Sep/2025:12:04:40 -0700] "GET /wp-json/oembed/1.0/embed?url=https%3A%2F%2Fwww.sapphirepackaging.in%2Fprivacy-policy%2F&format=xml HTTP/1.1" 200 1118 "-" "Mozilla/5.0 (iPhone; CPU iPhone OS 13_2_3 like Mac OS X) AppleWebKit/605.1.15 (KHTML, like Gecko) Version/13.0.3 Mobile/15E148 Safari/604.1" 921 **0/921557**
