115.245.198.194 - - [16/Sep/2025:00:27:13 -0700] "GET /wp-content/uploads/elementor/css/post-688.css?ver=1757948294 HTTP/2.0" 200 1097 "https://sapphirepackaging.in/" "Mozilla/5.0 (X11; Linux x86_64) AppleWebKit/537.36 (KHTML, like Gecko) Chrome/140.0.0.0 Safari/537.36" 840 **0/840777**
115.245.198.194 - - [16/Sep/2025:00:27:15 -0700] "GET /wp-content/plugins/woocommerce/assets/client/blocks/wc-blocks.css?ver=wc-10.1.2 HTTP/2.0" 200 2362 "https://sapphirepackaging.in/" "Mozilla/5.0 (X11; Linux x86_64) AppleWebKit/537.36 (KHTML, like Gecko) Chrome/140.0.0.0 Safari/537.36" 13 **0/13371**
115.245.198.194 - - [16/Sep/2025:00:27:15 -0700] "GET /wp-content/plugins/elementor/assets/css/widget-image.min.css?ver=3.32.0 HTTP/2.0" 200 120 "https://sapphirepackaging.in/" "Mozilla/5.0 (X11; Linux x86_64) AppleWebKit/537.36 (KHTML, like Gecko) Chrome/140.0.0.0 Safari/537.36" 8 **0/8352**
115.245.198.194 - - [16/Sep/2025:00:27:15 -0700] "GET /wp-content/uploads/elementor/css/custom-apple-webkit.min.css?ver=1757948293 HTTP/2.0" 200 472 "https://sapphirepackaging.in/" "Mozilla/5.0 (X11; Linux x86_64) AppleWebKit/537.36 (KHTML, like Gecko) Chrome/140.0.0.0 Safari/537.36" 9 **0/9188**
115.245.198.194 - - [16/Sep/2025:00:27:15 -0700] "GET /wp-content/plugins/elementor/assets/css/widget-social-icons.min.css?ver=3.32.0 HTTP/2.0" 200 1070 "https://sapphirepackaging.in/" "Mozilla/5.0 (X11; Linux x86_64) AppleWebKit/537.36 (KHTML, like Gecko) Chrome/140.0.0.0 Safari/537.36" 9 **0/9928**
115.245.198.194 - - [16/Sep/2025:00:27:15 -0700] "GET /wp-includes/js/dist/i18n.min.js?ver=5e580eb46a90c2b997e6 HTTP/2.0" 200 3540 "https://sapphirepackaging.in/" "Mozilla/5.0 (X11; Linux x86_64) AppleWebKit/537.36 (KHTML, like Gecko) Chrome/140.0.0.0 Safari/537.36" 12 **0/12032**
115.245.198.194 - - [16/Sep/2025:00:27:15 -0700] "GET /wp-content/plugins/elementor/assets/lib/animations/styles/e-animation-pop.min.css?ver=3.32.0 HTTP/2.0" 200 131 "https://sapphirepackaging.in/" "Mozilla/5.0 (X11; Linux x86_64) AppleWebKit/537.36 (KHTML, like Gecko) Chrome/140.0.0.0 Safari/537.36" 12 **0/12854**
115.245.198.194 - - [16/Sep/2025:00:27:15 -0700] "GET /wp-includes/js/dist/hooks.min.js?ver=4d63a3d491d11ffd8ac6 HTTP/2.0" 200 1573 "https://sapphirepackaging.in/" "Mozilla/5.0 (X11; Linux x86_64) AppleWebKit/537.36 (KHTML, like Gecko) Chrome/140.0.0.0 Safari/537.36" 13 **0/13585**
115.245.198.194 - - [16/Sep/2025:00:27:15 -0700] "GET /wp-content/plugins/contact-form-7/includes/swv/js/index.js?ver=6.1.1 HTTP/2.0" 200 3369 "https://sapphirepackaging.in/" "Mozilla/5.0 (X11; Linux x86_64) AppleWebKit/537.36 (KHTML, like Gecko) Chrome/140.0.0.0 Safari/537.36" 13 **0/13888**
115.245.198.194 - - [16/Sep/2025:00:27:15 -0700] "GET /wp-content/themes/woodmart-1/js/scripts/wc/updateCartFragmentsFix.js?ver=8.1.2 HTTP/2.0" 200 538 "https://sapphirepackaging.in/" "Mozilla/5.0 (X11; Linux x86_64) AppleWebKit/537.36 (KHTML, like Gecko) Chrome/140.0.0.0 Safari/537.36" 14 **0/14513**
115.245.198.194 - - [16/Sep/2025:00:27:15 -0700] "GET /wp-content/plugins/contact-form-7/includes/js/index.js?ver=6.1.1 HTTP/2.0" 200 4020 "https://sapphirepackaging.in/" "Mozilla/5.0 (X11; Linux x86_64) AppleWebKit/537.36 (KHTML, like Gecko) Chrome/140.0.0.0 Safari/537.36" 15 **0/15605**
115.245.198.194 - - [16/Sep/2025:00:27:15 -0700] "GET /wp-content/plugins/woocommerce/assets/js/sourcebuster/sourcebuster.min.js?ver=10.1.2 HTTP/2.0" 200 4615 "https://sapphirepackaging.in/" "Mozilla/5.0 (X11; Linux x86_64) AppleWebKit/537.36 (KHTML, like Gecko) Chrome/140.0.0.0 Safari/537.36" 10 **0/10656**
115.245.198.194 - - [16/Sep/2025:00:27:15 -0700] "GET /wp-includes/js/jquery/ui/core.min.js?ver=1.13.3 HTTP/2.0" 200 6820 "https://sapphirepackaging.in/" "Mozilla/5.0 (X11; Linux x86_64) AppleWebKit/537.36 (KHTML, like Gecko) Chrome/140.0.0.0 Safari/537.36" 22 **0/22094**
115.245.198.194 - - [16/Sep/2025:00:27:15 -0700] "GET /wp-content/themes/woodmart-1/js/scripts/wc/woocommerceNotices.min.js?ver=8.1.2 HTTP/2.0" 200 233 "https://sapphirepackaging.in/" "Mozilla/5.0 (X11; Linux x86_64) AppleWebKit/537.36 (KHTML, like Gecko) Chrome/140.0.0.0 Safari/537.36" 34 **0/34869**
115.245.198.194 - - [16/Sep/2025:00:27:15 -0700] "GET /wp-content/themes/woodmart-1/js/scripts/header/headerBuilder.min.js?ver=8.1.2 HTTP/2.0" 200 966 "https://sapphirepackaging.in/" "Mozilla/5.0 (X11; Linux x86_64) AppleWebKit/537.36 (KHTML, like Gecko) Chrome/140.0.0.0 Safari/537.36" 35 **0/35278**
115.245.198.194 - - [16/Sep/2025:00:27:15 -0700] "GET /wp-content/themes/woodmart-1/js/scripts/menu/menuOffsets.min.js?ver=8.1.2 HTTP/2.0" 200 932 "https://sapphirepackaging.in/" "Mozilla/5.0 (X11; Linux x86_64) AppleWebKit/537.36 (KHTML, like Gecko) Chrome/140.0.0.0 Safari/537.36" 35 **0/35570**
115.245.198.194 - - [16/Sep/2025:00:27:15 -0700] "GET /wp-content/themes/woodmart-1/js/scripts/elements/videoElement.min.js?ver=8.1.2 HTTP/2.0" 200 356 "https://sapphirepackaging.in/" "Mozilla/5.0 (X11; Linux x86_64) AppleWebKit/537.36 (KHTML, like Gecko) Chrome/140.0.0.0 Safari/537.36" 35 **0/35892**
115.245.198.194 - - [16/Sep/2025:00:27:15 -0700] "GET /wp-content/themes/woodmart-1/js/scripts/global/swiperInit.min.js?ver=8.1.2 HTTP/2.0" 200 1967 "https://sapphirepackaging.in/" "Mozilla/5.0 (X11; Linux x86_64) AppleWebKit/537.36 (KHTML, like Gecko) Chrome/140.0.0.0 Safari/537.36" 36 **0/36227**
115.245.198.194 - - [16/Sep/2025:00:27:15 -0700] "GET /wp-includes/js/imagesloaded.min.js?ver=5.0.0 HTTP/2.0" 200 1687 "https://sapphirepackaging.in/" "Mozilla/5.0 (X11; Linux x86_64) AppleWebKit/537.36 (KHTML, like Gecko) Chrome/140.0.0.0 Safari/537.36" 36 **0/36500**
115.245.198.194 - - [16/Sep/2025:00:27:15 -0700] "GET /wp-content/themes/woodmart-1/js/scripts/wc/productsTabs.min.js?ver=8.1.2 HTTP/2.0" 200 669 "https://sapphirepackaging.in/" "Mozilla/5.0 (X11; Linux x86_64) AppleWebKit/537.36 (KHTML, like Gecko) Chrome/140.0.0.0 Safari/537.36" 36 **0/36850**
115.245.198.194 - - [16/Sep/2025:00:27:15 -0700] "GET /wp-content/plugins/elementor/assets/js/webpack.runtime.min.js?ver=3.32.0 HTTP/2.0" 200 2322 "https://sapphirepackaging.in/" "Mozilla/5.0 (X11; Linux x86_64) AppleWebKit/537.36 (KHTML, like Gecko) Chrome/140.0.0.0 Safari/537.36" 39 **0/39490**
115.245.198.194 - - [16/Sep/2025:00:27:15 -0700] "GET /wp-content/themes/woodmart-1/js/scripts/global/helpers.min.js?ver=8.1.2 HTTP/2.0" 200 2374 "https://sapphirepackaging.in/" "Mozilla/5.0 (X11; Linux x86_64) AppleWebKit/537.36 (KHTML, like Gecko) Chrome/140.0.0.0 Safari/537.36" 51 **0/51463**
115.245.198.194 - - [16/Sep/2025:00:27:15 -0700] "GET /wp-content/plugins/elementor/assets/js/frontend-modules.min.js?ver=3.32.0 HTTP/2.0" 200 17970 "https://sapphirepackaging.in/" "Mozilla/5.0 (X11; Linux x86_64) AppleWebKit/537.36 (KHTML, like Gecko) Chrome/140.0.0.0 Safari/537.36" 61 **0/61685**
115.245.198.194 - - [16/Sep/2025:00:27:15 -0700] "GET /wp-content/themes/woodmart-1/js/scripts/wc/quickShop.min.js?ver=8.1.2 HTTP/2.0" 200 536 "https://sapphirepackaging.in/" "Mozilla/5.0 (X11; Linux x86_64) AppleWebKit/537.36 (KHTML, like Gecko) Chrome/140.0.0.0 Safari/537.36" 61 **0/61751**
115.245.198.194 - - [16/Sep/2025:00:27:15 -0700] "GET /wp-includes/js/wp-util.min.js?ver=6.8.2 HTTP/2.0" 200 690 "https://sapphirepackaging.in/" "Mozilla/5.0 (X11; Linux x86_64) AppleWebKit/537.36 (KHTML, like Gecko) Chrome/140.0.0.0 Safari/537.36" 62 **0/62022**
115.245.198.194 - - [16/Sep/2025:00:27:15 -0700] "GET /wp-content/themes/woodmart-1/js/scripts/wc/wishlist.min.js?ver=8.1.2 HTTP/2.0" 200 1972 "https://sapphirepackaging.in/" "Mozilla/5.0 (X11; Linux x86_64) AppleWebKit/537.36 (KHTML, like Gecko) Chrome/140.0.0.0 Safari/537.36" 62 **0/62330**
115.245.198.194 - - [16/Sep/2025:00:27:15 -0700] "GET /wp-content/themes/woodmart-1/js/scripts/wc/quickView.min.js?ver=8.1.2 HTTP/2.0" 200 749 "https://sapphirepackaging.in/" "Mozilla/5.0 (X11; Linux x86_64) AppleWebKit/537.36 (KHTML, like Gecko) Chrome/140.0.0.0 Safari/537.36" 59 **0/59079**
115.245.198.194 - - [16/Sep/2025:00:27:15 -0700] "GET /wp-content/themes/woodmart-1/js/libs/tooltips.min.js?ver=8.1.2 HTTP/2.0" 200 4083 "https://sapphirepackaging.in/" "Mozilla/5.0 (X11; Linux x86_64) AppleWebKit/537.36 (KHTML, like Gecko) Chrome/140.0.0.0 Safari/537.36" 59 **0/59393**
115.245.198.194 - - [16/Sep/2025:00:27:15 -0700] "GET /wp-content/themes/woodmart-1/js/scripts/wc/productImagesGallery.min.js?ver=8.1.2 HTTP/2.0" 200 1764 "https://sapphirepackaging.in/" "Mozilla/5.0 (X11; Linux x86_64) AppleWebKit/537.36 (KHTML, like Gecko) Chrome/140.0.0.0 Safari/537.36" 59 **0/59864**
115.245.198.194 - - [16/Sep/2025:00:27:15 -0700] "GET /wp-content/plugins/elementor/assets/js/frontend.min.js?ver=3.32.0 HTTP/2.0" 200 10183 "https://sapphirepackaging.in/" "Mozilla/5.0 (X11; Linux x86_64) AppleWebKit/537.36 (KHTML, like Gecko) Chrome/140.0.0.0 Safari/537.36" 64 **0/64329**
115.245.198.194 - - [16/Sep/2025:00:27:15 -0700] "GET /wp-content/themes/woodmart-1/js/scripts/wc/addToCartAllTypes.min.js?ver=8.1.2 HTTP/2.0" 200 834 "https://sapphirepackaging.in/" "Mozilla/5.0 (X11; Linux x86_64) AppleWebKit/537.36 (KHTML, like Gecko) Chrome/140.0.0.0 Safari/537.36" 64 **0/64331**
115.245.198.194 - - [16/Sep/2025:00:27:15 -0700] "GET /wp-content/themes/woodmart-1/js/scripts/wc/productMoreDescription.min.js?ver=8.1.2 HTTP/2.0" 200 476 "https://sapphirepackaging.in/" "Mozilla/5.0 (X11; Linux x86_64) AppleWebKit/537.36 (KHTML, like Gecko) Chrome/140.0.0.0 Safari/537.36" 60 **0/60923**
115.245.198.194 - - [16/Sep/2025:00:27:15 -0700] "GET /wp-content/plugins/woocommerce/assets/js/frontend/order-attribution.min.js?ver=10.1.2 HTTP/2.0" 200 1000 "https://sapphirepackaging.in/" "Mozilla/5.0 (X11; Linux x86_64) AppleWebKit/537.36 (KHTML, like Gecko) Chrome/140.0.0.0 Safari/537.36" 69 **0/69426**
115.245.198.194 - - [16/Sep/2025:00:27:15 -0700] "GET /wp-content/themes/woodmart-1/js/scripts/menu/menuSetUp.min.js?ver=8.1.2 HTTP/2.0" 200 575 "https://sapphirepackaging.in/" "Mozilla/5.0 (X11; Linux x86_64) AppleWebKit/537.36 (KHTML, like Gecko) Chrome/140.0.0.0 Safari/537.36" 69 **0/69199**
115.245.198.194 - - [16/Sep/2025:00:27:15 -0700] "GET /wp-content/themes/woodmart-1/js/libs/swiper.min.js?ver=8.1.2 HTTP/2.0" 200 26990 "https://sapphirepackaging.in/" "Mozilla/5.0 (X11; Linux x86_64) AppleWebKit/537.36 (KHTML, like Gecko) Chrome/140.0.0.0 Safari/537.36" 69 **0/69509**
115.245.198.194 - - [16/Sep/2025:00:27:15 -0700] "GET /wp-content/themes/woodmart-1/js/scripts/wc/swatchesVariations.min.js?ver=8.1.2 HTTP/2.0" 200 2951 "https://sapphirepackaging.in/" "Mozilla/5.0 (X11; Linux x86_64) AppleWebKit/537.36 (KHTML, like Gecko) Chrome/140.0.0.0 Safari/537.36" 69 **0/69818**
115.245.198.194 - - [16/Sep/2025:00:27:15 -0700] "GET /wp-content/themes/woodmart-1/js/scripts/wc/imagesGalleryInLoop.min.js?ver=8.1.2 HTTP/2.0" 200 995 "https://sapphirepackaging.in/" "Mozilla/5.0 (X11; Linux x86_64) AppleWebKit/537.36 (KHTML, like Gecko) Chrome/140.0.0.0 Safari/537.36" 70 **0/70068**
115.245.198.194 - - [16/Sep/2025:00:27:15 -0700] "GET /wp-content/themes/woodmart-1/js/scripts/wc/woodmartCompare.min.js?ver=8.1.2 HTTP/2.0" 200 1577 "https://sapphirepackaging.in/" "Mozilla/5.0 (X11; Linux x86_64) AppleWebKit/537.36 (KHTML, like Gecko) Chrome/140.0.0.0 Safari/537.36" 70 **0/70624**
115.245.198.194 - - [16/Sep/2025:00:27:15 -0700] "GET /wp-content/themes/woodmart-1/js/libs/magnific-popup.min.js?ver=8.1.2 HTTP/2.0" 200 7187 "https://sapphirepackaging.in/" "Mozilla/5.0 (X11; Linux x86_64) AppleWebKit/537.36 (KHTML, like Gecko) Chrome/140.0.0.0 Safari/537.36" 67 **0/67561**
115.245.198.194 - - [16/Sep/2025:00:27:15 -0700] "GET /wp-content/themes/woodmart-1/js/scripts/global/btnsToolTips.min.js?ver=8.1.2 HTTP/2.0" 200 777 "https://sapphirepackaging.in/" "Mozilla/5.0 (X11; Linux x86_64) AppleWebKit/537.36 (KHTML, like Gecko) Chrome/140.0.0.0 Safari/537.36" 67 **0/67797**
115.245.198.194 - - [16/Sep/2025:00:27:15 -0700] "GET /wp-content/themes/woodmart-1/js/scripts/wc/woocommerceQuantity.min.js?ver=8.1.2 HTTP/2.0" 200 446 "https://sapphirepackaging.in/" "Mozilla/5.0 (X11; Linux x86_64) AppleWebKit/537.36 (KHTML, like Gecko) Chrome/140.0.0.0 Safari/537.36" 68 **0/68140**
115.245.198.194 - - [16/Sep/2025:00:27:15 -0700] "GET /wp-content/themes/woodmart-1/js/scripts/elements/hotSpot.min.js?ver=8.1.2 HTTP/2.0" 200 570 "https://sapphirepackaging.in/" "Mozilla/5.0 (X11; Linux x86_64) AppleWebKit/537.36 (KHTML, like Gecko) Chrome/140.0.0.0 Safari/537.36" 68 **0/68435**
115.245.198.194 - - [16/Sep/2025:00:27:15 -0700] "GET /wp-content/themes/woodmart-1/js/scripts/global/scrollTop.min.js?ver=8.1.2 HTTP/2.0" 200 171 "https://sapphirepackaging.in/" "Mozilla/5.0 (X11; Linux x86_64) AppleWebKit/537.36 (KHTML, like Gecko) Chrome/140.0.0.0 Safari/537.36" 68 **0/68684**
115.245.198.194 - - [16/Sep/2025:00:27:15 -0700] "GET /wp-content/themes/woodmart-1/js/scripts/menu/mobileNavigation.min.js?ver=8.1.2 HTTP/2.0" 200 1492 "https://sapphirepackaging.in/" "Mozilla/5.0 (X11; Linux x86_64) AppleWebKit/537.36 (KHTML, like Gecko) Chrome/140.0.0.0 Safari/537.36" 68 **0/68996**
115.245.198.194 - - [16/Sep/2025:00:27:15 -0700] "GET /wp-content/plugins/woocommerce/assets/js/jquery-blockui/jquery.blockUI.min.js?ver=2.7.0-wc.10.1.2 HTTP/2.0" 200 3284 "https://sapphirepackaging.in/" "Mozilla/5.0 (X11; Linux x86_64) AppleWebKit/537.36 (KHTML, like Gecko) Chrome/140.0.0.0 Safari/537.36" 69 **0/69265**
115.245.198.194 - - [16/Sep/2025:00:27:15 -0700] "GET /wp-content/plugins/woocommerce/assets/js/frontend/add-to-cart.min.js?ver=10.1.2 HTTP/2.0" 200 1227 "https://sapphirepackaging.in/" "Mozilla/5.0 (X11; Linux x86_64) AppleWebKit/537.36 (KHTML, like Gecko) Chrome/140.0.0.0 Safari/537.36" 69 **0/69083**
115.245.198.194 - - [16/Sep/2025:00:27:15 -0700] "GET /wp-content/plugins/woocommerce/assets/js/js-cookie/js.cookie.min.js?ver=2.1.4-wc.10.1.2 HTTP/2.0" 200 762 "https://sapphirepackaging.in/" "Mozilla/5.0 (X11; Linux x86_64) AppleWebKit/537.36 (KHTML, like Gecko) Chrome/140.0.0.0 Safari/537.36" 69 **0/69705**
115.245.198.194 - - [16/Sep/2025:00:27:15 -0700] "GET /wp-content/uploads/2025/04/whatsapp-16x16.png HTTP/2.0" 200 1058 "https://sapphirepackaging.in/" "Mozilla/5.0 (X11; Linux x86_64) AppleWebKit/537.36 (KHTML, like Gecko) Chrome/140.0.0.0 Safari/537.36" 69 **0/69891**
115.245.198.194 - - [16/Sep/2025:00:27:15 -0700] "GET /wp-content/plugins/woocommerce/assets/js/frontend/woocommerce.min.js?ver=10.1.2 HTTP/2.0" 200 1276 "https://sapphirepackaging.in/" "Mozilla/5.0 (X11; Linux x86_64) AppleWebKit/537.36 (KHTML, like Gecko) Chrome/140.0.0.0 Safari/537.36" 70 **0/70364**
115.245.198.194 - - [16/Sep/2025:00:27:15 -0700] "GET /wp-includes/js/underscore.min.js?ver=1.13.7 HTTP/2.0" 200 7201 "https://sapphirepackaging.in/" "Mozilla/5.0 (X11; Linux x86_64) AppleWebKit/537.36 (KHTML, like Gecko) Chrome/140.0.0.0 Safari/537.36" 75 **0/75387**
115.245.198.194 - - [16/Sep/2025:00:27:15 -0700] "GET /wp-content/uploads/2025/04/10-1533x1536.png HTTP/2.0" 200 682816 "https://sapphirepackaging.in/" "Mozilla/5.0 (X11; Linux x86_64) AppleWebKit/537.36 (KHTML, like Gecko) Chrome/140.0.0.0 Safari/537.36" 70 **0/70832**
115.245.198.194 - - [16/Sep/2025:00:27:15 -0700] "GET /wp-content/uploads/2025/04/Gendy.ttf HTTP/2.0" 200 22311 "https://sapphirepackaging.in/" "Mozilla/5.0 (X11; Linux x86_64) AppleWebKit/537.36 (KHTML, like Gecko) Chrome/140.0.0.0 Safari/537.36" 6567 **6/6567672**
115.245.198.194 - - [16/Sep/2025:00:27:15 -0700] "GET /wp-content/themes/woodmart-1/fonts/woodmart-font-2-400.woff2?v=8.1.2 HTTP/2.0" 200 14207 "https://sapphirepackaging.in/" "Mozilla/5.0 (X11; Linux x86_64) AppleWebKit/537.36 (KHTML, like Gecko) Chrome/140.0.0.0 Safari/537.36" 6568 **6/6568251**
115.245.198.194 - - [16/Sep/2025:00:27:15 -0700] "GET /wp-content/themes/woodmart-1/js/scripts/global/widgetCollapse.min.js?ver=8.1.2 HTTP/2.0" 200 355 "https://sapphirepackaging.in/" "Mozilla/5.0 (X11; Linux x86_64) AppleWebKit/537.36 (KHTML, like Gecko) Chrome/140.0.0.0 Safari/537.36" 6570 **6/6570281**
115.245.198.194 - - [16/Sep/2025:00:27:15 -0700] "GET /wp-content/plugins/woocommerce/assets/js/frontend/add-to-cart-variation.min.js?ver=10.1.2 HTTP/2.0" 200 3719 "https://sapphirepackaging.in/" "Mozilla/5.0 (X11; Linux x86_64) AppleWebKit/537.36 (KHTML, like Gecko) Chrome/140.0.0.0 Safari/537.36" 6569 **6/6569914**
115.245.198.194 - - [16/Sep/2025:00:27:15 -0700] "GET /wp-content/uploads/2023/04/wd-furniture-background.jpg HTTP/2.0" 404 18102 "https://sapphirepackaging.in/" "Mozilla/5.0 (X11; Linux x86_64) AppleWebKit/537.36 (KHTML, like Gecko) Chrome/140.0.0.0 Safari/537.36" 10387 **10/10387501**
115.245.198.194 - - [16/Sep/2025:00:27:15 -0700] "GET /wp-content/uploads/2025/06/reel-1-1.mp4 HTTP/2.0" 206 8209004 "https://sapphirepackaging.in/" "Mozilla/5.0 (X11; Linux x86_64) AppleWebKit/537.36 (KHTML, like Gecko) Chrome/140.0.0.0 Safari/537.36" 10360 **10/10360552**
115.245.198.194 - - [16/Sep/2025:00:27:15 -0700] "GET /wp-content/uploads/2025/04/reel_2.mp4 HTTP/2.0" 206 10214436 "https://sapphirepackaging.in/" "Mozilla/5.0 (X11; Linux x86_64) AppleWebKit/537.36 (KHTML, like Gecko) Chrome/140.0.0.0 Safari/537.36" 10389 **10/10389951**
115.245.198.194 - - [16/Sep/2025:00:27:15 -0700] "GET /wp-content/uploads/2025/06/Sapphire-video-2.mp4 HTTP/2.0" 206 9810137 "https://sapphirepackaging.in/" "Mozilla/5.0 (X11; Linux x86_64) AppleWebKit/537.36 (KHTML, like Gecko) Chrome/140.0.0.0 Safari/537.36" 10358 **10/10358133**
115.245.198.194 - - [16/Sep/2025:00:27:15 -0700] "GET /wp-content/uploads/2025/06/logo.mp4 HTTP/2.0" 206 14523006 "https://sapphirepackaging.in/" "Mozilla/5.0 (X11; Linux x86_64) AppleWebKit/537.36 (KHTML, like Gecko) Chrome/140.0.0.0 Safari/537.36" 10330 **10/10330081**
115.245.198.194 - - [16/Sep/2025:00:27:15 -0700] "GET /wp-content/uploads/2025/06/Sapphire-video-4.mp4 HTTP/2.0" 206 8371848 "https://sapphirepackaging.in/" "Mozilla/5.0 (X11; Linux x86_64) AppleWebKit/537.36 (KHTML, like Gecko) Chrome/140.0.0.0 Safari/537.36" 10344 **10/10344069**
115.245.198.194 - - [16/Sep/2025:00:27:15 -0700] "GET /wp-content/uploads/2025/06/Sapphire-video-3.mp4 HTTP/2.0" 206 10418581 "https://sapphirepackaging.in/" "Mozilla/5.0 (X11; Linux x86_64) AppleWebKit/537.36 (KHTML, like Gecko) Chrome/140.0.0.0 Safari/537.36" 10390 **10/10390930**
115.245.198.194 - - [16/Sep/2025:00:27:26 -0700] "GET /wp-content/plugins/elementor/assets/js/shared-frontend-handlers.4c8abccc3e268b0767b2.bundle.min.js HTTP/2.0" 200 - "https://sapphirepackaging.in/" "Mozilla/5.0 (X11; Linux x86_64) AppleWebKit/537.36 (KHTML, like Gecko) Chrome/140.0.0.0 Safari/537.36" 9 **0/9885**
115.245.198.194 - - [16/Sep/2025:00:27:22 -0700] "GET /wp-content/uploads/2025/06/reel-1-1.mp4 HTTP/2.0" 206 - "https://sapphirepackaging.in/" "Mozilla/5.0 (X11; Linux x86_64) AppleWebKit/537.36 (KHTML, like Gecko) Chrome/140.0.0.0 Safari/537.36" 3828 **3/3828945**
114.119.157.206 - - [16/Sep/2025:00:27:37 -0700] "GET /product-category/corrugated-box/handle-boxes/?per_row=3&per_page=12&shop_view=grid HTTP/1.1" 200 23424 "https://sapphirepackaging.in/product-category/corrugated-box/handle-boxes/?per_row=3&shop_view=grid&per_page=12" "Mozilla/5.0 (Linux; Android 7.0;) AppleWebKit/537.36 (KHTML, like Gecko) Mobile Safari/537.36 (compatible; PetalBot;+https://webmaster.petalsearch.com/site/petalbot)" 702 **0/702102**
68.178.198.34 - - [16/Sep/2025:00:28:52 -0700] "POST /wp-cron.php?doing_wp_cron=1758007732.2157599925994873046875 HTTP/1.1" 200 - "-" "WordPress/6.8.2; https://www.sapphirepackaging.in" 16 **0/16251**
114.119.152.164 - - [16/Sep/2025:00:28:51 -0700] "GET /product-category/corrugated-box/small-planter-boxes/?per_row=3&per_page=9&shop_view=grid HTTP/1.1" 200 23815 "https://www.sapphirepackaging.in/product-category/corrugated-box/small-planter-boxes/?per_row=4&per_page=9&shop_view=list" "Mozilla/5.0 (Linux; Android 7.0;) AppleWebKit/537.36 (KHTML, like Gecko) Mobile Safari/537.36 (compatible; PetalBot;+https://webmaster.petalsearch.com/site/petalbot)" 865 **0/865312**
68.178.198.34 - - [16/Sep/2025:00:30:21 -0700] "POST /wp-cron.php?doing_wp_cron=1758007821.2555570602416992187500 HTTP/1.1" 200 - "-" "WordPress/6.8.2; https://www.sapphirepackaging.in" 21 **0/21735**
114.119.135.163 - - [16/Sep/2025:00:30:20 -0700] "GET /product-category/corrugated-box/partition-boxes/?per_row=3&shop_view=list&per_page=12 HTTP/1.1" 200 24237 "https://www.sapphirepackaging.in/product-category/corrugated-box/partition-boxes/?per_row=3&shop_view=list" "Mozilla/5.0 (Linux; Android 7.0;) AppleWebKit/537.36 (KHTML, like Gecko) Mobile Safari/537.36 (compatible; PetalBot;+https://webmaster.petalsearch.com/site/petalbot)" 1078 **1/1078073**
68.178.198.34 - - [16/Sep/2025:00:31:49 -0700] "POST /wp-cron.php?doing_wp_cron=1758007908.9978320598602294921875 HTTP/1.1" 200 - "-" "WordPress/6.8.2; https://sapphirepackaging.in" 27 **0/27151**
114.119.157.206 - - [16/Sep/2025:00:31:48 -0700] "GET /all-products/?per_row=3&per_page=9&shop_view=list HTTP/1.1" 200 28989 "https://sapphirepackaging.in/all-products/?per_page=9&shop_view=grid&per_row=3" "Mozilla/5.0 (Linux; Android 7.0;) AppleWebKit/537.36 (KHTML, like Gecko) Mobile Safari/537.36 (compatible; PetalBot;+https://webmaster.petalsearch.com/site/petalbot)" 937 **0/937515**
68.178.198.34 - - [16/Sep/2025:00:32:27 -0700] "POST /wp-cron.php?doing_wp_cron=1758007947.2039690017700195312500 HTTP/1.1" 200 - "-" "WordPress/6.8.2; https://sapphirepackaging.in" 21 **0/21569**
5.161.44.164 - - [16/Sep/2025:00:32:26 -0700] "POST /wp-load.php?d28e56=9076 HTTP/1.1" 200 - "-" "Mozilla/5.0 (Windows NT 10.0; Win64; x64) AppleWebKit/537.36 (KHTML, like Gecko) Chrome/104.0.5112.97 Safari/537.36" 881 **0/881496**
43.166.237.57 - - [16/Sep/2025:00:35:50 -0700] "GET /wp-content/uploads/2025/06/logo.mp4 HTTP/1.1" 200 14523006 "-" "Mozilla/5.0 (iPhone; CPU iPhone OS 13_2_3 like Mac OS X) AppleWebKit/605.1.15 (KHTML, like Gecko) Version/13.0.3 Mobile/15E148 Safari/604.1" 217 **0/217457**
68.178.198.34 - - [16/Sep/2025:00:44:17 -0700] "POST /wp-cron.php?doing_wp_cron=1758008656.9882209300994873046875 HTTP/1.1" 200 - "-" "WordPress/6.8.2; https://sapphirepackaging.in" 28 **0/28791**
66.249.74.9 - - [16/Sep/2025:00:44:16 -0700] "GET /dozin.html HTTP/1.1" 404 18095 "-" "Mozilla/5.0 (Linux; Android 6.0.1; Nexus 5X Build/MMB29P) AppleWebKit/537.36 (KHTML, like Gecko) Chrome/140.0.7339.127 Mobile Safari/537.36 (compatible; Googlebot/2.1; +http://www.google.com/bot.html)" 1067 **1/1067601**
68.178.198.34 - - [16/Sep/2025:00:45:27 -0700] "POST /wp-cron.php?doing_wp_cron=1758008727.6637780666351318359375 HTTP/1.1" 200 - "-" "WordPress/6.8.2; https://www.sapphirepackaging.in" 25 **0/25887**
43.153.36.110 - - [16/Sep/2025:00:45:26 -0700] "GET /product-category/perfume-liner-inserts/white-shade-liners/ HTTP/1.1" 404 100827 "-" "Mozilla/5.0 (iPhone; CPU iPhone OS 13_2_3 like Mac OS X) AppleWebKit/605.1.15 (KHTML, like Gecko) Version/13.0.3 Mobile/15E148 Safari/604.1" 1091 **1/1091097**
68.178.198.34 - - [16/Sep/2025:00:47:33 -0700] "POST /wp-cron.php?doing_wp_cron=1758008853.2593700885772705078125 HTTP/1.1" 200 - "-" "WordPress/6.8.2; https://www.sapphirepackaging.in" 27 **0/27067**
114.119.135.163 - - [16/Sep/2025:00:47:32 -0700] "GET /product-category/perfume-liner-inserts/colored-liners/?per_row=4&per_page=18&shop_view=list HTTP/1.1" 200 24016 "https://www.sapphirepackaging.in/product-category/perfume-liner-inserts/colored-liners/?per_row=4&shop_view=list&per_page=9" "Mozilla/5.0 (Linux; Android 7.0;) AppleWebKit/537.36 (KHTML, like Gecko) Mobile Safari/537.36 (compatible; PetalBot;+https://webmaster.petalsearch.com/site/petalbot)" 1041 **1/1041348**
68.178.198.34 - - [16/Sep/2025:00:48:53 -0700] "POST /wp-cron.php?doing_wp_cron=1758008933.2974810600280761718750 HTTP/1.1" 200 - "-" "WordPress/6.8.2; https://www.sapphirepackaging.in" 23 **0/23288**
114.119.152.164 - - [16/Sep/2025:00:48:52 -0700] "GET /product-category/corrugated-box/small-planter-boxes/?per_page=12 HTTP/1.1" 200 23783 "https://www.sapphirepackaging.in/product-category/corrugated-box/small-planter-boxes/?per_page=24" "Mozilla/5.0 (Linux; Android 7.0;) AppleWebKit/537.36 (KHTML, like Gecko) Mobile Safari/537.36 (compatible; PetalBot;+https://webmaster.petalsearch.com/site/petalbot)" 932 **0/932376**
68.178.198.34 - - [16/Sep/2025:00:50:35 -0700] "POST /wp-cron.php?doing_wp_cron=1758009035.9117419719696044921875 HTTP/1.1" 200 - "-" "WordPress/6.8.2; https://www.sapphirepackaging.in" 17 **0/17603**
114.119.134.208 - - [16/Sep/2025:00:50:35 -0700] "GET /product-category/corrugated-box/page/1/?per_page=9&shop_view=grid&per_row=3 HTTP/1.1" 301 - "https://www.sapphirepackaging.in/product-category/corrugated-box/page/2/?per_page=9&shop_view=grid&per_row=3" "Mozilla/5.0 (Linux; Android 7.0;) AppleWebKit/537.36 (KHTML, like Gecko) Mobile Safari/537.36 (compatible; PetalBot;+https://webmaster.petalsearch.com/site/petalbot)" 581 **0/581053**
114.119.134.208 - - [16/Sep/2025:00:50:45 -0700] "GET /product-category/corrugated-box/?per_page=9&shop_view=grid&per_row=3 HTTP/1.1" 200 26453 "https://www.sapphirepackaging.in/product-category/corrugated-box/page/2/?per_page=9&shop_view=grid&per_row=3" "Mozilla/5.0 (Linux; Android 7.0;) AppleWebKit/537.36 (KHTML, like Gecko) Mobile Safari/537.36 (compatible; PetalBot;+https://webmaster.petalsearch.com/site/petalbot)" 1164 **1/1164957**
68.178.198.34 - - [16/Sep/2025:00:51:48 -0700] "POST /wp-cron.php?doing_wp_cron=1758009108.3363249301910400390625 HTTP/1.1" 200 - "-" "WordPress/6.8.2; https://sapphirepackaging.in" 28 **0/28011**
114.119.135.163 - - [16/Sep/2025:00:51:47 -0700] "GET /product-category/perfume-liner-inserts/?per_row=3&shop_view=list HTTP/1.1" 200 24185 "https://sapphirepackaging.in/product-category/perfume-liner-inserts/?shop_view=grid&per_row=3" "Mozilla/5.0 (Linux; Android 7.0;) AppleWebKit/537.36 (KHTML, like Gecko) Mobile Safari/537.36 (compatible; PetalBot;+https://webmaster.petalsearch.com/site/petalbot)" 1020 **1/1020732**
68.178.198.34 - - [16/Sep/2025:00:52:58 -0700] "POST /wp-cron.php?doing_wp_cron=1758009178.9224851131439208984375 HTTP/1.1" 200 - "-" "WordPress/6.8.2; https://sapphirepackaging.in" 27 **0/27866**
114.119.143.187 - - [16/Sep/2025:00:52:58 -0700] "GET /product-category/corrugated-box/top-bottom-boxes/?per_row=4&per_page=24&shop_view=grid HTTP/1.1" 200 23276 "https://sapphirepackaging.in/product-category/corrugated-box/top-bottom-boxes/?per_row=4&per_page=12&shop_view=grid" "Mozilla/5.0 (Linux; Android 7.0;) AppleWebKit/537.36 (KHTML, like Gecko) Mobile Safari/537.36 (compatible; PetalBot;+https://webmaster.petalsearch.com/site/petalbot)" 1042 **1/1042088**
68.178.198.34 - - [16/Sep/2025:00:54:17 -0700] "POST /wp-cron.php?doing_wp_cron=1758009257.0768740177154541015625 HTTP/1.1" 200 - "-" "WordPress/6.8.2; https://www.sapphirepackaging.in" 30 **0/30097**
170.106.113.235 - - [16/Sep/2025:00:54:16 -0700] "GET /product-category/corrugated-box/top-bottom-boxes/ HTTP/1.1" 200 23685 "-" "Mozilla/5.0 (iPhone; CPU iPhone OS 13_2_3 like Mac OS X) AppleWebKit/605.1.15 (KHTML, like Gecko) Version/13.0.3 Mobile/15E148 Safari/604.1" 1067 **1/1067557**
185.157.214.24 - - [16/Sep/2025:00:54:19 -0700] "GET / HTTP/1.1" 301 - "-" "Mozilla/5.0 (Macintosh; Intel Mac OS X 10_15_7) AppleWebKit/537.36 (KHTML, like Gecko) Chrome/133.0.0.0 Safari/537.36" 559 **0/559040**
185.157.214.24 - - [16/Sep/2025:00:54:20 -0700] "GET / HTTP/1.1" 200 37960 "https://SAPPHIREPACKAGING.IN" "Mozilla/5.0 (Macintosh; Intel Mac OS X 10_15_7) AppleWebKit/537.36 (KHTML, like Gecko) Chrome/133.0.0.0 Safari/537.36" 1132 **1/1132259**
185.157.214.24 - - [16/Sep/2025:00:54:23 -0700] "GET /comments/feed/ HTTP/1.1" 200 404 "-" "Mozilla/5.0 (Macintosh; Intel Mac OS X 10_15_7) AppleWebKit/537.36 (KHTML, like Gecko) Chrome/133.0.0.0 Safari/537.36" 559 **0/559790**
114.119.135.163 - - [16/Sep/2025:00:54:24 -0700] "GET /product-category/corrugated-box/flat-mailer-style/?per_page=18&shop_view=list HTTP/1.1" 200 23787 "https://sapphirepackaging.in/product-category/corrugated-box/flat-mailer-style/?per_page=24&shop_view=list" "Mozilla/5.0 (Linux; Android 7.0;) AppleWebKit/537.36 (KHTML, like Gecko) Mobile Safari/537.36 (compatible; PetalBot;+https://webmaster.petalsearch.com/site/petalbot)" 837 **0/837924**
185.157.214.24 - - [16/Sep/2025:00:54:25 -0700] "GET /contact-us/ HTTP/1.1" 200 21301 "-" "Mozilla/5.0 (Macintosh; Intel Mac OS X 10_15_7) AppleWebKit/537.36 (KHTML, like Gecko) Chrome/133.0.0.0 Safari/537.36" 900 **0/900865**
103.111.205.158 - - [16/Sep/2025:00:54:27 -0700] "POST /contact-us/ HTTP/1.1" 403 109454 "-" "Mozilla/5.0 (Macintosh; Intel Mac OS X 10_15_7) AppleWebKit/537.36 (KHTML, like Gecko) Chrome/133.0.0.0 Safari/537.36" 1312 **1/1312547**
103.111.205.158 - - [16/Sep/2025:00:54:31 -0700] "POST /contact-us/ HTTP/1.1" 403 109454 "-" "Mozilla/5.0 (Windows NT 10.0; Win64; x64) AppleWebKit/537.36 (KHTML, like Gecko) Chrome/120.0.0.0 Safari/537.36" 752 **0/752871**
185.157.214.24 - - [16/Sep/2025:00:54:33 -0700] "GET /contact-us/ HTTP/1.1" 200 21299 "-" "Mozilla/5.0 (Macintosh; Intel Mac OS X 10_15_7) AppleWebKit/537.36 (KHTML, like Gecko) Chrome/133.0.0.0 Safari/537.36" 827 **0/827969**
103.111.205.158 - - [16/Sep/2025:00:54:35 -0700] "POST /contact-us/ HTTP/1.1" 403 109454 "-" "Mozilla/5.0 (Macintosh; Intel Mac OS X 10_15_7) AppleWebKit/537.36 (KHTML, like Gecko) Chrome/133.0.0.0 Safari/537.36" 761 **0/761696**
103.111.205.158 - - [16/Sep/2025:00:54:38 -0700] "POST /contact-us/ HTTP/1.1" 403 109454 "-" "Mozilla/5.0 (Windows NT 10.0; Win64; x64) AppleWebKit/537.36 (KHTML, like Gecko) Chrome/120.0.0.0 Safari/537.36" 750 **0/750077**
68.178.198.34 - - [16/Sep/2025:01:02:57 -0700] "POST /wp-cron.php?doing_wp_cron=1758009777.8605868816375732421875 HTTP/1.1" 200 - "-" "WordPress/6.8.2; https://www.sapphirepackaging.in" 22 **0/22172**
114.119.142.232 - - [16/Sep/2025:01:02:57 -0700] "GET /product-category/perfume-liner-inserts/off-white-shade-liners/?per_row=4&shop_view=list&per_page=12 HTTP/1.1" 200 24074 "https://www.sapphirepackaging.in/product-category/perfume-liner-inserts/off-white-shade-liners/?per_row=4&shop_view=list" "Mozilla/5.0 (Linux; Android 7.0;) AppleWebKit/537.36 (KHTML, like Gecko) Mobile Safari/537.36 (compatible; PetalBot;+https://webmaster.petalsearch.com/site/petalbot)" 990 **0/990257**
68.178.198.34 - - [16/Sep/2025:01:04:21 -0700] "POST /wp-cron.php?doing_wp_cron=1758009861.8258459568023681640625 HTTP/1.1" 200 - "-" "WordPress/6.8.2; https://www.sapphirepackaging.in" 22 **0/22846**
114.119.139.26 - - [16/Sep/2025:01:04:21 -0700] "GET /product-category/mono-cartons/perfume-boxes/?per_row=3&shop_view=grid&per_page=12 HTTP/1.1" 200 23829 "https://www.sapphirepackaging.in/product-category/mono-cartons/perfume-boxes/?shop_view=grid&per_row=3" "Mozilla/5.0 (Linux; Android 7.0;) AppleWebKit/537.36 (KHTML, like Gecko) Mobile Safari/537.36 (compatible; PetalBot;+https://webmaster.petalsearch.com/site/petalbot)" 975 **0/975627**
68.178.198.34 - - [16/Sep/2025:01:05:47 -0700] "POST /wp-cron.php?doing_wp_cron=1758009947.7559370994567871093750 HTTP/1.1" 200 - "-" "WordPress/6.8.2; https://www.sapphirepackaging.in" 20 **0/20964**
114.119.157.206 - - [16/Sep/2025:01:05:47 -0700] "GET /product-category/mono-cartons/cosmetics-boxes/?per_page=24&shop_view=grid&per_row=3 HTTP/1.1" 200 23884 "https://www.sapphirepackaging.in/product-category/mono-cartons/cosmetics-boxes/?per_page=24" "Mozilla/5.0 (Linux; Android 7.0;) AppleWebKit/537.36 (KHTML, like Gecko) Mobile Safari/537.36 (compatible; PetalBot;+https://webmaster.petalsearch.com/site/petalbot)" 988 **0/988074**
43.130.116.87 - - [16/Sep/2025:01:05:55 -0700] "GET /terms-conditons/ HTTP/1.1" 200 22417 "-" "Mozilla/5.0 (iPhone; CPU iPhone OS 13_2_3 like Mac OS X) AppleWebKit/605.1.15 (KHTML, like Gecko) Version/13.0.3 Mobile/15E148 Safari/604.1" 981 **0/981948**
68.178.198.34 - - [16/Sep/2025:01:07:05 -0700] "POST /wp-cron.php?doing_wp_cron=1758010025.3416800498962402343750 HTTP/1.1" 200 - "-" "WordPress/6.8.2; https://www.sapphirepackaging.in" 20 **0/20142**
114.119.157.234 - - [16/Sep/2025:01:07:04 -0700] "GET /product-category/mono-cartons/?per_row=3&shop_view=grid&per_page=9 HTTP/1.1" 200 24456 "https://www.sapphirepackaging.in/product-category/mono-cartons/?shop_view=grid&per_row=3" "Mozilla/5.0 (Linux; Android 7.0;) AppleWebKit/537.36 (KHTML, like Gecko) Mobile Safari/537.36 (compatible; PetalBot;+https://webmaster.petalsearch.com/site/petalbot)" 972 **0/972949**
68.178.198.34 - - [16/Sep/2025:01:08:39 -0700] "POST /wp-cron.php?doing_wp_cron=1758010119.4740719795227050781250 HTTP/1.1" 200 - "-" "WordPress/6.8.2; https://www.sapphirepackaging.in" 23 **0/23601**
114.119.135.163 - - [16/Sep/2025:01:08:38 -0700] "GET /product-category/corrugated-box/universal-style-4-flaps/?per_row=3&shop_view=list HTTP/1.1" 200 24368 "https://www.sapphirepackaging.in/product-category/corrugated-box/universal-style-4-flaps/?per_row=3&shop_view=grid" "Mozilla/5.0 (Linux; Android 7.0;) AppleWebKit/537.36 (KHTML, like Gecko) Mobile Safari/537.36 (compatible; PetalBot;+https://webmaster.petalsearch.com/site/petalbot)" 912 **0/912998**
68.178.198.34 - - [16/Sep/2025:01:10:04 -0700] "POST /wp-cron.php?doing_wp_cron=1758010204.9194118976593017578125 HTTP/1.1" 200 - "-" "WordPress/6.8.2; https://www.sapphirepackaging.in" 28 **0/28785**
114.119.143.187 - - [16/Sep/2025:01:10:03 -0700] "GET /product-category/corrugated-box/universal-style-4-flaps/?per_row=3&per_page=18&shop_view=grid HTTP/1.1" 200 23937 "https://www.sapphirepackaging.in/product-category/corrugated-box/universal-style-4-flaps/?per_row=4&shop_view=grid&per_page=18" "Mozilla/5.0 (Linux; Android 7.0;) AppleWebKit/537.36 (KHTML, like Gecko) Mobile Safari/537.36 (compatible; PetalBot;+https://webmaster.petalsearch.com/site/petalbot)" 1660 **1/1660039**
68.178.198.34 - - [16/Sep/2025:01:11:09 -0700] "POST /wp-cron.php?doing_wp_cron=1758010269.7088730335235595703125 HTTP/1.1" 200 - "-" "WordPress/6.8.2; https://sapphirepackaging.in" 24 **0/24591**
148.113.130.248 - - [16/Sep/2025:01:11:08 -0700] "GET /sitemap.rss HTTP/2.0" 200 1078 "-" "Mozilla/5.0 (compatible; AhrefsBot/7.0; +http://ahrefs.com/robot/)" 822 **0/822892**
114.119.142.232 - - [16/Sep/2025:01:11:24 -0700] "GET /product-category/corrugated-box/tuck-in-boxes/?per_row=4&per_page=9&shop_view=grid HTTP/1.1" 200 23948 "https://www.sapphirepackaging.in/product-category/corrugated-box/tuck-in-boxes/?per_page=12&shop_view=grid&per_row=4" "Mozilla/5.0 (Linux; Android 7.0;) AppleWebKit/537.36 (KHTML, like Gecko) Mobile Safari/537.36 (compatible; PetalBot;+https://webmaster.petalsearch.com/site/petalbot)" 1016 **1/1016065**
68.178.198.34 - - [16/Sep/2025:01:12:48 -0700] "POST /wp-cron.php?doing_wp_cron=1758010368.1712560653686523437500 HTTP/1.1" 200 - "-" "WordPress/6.8.2; https://www.sapphirepackaging.in" 23 **0/23985**
114.119.152.164 - - [16/Sep/2025:01:12:47 -0700] "GET /product-category/corrugated-box/footwear-inner-boxes/?per_row=4&shop_view=grid HTTP/1.1" 200 23870 "https://www.sapphirepackaging.in/product-category/corrugated-box/footwear-inner-boxes/?per_row=4&shop_view=list" "Mozilla/5.0 (Linux; Android 7.0;) AppleWebKit/537.36 (KHTML, like Gecko) Mobile Safari/537.36 (compatible; PetalBot;+https://webmaster.petalsearch.com/site/petalbot)" 971 **0/971335**
68.178.198.34 - - [16/Sep/2025:01:14:11 -0700] "POST /wp-cron.php?doing_wp_cron=1758010451.8803761005401611328125 HTTP/1.1" 200 - "-" "WordPress/6.8.2; https://www.sapphirepackaging.in" 25 **0/25416**
114.119.142.232 - - [16/Sep/2025:01:14:11 -0700] "GET /product-category/corrugated-box/flat-mailer-style/?per_row=4&shop_view=list HTTP/1.1" 200 24244 "https://www.sapphirepackaging.in/product-category/corrugated-box/flat-mailer-style/?per_row=4&shop_view=grid" "Mozilla/5.0 (Linux; Android 7.0;) AppleWebKit/537.36 (KHTML, like Gecko) Mobile Safari/537.36 (compatible; PetalBot;+https://webmaster.petalsearch.com/site/petalbot)" 957 **0/957418**
68.178.198.34 - - [16/Sep/2025:01:15:28 -0700] "POST /wp-cron.php?doing_wp_cron=1758010528.7102200984954833984375 HTTP/1.1" 200 - "-" "WordPress/6.8.2; https://sapphirepackaging.in" 28 **0/28028**
64.233.173.168 - - [16/Sep/2025:01:15:28 -0700] "GET /.well-known/traffic-advice HTTP/1.1" 404 18101 "-" "Chrome Privacy Preserving Prefetch Proxy" 1046 **1/1046028**
162.120.185.8 - - [16/Sep/2025:01:15:28 -0700] "GET / HTTP/2.0" 200 31921 "https://www.google.com/" "Mozilla/5.0 (Linux; Android 10; K) AppleWebKit/537.36 (KHTML, like Gecko) Chrome/140.0.0.0 Mobile Safari/537.36" 1319 **1/1319860**
114.119.134.208 - - [16/Sep/2025:01:15:30 -0700] "GET /all-products/page/2/?per_row=3&shop_view=grid&per_page=12 HTTP/1.1" 200 25237 "https://www.sapphirepackaging.in/all-products/?per_row=3&shop_view=grid&per_page=12" "Mozilla/5.0 (Linux; Android 7.0;) AppleWebKit/537.36 (KHTML, like Gecko) Mobile Safari/537.36 (compatible; PetalBot;+https://webmaster.petalsearch.com/site/petalbot)" 1129 **1/1129406**
68.178.198.34 - - [16/Sep/2025:01:16:15 -0700] "POST /wp-cron.php?doing_wp_cron=1758010575.8812739849090576171875 HTTP/1.1" 200 - "-" "WordPress/6.8.2; https://www.sapphirepackaging.in" 28 **0/28414**
49.51.183.220 - - [16/Sep/2025:01:16:15 -0700] "GET /product-category/corrugated-box/tuck-in-boxes/ HTTP/1.1" 200 23901 "-" "Mozilla/5.0 (iPhone; CPU iPhone OS 13_2_3 like Mac OS X) AppleWebKit/605.1.15 (KHTML, like Gecko) Version/13.0.3 Mobile/15E148 Safari/604.1" 902 **0/902466**
162.120.185.15 - - [16/Sep/2025:01:16:26 -0700] "GET / HTTP/2.0" 200 31924 "https://www.google.com/" "Mozilla/5.0 (Linux; Android 10; K) AppleWebKit/537.36 (KHTML, like Gecko) Chrome/140.0.0.0 Mobile Safari/537.36" 1165 **1/1165814**
114.119.157.234 - - [16/Sep/2025:01:16:59 -0700] "GET /product-category/perfume-liner-inserts/?per_row=4&shop_view=list&per_page=12 HTTP/1.1" 200 24652 "https://www.sapphirepackaging.in/product-category/perfume-liner-inserts/?per_row=4&shop_view=list&per_page=12" "Mozilla/5.0 (Linux; Android 7.0;) AppleWebKit/537.36 (KHTML, like Gecko) Mobile Safari/537.36 (compatible; PetalBot;+https://webmaster.petalsearch.com/site/petalbot)" 990 **0/990575**
68.178.198.34 - - [16/Sep/2025:01:18:17 -0700] "POST /wp-cron.php?doing_wp_cron=1758010697.2016279697418212890625 HTTP/1.1" 200 - "-" "WordPress/6.8.2; https://www.sapphirepackaging.in" 23 **0/23777**
114.119.134.208 - - [16/Sep/2025:01:18:16 -0700] "GET /product-category/perfume-liner-inserts/off-white-shade-liners/?per_row=3&per_page=18&shop_view=grid HTTP/1.1" 200 23848 "https://www.sapphirepackaging.in/product-category/perfume-liner-inserts/off-white-shade-liners/?per_page=24&shop_view=grid&per_row=3" "Mozilla/5.0 (Linux; Android 7.0;) AppleWebKit/537.36 (KHTML, like Gecko) Mobile Safari/537.36 (compatible; PetalBot;+https://webmaster.petalsearch.com/site/petalbot)" 898 **0/898195**
68.178.198.34 - - [16/Sep/2025:01:19:44 -0700] "POST /wp-cron.php?doing_wp_cron=1758010784.8783290386199951171875 HTTP/1.1" 200 - "-" "WordPress/6.8.2; https://www.sapphirepackaging.in" 19 **0/19656**
114.119.157.206 - - [16/Sep/2025:01:19:44 -0700] "GET /product-category/mono-cartons/?per_row=4&per_page=24&shop_view=grid HTTP/1.1" 200 24455 "https://www.sapphirepackaging.in/product-category/mono-cartons/?per_page=24&shop_view=grid&per_row=4" "Mozilla/5.0 (Linux; Android 7.0;) AppleWebKit/537.36 (KHTML, like Gecko) Mobile Safari/537.36 (compatible; PetalBot;+https://webmaster.petalsearch.com/site/petalbot)" 995 **0/995678**
68.178.198.34 - - [16/Sep/2025:01:21:05 -0700] "POST /wp-cron.php?doing_wp_cron=1758010865.2631270885467529296875 HTTP/1.1" 200 - "-" "WordPress/6.8.2; https://www.sapphirepackaging.in" 25 **0/25207**
114.119.157.234 - - [16/Sep/2025:01:21:04 -0700] "GET /product-category/mono-cartons/?per_page=24&shop_view=grid&per_row=3 HTTP/1.1" 200 24456 "https://www.sapphirepackaging.in/product-category/mono-cartons/?per_page=24&shop_view=list" "Mozilla/5.0 (Linux; Android 7.0;) AppleWebKit/537.36 (KHTML, like Gecko) Mobile Safari/537.36 (compatible; PetalBot;+https://webmaster.petalsearch.com/site/petalbot)" 1109 **1/1109893**
68.178.198.34 - - [16/Sep/2025:01:21:40 -0700] "POST /wp-cron.php?doing_wp_cron=1758010900.0035688877105712890625 HTTP/1.1" 200 - "-" "WordPress/6.8.2; https://sapphirepackaging.in" 25 **0/25043**
156.59.198.135 - - [16/Sep/2025:01:21:39 -0700] "GET /wp-content/uploads/2025/04/BOX-1-iii-300x300.jpg300w,https://sapphirepackaging.in/wp-content/uploads/2025/04/BOX-1-iii-1024x1024.jpg1024w,https://sapphirepackaging.in/wp-content/uploads/2025/04/BOX-1-iii-150x150.jpg150w,https://sapphirepackaging.in/wp-content/uploads/2025/04/BOX-1-iii-768x768.jpg768w,https://sapphirepackaging.in/wp-content/uploads/2025/04/BOX-1-iii-1536x1536.jpg1536w,https://sapphirepackaging.in/wp-content/uploads/2025/04/BOX-1-iii-2048x2048.jpg2048w,https://sapphirepackaging.in/wp-content/uploads/2025/04/BOX-1-iii-600x600.jpg600w,https://sapphirepackaging.in/wp-content/uploads/2025/04/BOX-1-iii-1200x1200.jpg1200w HTTP/2.0" 301 - "-" "Mozilla/5.0 (Linux; Android 5.0) AppleWebKit/537.36 (KHTML, like Gecko) Mobile Safari/537.36 (compatible; Bytespider; spider-feedback@bytedance.com)" 639 **0/639916**
156.59.198.135 - - [16/Sep/2025:01:21:41 -0700] "GET /wp-content/uploads/2025/04/BOX-1-iii-300x300.jpg300w,https:/sapphirepackaging.in/wp-content/uploads/2025/04/BOX-1-iii-1024x1024.jpg1024w,https:/sapphirepackaging.in/wp-content/uploads/2025/04/BOX-1-iii-150x150.jpg150w,https:/sapphirepackaging.in/wp-content/uploads/2025/04/BOX-1-iii-768x768.jpg768w,https:/sapphirepackaging.in/wp-content/uploads/2025/04/BOX-1-iii-1536x1536.jpg1536w,https:/sapphirepackaging.in/wp-content/uploads/2025/04/BOX-1-iii-2048x2048.jpg2048w,https:/sapphirepackaging.in/wp-content/uploads/2025/04/BOX-1-iii-600x600.jpg600w,https:/sapphirepackaging.in/wp-content/uploads/2025/04/BOX-1-iii-1200x1200.jpg1200w HTTP/2.0" 404 99969 "https://sapphirepackaging.in/wp-content/uploads/2025/04/BOX-1-iii-300x300.jpg300w,https://sapphirepackaging.in/wp-content/uploads/2025/04/BOX-1-iii-1024x1024.jpg1024w,https://sapphirepackaging.in/wp-content/uploads/2025/04/BOX-1-iii-150x150.jpg150w,https://sapphirepackaging.in/wp-content/uploads/2025/04/BOX-1-iii-768x768.jpg768w,https://sapphirepackaging.in/wp-content/uploads/2025/04/BOX-1-iii-1536x1536.jpg1536w,https://sapphirepackaging.in/wp-content/uploads/2025/04/BOX-1-iii-2048x2048.jpg2048w,https://sapphirepackaging.in/wp-content/uploads/2025/04/BOX-1-iii-600x600.jpg600w,https://sapphirepackaging.in/wp-content/uploads/2025/04/BOX-1-iii-1200x1200.jpg1200w" "Mozilla/5.0 (Linux; Android 5.0) AppleWebKit/537.36 (KHTML, like Gecko) Mobile Safari/537.36 (compatible; Bytespider; spider-feedback@bytedance.com)" 742 **0/742311**
68.178.198.34 - - [16/Sep/2025:01:22:31 -0700] "POST /wp-cron.php?doing_wp_cron=1758010951.9770140647888183593750 HTTP/1.1" 200 - "-" "WordPress/6.8.2; https://www.sapphirepackaging.in" 21 **0/21421**
114.119.139.26 - - [16/Sep/2025:01:22:31 -0700] "GET /product-category/corrugated-box/universal-style-4-flaps/?per_row=4&per_page=9&shop_view=list HTTP/1.1" 200 24384 "https://www.sapphirepackaging.in/product-category/corrugated-box/universal-style-4-flaps/?per_row=4&shop_view=list&per_page=9" "Mozilla/5.0 (Linux; Android 7.0;) AppleWebKit/537.36 (KHTML, like Gecko) Mobile Safari/537.36 (compatible; PetalBot;+https://webmaster.petalsearch.com/site/petalbot)" 1006 **1/1006794**
68.178.198.34 - - [16/Sep/2025:01:23:57 -0700] "POST /wp-cron.php?doing_wp_cron=1758011037.7771499156951904296875 HTTP/1.1" 200 - "-" "WordPress/6.8.2; https://www.sapphirepackaging.in" 21 **0/21054**
114.119.157.206 - - [16/Sep/2025:01:23:57 -0700] "GET /product-category/corrugated-box/partition-boxes/?per_page=24&shop_view=list HTTP/1.1" 200 24224 "https://www.sapphirepackaging.in/product-category/corrugated-box/partition-boxes/?shop_view=list&per_page=12" "Mozilla/5.0 (Linux; Android 7.0;) AppleWebKit/537.36 (KHTML, like Gecko) Mobile Safari/537.36 (compatible; PetalBot;+https://webmaster.petalsearch.com/site/petalbot)" 841 **0/841894**
68.178.198.34 - - [16/Sep/2025:01:24:57 -0700] "POST /wp-cron.php?doing_wp_cron=1758011097.0641279220581054687500 HTTP/1.1" 200 - "-" "WordPress/6.8.2; https://www.sapphirepackaging.in" 22 **0/22512**
43.159.143.139 - - [16/Sep/2025:01:24:56 -0700] "GET /product-category/perfume-liner-inserts/colored-liners/ HTTP/1.1" 200 23760 "-" "Mozilla/5.0 (iPhone; CPU iPhone OS 13_2_3 like Mac OS X) AppleWebKit/605.1.15 (KHTML, like Gecko) Version/13.0.3 Mobile/15E148 Safari/604.1" 985 **0/985494**
68.178.198.34 - - [16/Sep/2025:01:25:19 -0700] "POST /wp-cron.php?doing_wp_cron=1758011119.9255619049072265625000 HTTP/1.1" 200 - "-" "WordPress/6.8.2; https://www.sapphirepackaging.in" 19 **0/19747**
114.119.134.208 - - [16/Sep/2025:01:25:19 -0700] "GET /product-category/corrugated-box/handle-boxes/?per_row=4&per_page=12&shop_view=list HTTP/1.1" 200 24293 "https://www.sapphirepackaging.in/product-category/corrugated-box/handle-boxes/?per_page=12&shop_view=grid&per_row=4" "Mozilla/5.0 (Linux; Android 7.0;) AppleWebKit/537.36 (KHTML, like Gecko) Mobile Safari/537.36 (compatible; PetalBot;+https://webmaster.petalsearch.com/site/petalbot)" 1062 **1/1062144**
217.21.86.45 - - [16/Sep/2025:01:26:35 -0700] "HEAD / HTTP/2.0" 200 - "-" "Go-http-client/2.0" 707 **0/707104**
114.119.157.206 - - [16/Sep/2025:01:26:44 -0700] "GET /product-category/perfume-liner-inserts/colored-liners/?per_page=24&shop_view=grid&per_row=4 HTTP/1.1" 200 23802 "https://www.sapphirepackaging.in/product-category/perfume-liner-inserts/colored-liners/?per_page=24&shop_view=list" "Mozilla/5.0 (Linux; Android 7.0;) AppleWebKit/537.36 (KHTML, like Gecko) Mobile Safari/537.36 (compatible; PetalBot;+https://webmaster.petalsearch.com/site/petalbot)" 914 **0/914262**
68.178.198.34 - - [16/Sep/2025:01:27:58 -0700] "POST /wp-cron.php?doing_wp_cron=1758011278.6516919136047363281250 HTTP/1.1" 200 - "-" "WordPress/6.8.2; https://www.sapphirepackaging.in" 25 **0/25649**
114.119.152.164 - - [16/Sep/2025:01:27:58 -0700] "GET /product-category/mono-cartons/perfume-boxes/?per_row=3&shop_view=list&per_page=24 HTTP/1.1" 200 24241 "https://www.sapphirepackaging.in/product-category/mono-cartons/perfume-boxes/?per_row=3&shop_view=list" "Mozilla/5.0 (Linux; Android 7.0;) AppleWebKit/537.36 (KHTML, like Gecko) Mobile Safari/537.36 (compatible; PetalBot;+https://webmaster.petalsearch.com/site/petalbot)" 1028 **1/1028862**
68.178.198.34 - - [16/Sep/2025:01:29:31 -0700] "POST /wp-cron.php?doing_wp_cron=1758011371.7371010780334472656250 HTTP/1.1" 200 - "-" "WordPress/6.8.2; https://www.sapphirepackaging.in" 22 **0/22559**
114.119.157.234 - - [16/Sep/2025:01:29:31 -0700] "GET /product-category/mono-cartons/tissue-boxes/?shop_view=grid&per_row=4 HTTP/1.1" 200 23892 "https://www.sapphirepackaging.in/product-category/mono-cartons/tissue-boxes/?shop_view=list" "Mozilla/5.0 (Linux; Android 7.0;) AppleWebKit/537.36 (KHTML, like Gecko) Mobile Safari/537.36 (compatible; PetalBot;+https://webmaster.petalsearch.com/site/petalbot)" 961 **0/961002**
68.178.198.34 - - [16/Sep/2025:01:30:55 -0700] "POST /wp-cron.php?doing_wp_cron=1758011455.3821039199829101562500 HTTP/1.1" 200 - "-" "WordPress/6.8.2; https://www.sapphirepackaging.in" 23 **0/23798**
114.119.135.163 - - [16/Sep/2025:01:30:54 -0700] "GET /product-category/corrugated-box/window-boxes/?per_page=18&shop_view=grid&per_row=3 HTTP/1.1" 200 23915 "https://www.sapphirepackaging.in/product-category/corrugated-box/window-boxes/?shop_view=list&per_page=18" "Mozilla/5.0 (Linux; Android 7.0;) AppleWebKit/537.36 (KHTML, like Gecko) Mobile Safari/537.36 (compatible; PetalBot;+https://webmaster.petalsearch.com/site/petalbot)" 1065 **1/1065533**
68.178.198.34 - - [16/Sep/2025:01:32:13 -0700] "POST /wp-cron.php?doing_wp_cron=1758011533.7754859924316406250000 HTTP/1.1" 200 - "-" "WordPress/6.8.2; https://www.sapphirepackaging.in" 25 **0/25599**
114.119.157.234 - - [16/Sep/2025:01:32:13 -0700] "GET /product-category/corrugated-box/top-bottom-boxes/?per_row=3&per_page=9&shop_view=list HTTP/1.1" 200 24035 "https://www.sapphirepackaging.in/product-category/corrugated-box/top-bottom-boxes/?per_row=3&per_page=24&shop_view=list" "Mozilla/5.0 (Linux; Android 7.0;) AppleWebKit/537.36 (KHTML, like Gecko) Mobile Safari/537.36 (compatible; PetalBot;+https://webmaster.petalsearch.com/site/petalbot)" 1154 **1/1154225**
5.161.69.178 - - [16/Sep/2025:01:32:34 -0700] "POST /wp-load.php?9d4777=44976 HTTP/1.1" 200 - "-" "Mozilla/5.0 (Windows NT 10.0; Win64; x64) AppleWebKit/537.36 (KHTML, like Gecko) Chrome/104.0.5112.97 Safari/537.36" 539 **0/539541**
68.178.198.34 - - [16/Sep/2025:01:33:43 -0700] "POST /wp-cron.php?doing_wp_cron=1758011623.3548951148986816406250 HTTP/1.1" 200 - "-" "WordPress/6.8.2; https://www.sapphirepackaging.in" 20 **0/20798**
114.119.157.206 - - [16/Sep/2025:01:33:42 -0700] "GET /product-category/corrugated-box/small-planter-boxes/?per_page=18&shop_view=list HTTP/1.1" 200 24218 "https://www.sapphirepackaging.in/product-category/corrugated-box/small-planter-boxes/?per_page=12&shop_view=list" "Mozilla/5.0 (Linux; Android 7.0;) AppleWebKit/537.36 (KHTML, like Gecko) Mobile Safari/537.36 (compatible; PetalBot;+https://webmaster.petalsearch.com/site/petalbot)" 884 **0/884079**
68.178.198.34 - - [16/Sep/2025:01:34:14 -0700] "POST /wp-cron.php?doing_wp_cron=1758011654.4991159439086914062500 HTTP/1.1" 200 - "-" "WordPress/6.8.2; https://www.sapphirepackaging.in" 23 **0/23614**
47.128.126.163 - - [16/Sep/2025:01:34:13 -0700] "GET / HTTP/2.0" 403 32367 "-" "Mozilla/5.0 (Linux; Android 5.0) AppleWebKit/537.36 (KHTML, like Gecko) Mobile Safari/537.36 (compatible; Bytespider; spider-feedback@bytedance.com)" 1469 **1/1469112**
