47.128.126.163 - - [16/Sep/2025:01:34:15 -0700] "GET /wp-content/themes/woodmart-1/css/parts/wp-blocks.min.css?ver=8.1.2 HTTP/2.0" 404 18539 "https://www.sapphirepackaging.in/" "Mozilla/5.0 (Linux; Android 5.0) AppleWebKit/537.36 (KHTML, like Gecko) Mobile Safari/537.36 (compatible; Bytespider; spider-feedback@bytedance.com)" 882 **0/882567**
47.128.126.163 - - [16/Sep/2025:01:34:16 -0700] "GET /wp-content/themes/woodmart-1/css/parts/helpers-wpb-elem.min.css?ver=8.1.2 HTTP/2.0" 404 18541 "https://www.sapphirepackaging.in/" "Mozilla/5.0 (Linux; Android 5.0) AppleWebKit/537.36 (KHTML, like Gecko) Mobile Safari/537.36 (compatible; Bytespider; spider-feedback@bytedance.com)" 859 **0/859169**
47.128.126.163 - - [16/Sep/2025:01:34:16 -0700] "GET /wp-content/themes/woodmart-1/css/parts/int-elem-base.min.css?ver=8.1.2 HTTP/2.0" 404 18542 "https://www.sapphirepackaging.in/" "Mozilla/5.0 (Linux; Android 5.0) AppleWebKit/537.36 (KHTML, like Gecko) Mobile Safari/537.36 (compatible; Bytespider; spider-feedback@bytedance.com)" 859 **0/859627**
47.128.126.163 - - [16/Sep/2025:01:34:16 -0700] "GET /wp-content/themes/woodmart-1/css/parts/header-base.min.css?ver=8.1.2 HTTP/2.0" 404 18541 "https://www.sapphirepackaging.in/" "Mozilla/5.0 (Linux; Android 5.0) AppleWebKit/537.36 (KHTML, like Gecko) Mobile Safari/537.36 (compatible; Bytespider; spider-feedback@bytedance.com)" 957 **0/957455**
47.128.126.163 - - [16/Sep/2025:01:34:16 -0700] "GET /wp-content/themes/woodmart-1/css/parts/woo-mod-progress-bar.min.css?ver=8.1.2 HTTP/2.0" 404 18534 "https://www.sapphirepackaging.in/" "Mozilla/5.0 (Linux; Android 5.0) AppleWebKit/537.36 (KHTML, like Gecko) Mobile Safari/537.36 (compatible; Bytespider; spider-feedback@bytedance.com)" 1005 **1/1005761**
47.128.126.163 - - [16/Sep/2025:01:34:16 -0700] "GET /wp-content/themes/woodmart-1/css/parts/base.min.css?ver=8.1.2 HTTP/2.0" 404 18532 "https://www.sapphirepackaging.in/" "Mozilla/5.0 (Linux; Android 5.0) AppleWebKit/537.36 (KHTML, like Gecko) Mobile Safari/537.36 (compatible; Bytespider; spider-feedback@bytedance.com)" 1049 **1/1049489**
47.128.126.163 - - [16/Sep/2025:01:34:16 -0700] "GET /wp-content/themes/woodmart-1/css/parts/woo-mod-block-notices.min.css?ver=8.1.2 HTTP/2.0" 404 18537 "https://www.sapphirepackaging.in/" "Mozilla/5.0 (Linux; Android 5.0) AppleWebKit/537.36 (KHTML, like Gecko) Mobile Safari/537.36 (compatible; Bytespider; spider-feedback@bytedance.com)" 1689 **1/1689793**
47.128.126.163 - - [16/Sep/2025:01:34:16 -0700] "GET /wp-content/themes/woodmart-1/css/parts/woo-opt-free-progress-bar.min.css?ver=8.1.2 HTTP/2.0" 404 18538 "https://www.sapphirepackaging.in/" "Mozilla/5.0 (Linux; Android 5.0) AppleWebKit/537.36 (KHTML, like Gecko) Mobile Safari/537.36 (compatible; Bytespider; spider-feedback@bytedance.com)" 1707 **1/1707131**
47.128.126.163 - - [16/Sep/2025:01:34:16 -0700] "GET /wp-content/uploads/elementor/css/post-15.css?ver=1757950664 HTTP/2.0" 404 18533 "https://www.sapphirepackaging.in/" "Mozilla/5.0 (Linux; Android 5.0) AppleWebKit/537.36 (KHTML, like Gecko) Mobile Safari/537.36 (compatible; Bytespider; spider-feedback@bytedance.com)" 1778 **1/1778460**
47.128.126.163 - - [16/Sep/2025:01:34:16 -0700] "GET /wp-content/plugins/elementor/assets/css/widget-divider.min.css?ver=3.32.0 HTTP/2.0" 404 18538 "https://www.sapphirepackaging.in/" "Mozilla/5.0 (Linux; Android 5.0) AppleWebKit/537.36 (KHTML, like Gecko) Mobile Safari/537.36 (compatible; Bytespider; spider-feedback@bytedance.com)" 1881 **1/1881504**
47.128.126.163 - - [16/Sep/2025:01:34:16 -0700] "GET /wp-content/uploads/elementor/css/post-8.css?ver=1757948293 HTTP/2.0" 404 18521 "https://www.sapphirepackaging.in/" "Mozilla/5.0 (Linux; Android 5.0) AppleWebKit/537.36 (KHTML, like Gecko) Mobile Safari/537.36 (compatible; Bytespider; spider-feedback@bytedance.com)" 1838 **1/1838161**
47.128.126.163 - - [16/Sep/2025:01:34:16 -0700] "GET /wp-content/themes/woodmart-1/css/parts/header-el-mobile-nav-dropdown.min.css?ver=8.1.2 HTTP/2.0" 404 18543 "https://www.sapphirepackaging.in/" "Mozilla/5.0 (Linux; Android 5.0) AppleWebKit/537.36 (KHTML, like Gecko) Mobile Safari/537.36 (compatible; Bytespider; spider-feedback@bytedance.com)" 1866 **1/1866981**
47.128.126.163 - - [16/Sep/2025:01:34:16 -0700] "GET /wp-content/uploads/elementor/css/custom-frontend.min.css?ver=1757948293 HTTP/2.0" 404 18530 "https://www.sapphirepackaging.in/" "Mozilla/5.0 (Linux; Android 5.0) AppleWebKit/537.36 (KHTML, like Gecko) Mobile Safari/537.36 (compatible; Bytespider; spider-feedback@bytedance.com)" 1984 **1/1984903**
47.128.126.163 - - [16/Sep/2025:01:34:16 -0700] "GET /wp-content/themes/woodmart-1/css/parts/mod-tools.min.css?ver=8.1.2 HTTP/2.0" 404 18543 "https://www.sapphirepackaging.in/" "Mozilla/5.0 (Linux; Android 5.0) AppleWebKit/537.36 (KHTML, like Gecko) Mobile Safari/537.36 (compatible; Bytespider; spider-feedback@bytedance.com)" 1934 **1/1934419**
47.128.126.163 - - [16/Sep/2025:01:34:16 -0700] "GET /wp-content/themes/woodmart-1/css/parts/header-el-base.min.css?ver=8.1.2 HTTP/2.0" 404 18547 "https://www.sapphirepackaging.in/" "Mozilla/5.0 (Linux; Android 5.0) AppleWebKit/537.36 (KHTML, like Gecko) Mobile Safari/537.36 (compatible; Bytespider; spider-feedback@bytedance.com)" 1942 **1/1942731**
47.128.126.163 - - [16/Sep/2025:01:34:16 -0700] "GET /wp-content/themes/woodmart-1/css/parts/mod-star-rating.min.css?ver=8.1.2 HTTP/2.0" 404 18539 "https://www.sapphirepackaging.in/" "Mozilla/5.0 (Linux; Android 5.0) AppleWebKit/537.36 (KHTML, like Gecko) Mobile Safari/537.36 (compatible; Bytespider; spider-feedback@bytedance.com)" 2400 **2/2400234**
47.128.126.163 - - [16/Sep/2025:01:34:16 -0700] "GET /wp-content/themes/woodmart-1/css/parts/woocommerce-base.min.css?ver=8.1.2 HTTP/2.0" 404 18539 "https://www.sapphirepackaging.in/" "Mozilla/5.0 (Linux; Android 5.0) AppleWebKit/537.36 (KHTML, like Gecko) Mobile Safari/537.36 (compatible; Bytespider; spider-feedback@bytedance.com)" 2676 **2/2676342**
47.128.126.163 - - [16/Sep/2025:01:34:17 -0700] "GET /wp-content/uploads/2025/04/SAPPHIRE-LOGO-IN-BLACK-COLOR-768x523.png HTTP/2.0" 404 97545 "https://www.sapphirepackaging.in/" "Mozilla/5.0 (Linux; Android 5.0) AppleWebKit/537.36 (KHTML, like Gecko) Mobile Safari/537.36 (compatible; Bytespider; spider-feedback@bytedance.com)" 1482 **1/1482656**
47.128.126.163 - - [16/Sep/2025:01:34:16 -0700] "GET /wp-content/plugins/elementor/assets/css/widget-heading.min.css?ver=3.32.0 HTTP/2.0" 404 18547 "https://www.sapphirepackaging.in/" "Mozilla/5.0 (Linux; Android 5.0) AppleWebKit/537.36 (KHTML, like Gecko) Mobile Safari/537.36 (compatible; Bytespider; spider-feedback@bytedance.com)" 2798 **2/2798528**
47.128.126.163 - - [16/Sep/2025:01:34:16 -0700] "GET /wp-content/themes/woodmart-1/css/parts/el-section-title.min.css?ver=8.1.2 HTTP/2.0" 404 18544 "https://www.sapphirepackaging.in/" "Mozilla/5.0 (Linux; Android 5.0) AppleWebKit/537.36 (KHTML, like Gecko) Mobile Safari/537.36 (compatible; Bytespider; spider-feedback@bytedance.com)" 2774 **2/2774558**
47.128.126.163 - - [16/Sep/2025:01:34:16 -0700] "GET /wp-content/themes/woodmart-1/css/parts/el-product-tabs.min.css?ver=8.1.2 HTTP/2.0" 404 18542 "https://www.sapphirepackaging.in/" "Mozilla/5.0 (Linux; Android 5.0) AppleWebKit/537.36 (KHTML, like Gecko) Mobile Safari/537.36 (compatible; Bytespider; spider-feedback@bytedance.com)" 2748 **2/2748477**
47.128.126.163 - - [16/Sep/2025:01:34:16 -0700] "GET /wp-content/themes/woodmart-1/css/parts/footer-base.min.css?ver=8.1.2 HTTP/2.0" 404 18537 "https://www.sapphirepackaging.in/" "Mozilla/5.0 (Linux; Android 5.0) AppleWebKit/537.36 (KHTML, like Gecko) Mobile Safari/537.36 (compatible; Bytespider; spider-feedback@bytedance.com)" 2710 **2/2710007**
47.128.126.163 - - [16/Sep/2025:01:34:16 -0700] "GET /wp-content/themes/woodmart-1/css/parts/woo-product-loop-buttons-on-hover.min.css?ver=8.1.2 HTTP/2.0" 404 18544 "https://www.sapphirepackaging.in/" "Mozilla/5.0 (Linux; Android 5.0) AppleWebKit/537.36 (KHTML, like Gecko) Mobile Safari/537.36 (compatible; Bytespider; spider-feedback@bytedance.com)" 3099 **3/3099531**
47.128.126.163 - - [16/Sep/2025:01:34:16 -0700] "GET /wp-content/themes/woodmart-1/css/parts/lib-magnific-popup.min.css?ver=8.1.2 HTTP/2.0" 404 18545 "https://www.sapphirepackaging.in/" "Mozilla/5.0 (Linux; Android 5.0) AppleWebKit/537.36 (KHTML, like Gecko) Mobile Safari/537.36 (compatible; Bytespider; spider-feedback@bytedance.com)" 3073 **3/3073485**
47.128.126.163 - - [16/Sep/2025:01:34:16 -0700] "GET /wp-content/themes/woodmart-1/css/parts/el-video.min.css?ver=8.1.2 HTTP/2.0" 404 18539 "https://www.sapphirepackaging.in/" "Mozilla/5.0 (Linux; Android 5.0) AppleWebKit/537.36 (KHTML, like Gecko) Mobile Safari/537.36 (compatible; Bytespider; spider-feedback@bytedance.com)" 3526 **3/3526407**
47.128.126.163 - - [16/Sep/2025:01:34:16 -0700] "GET /wp-content/themes/woodmart-1/css/parts/lib-swiper.min.css?ver=8.1.2 HTTP/2.0" 404 18539 "https://www.sapphirepackaging.in/" "Mozilla/5.0 (Linux; Android 5.0) AppleWebKit/537.36 (KHTML, like Gecko) Mobile Safari/537.36 (compatible; Bytespider; spider-feedback@bytedance.com)" 3577 **3/3577935**
47.128.126.163 - - [16/Sep/2025:01:34:16 -0700] "GET /wp-content/themes/woodmart-1/css/parts/el-button.min.css?ver=8.1.2 HTTP/2.0" 404 18543 "https://www.sapphirepackaging.in/" "Mozilla/5.0 (Linux; Android 5.0) AppleWebKit/537.36 (KHTML, like Gecko) Mobile Safari/537.36 (compatible; Bytespider; spider-feedback@bytedance.com)" 3582 **3/3582723**
47.128.126.163 - - [16/Sep/2025:01:34:16 -0700] "GET /wp-content/themes/woodmart-1/css/parts/lib-swiper-arrows.min.css?ver=8.1.2 HTTP/2.0" 404 18545 "https://www.sapphirepackaging.in/" "Mozilla/5.0 (Linux; Android 5.0) AppleWebKit/537.36 (KHTML, like Gecko) Mobile Safari/537.36 (compatible; Bytespider; spider-feedback@bytedance.com)" 3600 **3/3600837**
47.128.126.163 - - [16/Sep/2025:01:34:16 -0700] "GET /wp-content/themes/woodmart-1/css/parts/el-info-box.min.css?ver=8.1.2 HTTP/2.0" 404 18537 "https://www.sapphirepackaging.in/" "Mozilla/5.0 (Linux; Android 5.0) AppleWebKit/537.36 (KHTML, like Gecko) Mobile Safari/537.36 (compatible; Bytespider; spider-feedback@bytedance.com)" 3632 **3/3632781**
47.128.126.163 - - [16/Sep/2025:01:34:16 -0700] "GET /wp-content/themes/woodmart-1/css/parts/mod-sticky-loader.min.css?ver=8.1.2 HTTP/2.0" 404 18543 "https://www.sapphirepackaging.in/" "Mozilla/5.0 (Linux; Android 5.0) AppleWebKit/537.36 (KHTML, like Gecko) Mobile Safari/537.36 (compatible; Bytespider; spider-feedback@bytedance.com)" 3630 **3/3630038**
47.128.126.163 - - [16/Sep/2025:01:34:16 -0700] "GET /wp-content/themes/woodmart-1/css/parts/woo-categories-loop-old.min.css?ver=8.1.2 HTTP/2.0" 404 18547 "https://www.sapphirepackaging.in/" "Mozilla/5.0 (Linux; Android 5.0) AppleWebKit/537.36 (KHTML, like Gecko) Mobile Safari/537.36 (compatible; Bytespider; spider-feedback@bytedance.com)" 3855 **3/3855870**
47.128.126.163 - - [16/Sep/2025:01:34:16 -0700] "GET /wp-content/themes/woodmart-1/css/parts/woo-opt-products-bg.min.css?ver=8.1.2 HTTP/2.0" 404 18540 "https://www.sapphirepackaging.in/" "Mozilla/5.0 (Linux; Android 5.0) AppleWebKit/537.36 (KHTML, like Gecko) Mobile Safari/537.36 (compatible; Bytespider; spider-feedback@bytedance.com)" 3692 **3/3692353**
47.128.126.163 - - [16/Sep/2025:01:34:16 -0700] "GET /wp-content/themes/woodmart-1/css/parts/el-tabs.min.css?ver=8.1.2 HTTP/2.0" 404 18536 "https://www.sapphirepackaging.in/" "Mozilla/5.0 (Linux; Android 5.0) AppleWebKit/537.36 (KHTML, like Gecko) Mobile Safari/537.36 (compatible; Bytespider; spider-feedback@bytedance.com)" 3708 **3/3708164**
47.128.126.163 - - [16/Sep/2025:01:34:16 -0700] "GET /wp-content/themes/woodmart-1/css/parts/woo-opt-grid-gallery.min.css?ver=8.1.2 HTTP/2.0" 404 18535 "https://www.sapphirepackaging.in/" "Mozilla/5.0 (Linux; Android 5.0) AppleWebKit/537.36 (KHTML, like Gecko) Mobile Safari/537.36 (compatible; Bytespider; spider-feedback@bytedance.com)" 3806 **3/3806807**
47.128.126.163 - - [16/Sep/2025:01:34:16 -0700] "GET /wp-content/themes/woodmart-1/css/parts/woo-opt-stretch-cont.min.css?ver=8.1.2 HTTP/2.0" 404 18538 "https://www.sapphirepackaging.in/" "Mozilla/5.0 (Linux; Android 5.0) AppleWebKit/537.36 (KHTML, like Gecko) Mobile Safari/537.36 (compatible; Bytespider; spider-feedback@bytedance.com)" 3814 **3/3814313**
47.128.126.163 - - [16/Sep/2025:01:34:16 -0700] "GET /wp-content/themes/woodmart-1/css/parts/opt-widget-collapse.min.css?ver=8.1.2 HTTP/2.0" 404 18535 "https://www.sapphirepackaging.in/" "Mozilla/5.0 (Linux; Android 5.0) AppleWebKit/537.36 (KHTML, like Gecko) Mobile Safari/537.36 (compatible; Bytespider; spider-feedback@bytedance.com)" 3620 **3/3620271**
47.128.126.163 - - [16/Sep/2025:01:34:16 -0700] "GET /wp-content/themes/woodmart-1/css/parts/woo-mod-swatches-base.min.css?ver=8.1.2 HTTP/2.0" 404 18539 "https://www.sapphirepackaging.in/" "Mozilla/5.0 (Linux; Android 5.0) AppleWebKit/537.36 (KHTML, like Gecko) Mobile Safari/537.36 (compatible; Bytespider; spider-feedback@bytedance.com)" 3815 **3/3815893**
47.128.126.163 - - [16/Sep/2025:01:34:16 -0700] "GET /wp-content/themes/woodmart-1/css/parts/mod-more-description.min.css?ver=8.1.2 HTTP/2.0" 404 18547 "https://www.sapphirepackaging.in/" "Mozilla/5.0 (Linux; Android 5.0) AppleWebKit/537.36 (KHTML, like Gecko) Mobile Safari/537.36 (compatible; Bytespider; spider-feedback@bytedance.com)" 3644 **3/3644991**
47.128.126.163 - - [16/Sep/2025:01:34:16 -0700] "GET /wp-content/themes/woodmart-1/css/parts/woo-mod-add-btn-replace.min.css?ver=8.1.2 HTTP/2.0" 404 18545 "https://www.sapphirepackaging.in/" "Mozilla/5.0 (Linux; Android 5.0) AppleWebKit/537.36 (KHTML, like Gecko) Mobile Safari/537.36 (compatible; Bytespider; spider-feedback@bytedance.com)" 3881 **3/3881098**
47.128.126.163 - - [16/Sep/2025:01:34:16 -0700] "GET /wp-content/themes/woodmart-1/css/parts/woo-categories-loop.min.css?ver=8.1.2 HTTP/2.0" 404 18543 "https://www.sapphirepackaging.in/" "Mozilla/5.0 (Linux; Android 5.0) AppleWebKit/537.36 (KHTML, like Gecko) Mobile Safari/537.36 (compatible; Bytespider; spider-feedback@bytedance.com)" 4082 **4/4082553**
47.128.126.163 - - [16/Sep/2025:01:34:16 -0700] "GET /wp-content/themes/woodmart-1/css/parts/el-hotspot.min.css?ver=8.1.2 HTTP/2.0" 404 18542 "https://www.sapphirepackaging.in/" "Mozilla/5.0 (Linux; Android 5.0) AppleWebKit/537.36 (KHTML, like Gecko) Mobile Safari/537.36 (compatible; Bytespider; spider-feedback@bytedance.com)" 3702 **3/3702723**
47.128.126.163 - - [16/Sep/2025:01:34:16 -0700] "GET /wp-content/themes/woodmart-1/css/parts/lib-swiper-pagin.min.css?ver=8.1.2 HTTP/2.0" 404 18544 "https://www.sapphirepackaging.in/" "Mozilla/5.0 (Linux; Android 5.0) AppleWebKit/537.36 (KHTML, like Gecko) Mobile Safari/537.36 (compatible; Bytespider; spider-feedback@bytedance.com)" 4109 **4/4109722**
47.128.126.163 - - [16/Sep/2025:01:34:16 -0700] "GET /wp-content/themes/woodmart-1/css/parts/woo-product-loop.min.css?ver=8.1.2 HTTP/2.0" 404 18542 "https://www.sapphirepackaging.in/" "Mozilla/5.0 (Linux; Android 5.0) AppleWebKit/537.36 (KHTML, like Gecko) Mobile Safari/537.36 (compatible; Bytespider; spider-feedback@bytedance.com)" 3953 **3/3953707**
47.128.126.163 - - [16/Sep/2025:01:34:16 -0700] "GET /wp-content/themes/woodmart-1/css/parts/el-section-title-style-simple-and-brd.min.css?ver=8.1.2 HTTP/2.0" 404 18552 "https://www.sapphirepackaging.in/" "Mozilla/5.0 (Linux; Android 5.0) AppleWebKit/537.36 (KHTML, like Gecko) Mobile Safari/537.36 (compatible; Bytespider; spider-feedback@bytedance.com)" 4148 **4/4148990**
47.128.126.163 - - [16/Sep/2025:01:34:16 -0700] "GET /wp-content/themes/woodmart-1/css/parts/mod-nav-menu-label.min.css?ver=8.1.2 HTTP/2.0" 404 18537 "https://www.sapphirepackaging.in/" "Mozilla/5.0 (Linux; Android 5.0) AppleWebKit/537.36 (KHTML, like Gecko) Mobile Safari/537.36 (compatible; Bytespider; spider-feedback@bytedance.com)" 3997 **3/3997055**
47.128.126.163 - - [16/Sep/2025:01:34:16 -0700] "GET /wp-content/themes/woodmart-1/css/parts/opt-scrolltotop.min.css?ver=8.1.2 HTTP/2.0" 404 18544 "https://www.sapphirepackaging.in/" "Mozilla/5.0 (Linux; Android 5.0) AppleWebKit/537.36 (KHTML, like Gecko) Mobile Safari/537.36 (compatible; Bytespider; spider-feedback@bytedance.com)" 4027 **4/4027587**
47.128.126.163 - - [16/Sep/2025:01:34:20 -0700] "GET /wp-content/uploads/elementor/css/post-688.css?ver=1757948294 HTTP/2.0" 404 18540 "https://www.sapphirepackaging.in/" "Mozilla/5.0 (Linux; Android 5.0) AppleWebKit/537.36 (KHTML, like Gecko) Mobile Safari/537.36 (compatible; Bytespider; spider-feedback@bytedance.com)" 1052 **1/1052137**
47.128.126.163 - - [16/Sep/2025:01:34:20 -0700] "GET /wp-content/uploads/elementor/css/custom-apple-webkit.min.css?ver=1757948293 HTTP/2.0" 404 18537 "https://www.sapphirepackaging.in/" "Mozilla/5.0 (Linux; Android 5.0) AppleWebKit/537.36 (KHTML, like Gecko) Mobile Safari/537.36 (compatible; Bytespider; spider-feedback@bytedance.com)" 1052 **1/1052764**
47.128.126.163 - - [16/Sep/2025:01:34:20 -0700] "GET /wp-content/plugins/woocommerce/assets/client/blocks/wc-blocks.css?ver=wc-10.1.2 HTTP/2.0" 404 18542 "https://www.sapphirepackaging.in/" "Mozilla/5.0 (Linux; Android 5.0) AppleWebKit/537.36 (KHTML, like Gecko) Mobile Safari/537.36 (compatible; Bytespider; spider-feedback@bytedance.com)" 1099 **1/1099794**
47.128.126.163 - - [16/Sep/2025:01:34:20 -0700] "GET /wp-content/plugins/elementor/assets/css/widget-image.min.css?ver=3.32.0 HTTP/2.0" 404 18538 "https://www.sapphirepackaging.in/" "Mozilla/5.0 (Linux; Android 5.0) AppleWebKit/537.36 (KHTML, like Gecko) Mobile Safari/537.36 (compatible; Bytespider; spider-feedback@bytedance.com)" 1127 **1/1127974**
47.128.126.163 - - [16/Sep/2025:01:34:20 -0700] "GET /wp-content/plugins/elementor/assets/lib/animations/styles/e-animation-pop.min.css?ver=3.32.0 HTTP/2.0" 404 18549 "https://www.sapphirepackaging.in/" "Mozilla/5.0 (Linux; Android 5.0) AppleWebKit/537.36 (KHTML, like Gecko) Mobile Safari/537.36 (compatible; Bytespider; spider-feedback@bytedance.com)" 1141 **1/1141977**
47.128.126.163 - - [16/Sep/2025:01:34:20 -0700] "GET /wp-content/uploads/2025/04/SAPPHIRE-LOGO-IN-BLACK-COLOR-768x523.png HTTP/2.0" 404 97545 "https://www.sapphirepackaging.in/" "Mozilla/5.0 (Linux; Android 5.0) AppleWebKit/537.36 (KHTML, like Gecko) Mobile Safari/537.36 (compatible; Bytespider; spider-feedback@bytedance.com)" 1149 **1/1149513**
47.128.126.163 - - [16/Sep/2025:01:34:20 -0700] "GET /wp-content/plugins/elementor/assets/css/widget-social-icons.min.css?ver=3.32.0 HTTP/2.0" 404 18538 "https://www.sapphirepackaging.in/" "Mozilla/5.0 (Linux; Android 5.0) AppleWebKit/537.36 (KHTML, like Gecko) Mobile Safari/537.36 (compatible; Bytespider; spider-feedback@bytedance.com)" 1179 **1/1179324**
47.128.126.163 - - [16/Sep/2025:01:34:21 -0700] "GET /wp-content/uploads/2023/04/wd-furniture-phone.svg HTTP/2.0" 404 100803 "https://www.sapphirepackaging.in/" "Mozilla/5.0 (Linux; Android 5.0) AppleWebKit/537.36 (KHTML, like Gecko) Mobile Safari/537.36 (compatible; Bytespider; spider-feedback@bytedance.com)" 1079 **1/1079112**
47.128.126.163 - - [16/Sep/2025:01:34:21 -0700] "GET /wp-content/uploads/2025/04/whatsapp-16x16.png HTTP/2.0" 404 100787 "https://www.sapphirepackaging.in/" "Mozilla/5.0 (Linux; Android 5.0) AppleWebKit/537.36 (KHTML, like Gecko) Mobile Safari/537.36 (compatible; Bytespider; spider-feedback@bytedance.com)" 1140 **1/1140051**
47.128.126.163 - - [16/Sep/2025:01:34:22 -0700] "GET /wp-content/uploads/2025/04/6-600x600.png HTTP/2.0" 404 97437 "https://www.sapphirepackaging.in/" "Mozilla/5.0 (Linux; Android 5.0) AppleWebKit/537.36 (KHTML, like Gecko) Mobile Safari/537.36 (compatible; Bytespider; spider-feedback@bytedance.com)" 892 **0/892367**
47.128.126.163 - - [16/Sep/2025:01:34:22 -0700] "GET /wp-content/uploads/2023/04/wd-furniture-background.jpg HTTP/2.0" 404 100823 "https://www.sapphirepackaging.in/" "Mozilla/5.0 (Linux; Android 5.0) AppleWebKit/537.36 (KHTML, like Gecko) Mobile Safari/537.36 (compatible; Bytespider; spider-feedback@bytedance.com)" 844 **0/844331**
47.128.126.163 - - [16/Sep/2025:01:34:22 -0700] "GET /wp-content/uploads/2025/04/whatsapp-24x24.png HTTP/2.0" 404 100787 "https://www.sapphirepackaging.in/" "Mozilla/5.0 (Linux; Android 5.0) AppleWebKit/537.36 (KHTML, like Gecko) Mobile Safari/537.36 (compatible; Bytespider; spider-feedback@bytedance.com)" 945 **0/945562**
47.128.126.163 - - [16/Sep/2025:01:34:22 -0700] "GET /wp-content/uploads/2023/04/Untitled-design-3.gif HTTP/2.0" 404 100799 "https://www.sapphirepackaging.in/" "Mozilla/5.0 (Linux; Android 5.0) AppleWebKit/537.36 (KHTML, like Gecko) Mobile Safari/537.36 (compatible; Bytespider; spider-feedback@bytedance.com)" 968 **0/968750**
114.119.143.187 - - [16/Sep/2025:01:35:02 -0700] "GET /all-products/page/1/?per_row=3&shop_view=grid&per_page=9 HTTP/1.1" 301 - "https://www.sapphirepackaging.in/all-products/page/2/?per_row=3&shop_view=grid&per_page=9" "Mozilla/5.0 (Linux; Android 7.0;) AppleWebKit/537.36 (KHTML, like Gecko) Mobile Safari/537.36 (compatible; PetalBot;+https://webmaster.petalsearch.com/site/petalbot)" 1651 **1/1651992**
114.119.143.187 - - [16/Sep/2025:01:35:06 -0700] "GET /all-products/?per_row=3&shop_view=grid&per_page=9 HTTP/1.1" 200 26645 "https://www.sapphirepackaging.in/all-products/page/2/?per_row=3&shop_view=grid&per_page=9" "Mozilla/5.0 (Linux; Android 7.0;) AppleWebKit/537.36 (KHTML, like Gecko) Mobile Safari/537.36 (compatible; PetalBot;+https://webmaster.petalsearch.com/site/petalbot)" 1326 **1/1326181**
68.178.198.34 - - [16/Sep/2025:01:36:29 -0700] "POST /wp-cron.php?doing_wp_cron=1758011789.8003730773925781250000 HTTP/1.1" 200 - "-" "WordPress/6.8.2; https://www.sapphirepackaging.in" 20 **0/20739**
114.119.152.164 - - [16/Sep/2025:01:36:29 -0700] "GET /all-products/?per_page=24&shop_view=list HTTP/1.1" 200 33582 "https://www.sapphirepackaging.in/all-products/page/1/?shop_view=list&per_page=9" "Mozilla/5.0 (Linux; Android 7.0;) AppleWebKit/537.36 (KHTML, like Gecko) Mobile Safari/537.36 (compatible; PetalBot;+https://webmaster.petalsearch.com/site/petalbot)" 1205 **1/1205503**
68.178.198.34 - - [16/Sep/2025:01:37:21 -0700] "POST /wp-cron.php?doing_wp_cron=1758011841.0731139183044433593750 HTTP/1.1" 200 - "-" "WordPress/6.8.2; https://www.sapphirepackaging.in" 24 **0/24406**
43.165.135.242 - - [16/Sep/2025:01:37:20 -0700] "GET /product-category/corrugated-box/top-bottom-boxes/?per_page=12 HTTP/1.1" 200 23693 "-" "Mozilla/5.0 (iPhone; CPU iPhone OS 13_2_3 like Mac OS X) AppleWebKit/605.1.15 (KHTML, like Gecko) Version/13.0.3 Mobile/15E148 Safari/604.1" 909 **0/909493**
114.119.135.163 - - [16/Sep/2025:01:37:55 -0700] "GET /product-category/perfume-liner-inserts/off-white-shade-liners/?per_row=4&shop_view=grid&per_page=24 HTTP/1.1" 200 23852 "https://www.sapphirepackaging.in/product-category/perfume-liner-inserts/off-white-shade-liners/?shop_view=grid&per_row=4" "Mozilla/5.0 (Linux; Android 7.0;) AppleWebKit/537.36 (KHTML, like Gecko) Mobile Safari/537.36 (compatible; PetalBot;+https://webmaster.petalsearch.com/site/petalbot)" 858 **0/858895**
68.178.198.34 - - [16/Sep/2025:01:39:10 -0700] "POST /wp-cron.php?doing_wp_cron=1758011950.1233708858489990234375 HTTP/1.1" 200 - "-" "WordPress/6.8.2; https://www.sapphirepackaging.in" 21 **0/21997**
114.119.142.232 - - [16/Sep/2025:01:39:09 -0700] "GET /product-category/perfume-liner-inserts/black-shade-liners/?per_row=4&shop_view=grid&per_page=12 HTTP/1.1" 200 23822 "https://www.sapphirepackaging.in/product-category/perfume-liner-inserts/black-shade-liners/?per_row=4&shop_view=grid&per_page=12" "Mozilla/5.0 (Linux; Android 7.0;) AppleWebKit/537.36 (KHTML, like Gecko) Mobile Safari/537.36 (compatible; PetalBot;+https://webmaster.petalsearch.com/site/petalbot)" 981 **0/981082**
68.178.198.34 - - [16/Sep/2025:01:40:31 -0700] "POST /wp-cron.php?doing_wp_cron=1758012031.8144590854644775390625 HTTP/1.1" 200 - "-" "WordPress/6.8.2; https://www.sapphirepackaging.in" 23 **0/23070**
114.119.142.232 - - [16/Sep/2025:01:40:31 -0700] "GET /product-category/perfume-liner-inserts/black-shade-liners/?per_row=4&shop_view=grid HTTP/1.1" 200 23806 "https://www.sapphirepackaging.in/product-category/perfume-liner-inserts/black-shade-liners/?per_row=4&shop_view=list" "Mozilla/5.0 (Linux; Android 7.0;) AppleWebKit/537.36 (KHTML, like Gecko) Mobile Safari/537.36 (compatible; PetalBot;+https://webmaster.petalsearch.com/site/petalbot)" 937 **0/937751**
68.178.198.34 - - [16/Sep/2025:01:41:55 -0700] "POST /wp-cron.php?doing_wp_cron=1758012115.6210789680480957031250 HTTP/1.1" 200 - "-" "WordPress/6.8.2; https://www.sapphirepackaging.in" 32 **0/32096**
114.119.135.163 - - [16/Sep/2025:01:41:54 -0700] "GET /product-category/perfume-liner-inserts/black-shade-liners/?per_row=4&per_page=24&shop_view=list HTTP/1.1" 200 24122 "https://www.sapphirepackaging.in/product-category/perfume-liner-inserts/black-shade-liners/?per_page=24&shop_view=grid&per_row=4" "Mozilla/5.0 (Linux; Android 7.0;) AppleWebKit/537.36 (KHTML, like Gecko) Mobile Safari/537.36 (compatible; PetalBot;+https://webmaster.petalsearch.com/site/petalbot)" 1051 **1/1051714**
66.249.74.10 - - [16/Sep/2025:01:42:29 -0700] "GET /wp-content/plugins/ HTTP/1.1" 200 1 "-" "Mozilla/5.0 (Linux; Android 6.0.1; Nexus 5X Build/MMB29P) AppleWebKit/537.36 (KHTML, like Gecko) Chrome/140.0.7339.127 Mobile Safari/537.36 (compatible; Googlebot/2.1; +http://www.google.com/bot.html)" 13 **0/13724**
68.178.198.34 - - [16/Sep/2025:01:43:21 -0700] "POST /wp-cron.php?doing_wp_cron=1758012201.4131019115447998046875 HTTP/1.1" 200 - "-" "WordPress/6.8.2; https://www.sapphirepackaging.in" 20 **0/20460**
114.119.135.163 - - [16/Sep/2025:01:43:20 -0700] "GET /product-category/corrugated-box/top-bottom-boxes/?per_row=3&per_page=18&shop_view=grid HTTP/1.1" 200 23720 "https://www.sapphirepackaging.in/product-category/corrugated-box/top-bottom-boxes/?per_page=18&shop_view=grid&per_row=3" "Mozilla/5.0 (Linux; Android 7.0;) AppleWebKit/537.36 (KHTML, like Gecko) Mobile Safari/537.36 (compatible; PetalBot;+https://webmaster.petalsearch.com/site/petalbot)" 1018 **1/1018520**
68.178.198.34 - - [16/Sep/2025:01:44:42 -0700] "POST /wp-cron.php?doing_wp_cron=1758012282.2054738998413085937500 HTTP/1.1" 200 - "-" "WordPress/6.8.2; https://www.sapphirepackaging.in" 20 **0/20446**
114.119.157.206 - - [16/Sep/2025:01:44:41 -0700] "GET /product-category/corrugated-box/?per_row=3&shop_view=list&per_page=9 HTTP/1.1" 200 29641 "https://www.sapphirepackaging.in/product-category/corrugated-box/page/1/?per_row=3&shop_view=list&per_page=9" "Mozilla/5.0 (Linux; Android 7.0;) AppleWebKit/537.36 (KHTML, like Gecko) Mobile Safari/537.36 (compatible; PetalBot;+https://webmaster.petalsearch.com/site/petalbot)" 1156 **1/1156333**
43.166.136.24 - - [16/Sep/2025:01:45:56 -0700] "GET /wp-content/uploads/2025/06/top-bottom-box-14-300x300.webp HTTP/1.1" 200 2508 "-" "Mozilla/5.0 (iPhone; CPU iPhone OS 13_2_3 like Mac OS X) AppleWebKit/605.1.15 (KHTML, like Gecko) Version/13.0.3 Mobile/15E148 Safari/604.1" 5 **0/5167**
68.178.198.34 - - [16/Sep/2025:01:46:17 -0700] "POST /wp-cron.php?doing_wp_cron=1758012377.9819180965423583984375 HTTP/1.1" 200 - "-" "WordPress/6.8.2; https://www.sapphirepackaging.in" 24 **0/24398**
114.119.157.234 - - [16/Sep/2025:01:46:17 -0700] "GET /all-products/?per_page=18 HTTP/1.1" 200 28203 "https://www.sapphirepackaging.in/all-products/page/1/" "Mozilla/5.0 (Linux; Android 7.0;) AppleWebKit/537.36 (KHTML, like Gecko) Mobile Safari/537.36 (compatible; PetalBot;+https://webmaster.petalsearch.com/site/petalbot)" 1279 **1/1279359**
68.178.198.34 - - [16/Sep/2025:01:47:26 -0700] "POST /wp-cron.php?doing_wp_cron=1758012446.5922179222106933593750 HTTP/1.1" 200 - "-" "WordPress/6.8.2; https://sapphirepackaging.in" 20 **0/20909**
114.119.143.187 - - [16/Sep/2025:01:47:25 -0700] "GET /product-category/perfume-liner-inserts/off-white-shade-liners/?per_row=4&per_page=18&shop_view=list HTTP/1.1" 200 23625 "https://sapphirepackaging.in/product-category/perfume-liner-inserts/off-white-shade-liners/?per_row=4&shop_view=list&per_page=24" "Mozilla/5.0 (Linux; Android 7.0;) AppleWebKit/537.36 (KHTML, like Gecko) Mobile Safari/537.36 (compatible; PetalBot;+https://webmaster.petalsearch.com/site/petalbot)" 1146 **1/1146107**
68.178.198.34 - - [16/Sep/2025:01:48:55 -0700] "POST /wp-cron.php?doing_wp_cron=1758012535.8883280754089355468750 HTTP/1.1" 200 - "-" "WordPress/6.8.2; https://sapphirepackaging.in" 20 **0/20212**
114.119.157.234 - - [16/Sep/2025:01:48:53 -0700] "GET /product-category/perfume-liner-inserts/colored-liners/?per_page=9&shop_view=list HTTP/1.1" 200 23551 "https://sapphirepackaging.in/product-category/perfume-liner-inserts/colored-liners/?shop_view=list&per_page=24" "Mozilla/5.0 (Linux; Android 7.0;) AppleWebKit/537.36 (KHTML, like Gecko) Mobile Safari/537.36 (compatible; PetalBot;+https://webmaster.petalsearch.com/site/petalbot)" 2399 **2/2399659**
68.178.198.34 - - [16/Sep/2025:01:50:25 -0700] "POST /wp-cron.php?doing_wp_cron=1758012625.2522690296173095703125 HTTP/1.1" 200 - "-" "WordPress/6.8.2; https://www.sapphirepackaging.in" 23 **0/23433**
114.119.139.26 - - [16/Sep/2025:01:50:24 -0700] "GET /product-category/perfume-liner-inserts/colored-liners/?per_row=3&shop_view=grid&per_page=9 HTTP/1.1" 200 23802 "https://www.sapphirepackaging.in/product-category/perfume-liner-inserts/colored-liners/?shop_view=grid&per_row=3" "Mozilla/5.0 (Linux; Android 7.0;) AppleWebKit/537.36 (KHTML, like Gecko) Mobile Safari/537.36 (compatible; PetalBot;+https://webmaster.petalsearch.com/site/petalbot)" 1037 **1/1037936**
68.178.198.34 - - [16/Sep/2025:01:51:47 -0700] "POST /wp-cron.php?doing_wp_cron=1758012707.8570280075073242187500 HTTP/1.1" 200 - "-" "WordPress/6.8.2; https://www.sapphirepackaging.in" 25 **0/25399**
114.119.143.187 - - [16/Sep/2025:01:51:47 -0700] "GET /product-category/mono-cartons/tissue-boxes/?per_page=18 HTTP/1.1" 200 23866 "https://www.sapphirepackaging.in/product-category/mono-cartons/tissue-boxes/?per_page=9" "Mozilla/5.0 (Linux; Android 7.0;) AppleWebKit/537.36 (KHTML, like Gecko) Mobile Safari/537.36 (compatible; PetalBot;+https://webmaster.petalsearch.com/site/petalbot)" 983 **0/983493**
68.178.198.34 - - [16/Sep/2025:01:52:55 -0700] "POST /wp-cron.php?doing_wp_cron=1758012775.2002658843994140625000 HTTP/1.1" 200 - "-" "WordPress/6.8.2; https://sapphirepackaging.in" 25 **0/25726**
189.73.225.85 - - [16/Sep/2025:01:52:54 -0700] "GET /wp-login.php HTTP/1.1" 200 1825 "-" "Mozilla/5.0 (Windows NT 11.0; Win64; x64) AppleWebKit/537.36 (KHTML, like Gecko) Chrome/138.0.7204.158 Safari/537.36" 711 **0/711809**
114.119.157.234 - - [16/Sep/2025:01:53:00 -0700] "GET /product-category/mono-cartons/tissue-boxes/?per_page=12 HTTP/1.1" 200 23870 "https://www.sapphirepackaging.in/product-category/mono-cartons/tissue-boxes/?per_page=9" "Mozilla/5.0 (Linux; Android 7.0;) AppleWebKit/537.36 (KHTML, like Gecko) Mobile Safari/537.36 (compatible; PetalBot;+https://webmaster.petalsearch.com/site/petalbot)" 1246 **1/1246081**
43.159.139.164 - - [16/Sep/2025:01:54:20 -0700] "GET /wp-content/uploads/2025/06/top-bottom-box-14-600x600.webp HTTP/1.1" 200 7934 "-" "Mozilla/5.0 (iPhone; CPU iPhone OS 13_2_3 like Mac OS X) AppleWebKit/605.1.15 (KHTML, like Gecko) Version/13.0.3 Mobile/15E148 Safari/604.1" 7 **0/7563**
68.178.198.34 - - [16/Sep/2025:01:54:30 -0700] "POST /wp-cron.php?doing_wp_cron=1758012870.8950080871582031250000 HTTP/1.1" 200 - "-" "WordPress/6.8.2; https://www.sapphirepackaging.in" 21 **0/21792**
114.119.152.164 - - [16/Sep/2025:01:54:30 -0700] "GET /product-category/mono-cartons/perfume-boxes/?per_row=3&per_page=18&shop_view=grid HTTP/1.1" 200 23827 "https://www.sapphirepackaging.in/product-category/mono-cartons/perfume-boxes/?per_row=3&per_page=24&shop_view=grid" "Mozilla/5.0 (Linux; Android 7.0;) AppleWebKit/537.36 (KHTML, like Gecko) Mobile Safari/537.36 (compatible; PetalBot;+https://webmaster.petalsearch.com/site/petalbot)" 981 **0/981032**
68.178.198.34 - - [16/Sep/2025:01:55:48 -0700] "POST /wp-cron.php?doing_wp_cron=1758012948.3798658847808837890625 HTTP/1.1" 200 - "-" "WordPress/6.8.2; https://www.sapphirepackaging.in" 19 **0/19590**
114.119.139.26 - - [16/Sep/2025:01:55:47 -0700] "GET /product-category/mono-cartons/perfume-boxes/?per_row=3&per_page=12&shop_view=list HTTP/1.1" 200 24244 "https://www.sapphirepackaging.in/product-category/mono-cartons/perfume-boxes/?per_row=3&shop_view=list&per_page=12" "Mozilla/5.0 (Linux; Android 7.0;) AppleWebKit/537.36 (KHTML, like Gecko) Mobile Safari/537.36 (compatible; PetalBot;+https://webmaster.petalsearch.com/site/petalbot)" 1095 **1/1095551**
68.178.198.34 - - [16/Sep/2025:01:59:10 -0700] "POST /wp-cron.php?doing_wp_cron=1758013150.2470529079437255859375 HTTP/1.1" 200 - "-" "WordPress/6.8.2; https://www.sapphirepackaging.in" 20 **0/20782**
114.119.135.163 - - [16/Sep/2025:01:59:09 -0700] "GET /product-category/mono-cartons/cosmetics-boxes/?per_row=3&shop_view=grid&per_page=18 HTTP/1.1" 200 23885 "https://www.sapphirepackaging.in/product-category/mono-cartons/cosmetics-boxes/?shop_view=grid&per_row=3" "Mozilla/5.0 (Linux; Android 7.0;) AppleWebKit/537.36 (KHTML, like Gecko) Mobile Safari/537.36 (compatible; PetalBot;+https://webmaster.petalsearch.com/site/petalbot)" 868 **0/868315**
68.178.198.34 - - [16/Sep/2025:02:00:45 -0700] "POST /wp-cron.php?doing_wp_cron=1758013245.1663100719451904296875 HTTP/1.1" 200 - "-" "WordPress/6.8.2; https://www.sapphirepackaging.in" 20 **0/20183**
114.119.143.187 - - [16/Sep/2025:02:00:44 -0700] "GET /product-category/corrugated-box/tuck-in-boxes/?per_row=4&shop_view=list&per_page=18 HTTP/1.1" 200 24369 "https://www.sapphirepackaging.in/product-category/corrugated-box/tuck-in-boxes/?per_row=4&shop_view=list" "Mozilla/5.0 (Linux; Android 7.0;) AppleWebKit/537.36 (KHTML, like Gecko) Mobile Safari/537.36 (compatible; PetalBot;+https://webmaster.petalsearch.com/site/petalbot)" 899 **0/899055**
68.178.198.34 - - [16/Sep/2025:02:01:36 -0700] "POST /wp-cron.php?doing_wp_cron=1758013296.9247210025787353515625 HTTP/1.1" 200 - "-" "WordPress/6.8.2; https://www.sapphirepackaging.in" 24 **0/24169**
114.119.135.163 - - [16/Sep/2025:02:01:36 -0700] "GET /all-products/?per_row=4&per_page=24&shop_view=grid HTTP/1.1" 200 28241 "https://www.sapphirepackaging.in/all-products/page/1/?per_row=4&per_page=9&shop_view=grid" "Mozilla/5.0 (Linux; Android 7.0;) AppleWebKit/537.36 (KHTML, like Gecko) Mobile Safari/537.36 (compatible; PetalBot;+https://webmaster.petalsearch.com/site/petalbot)" 1188 **1/1188492**
68.178.198.34 - - [16/Sep/2025:02:02:47 -0700] "POST /wp-cron.php?doing_wp_cron=1758013367.5426681041717529296875 HTTP/1.1" 200 - "-" "WordPress/6.8.2; https://sapphirepackaging.in" 20 **0/20675**
114.119.135.163 - - [16/Sep/2025:02:02:46 -0700] "GET /product/window-box/ HTTP/1.1" 200 29236 "https://sapphirepackaging.in/all-products/page/1/" "Mozilla/5.0 (Linux; Android 7.0;) AppleWebKit/537.36 (KHTML, like Gecko) Mobile Safari/537.36 (compatible; PetalBot;+https://webmaster.petalsearch.com/site/petalbot)" 1163 **1/1163963**
31.13.115.116 - - [16/Sep/2025:02:02:59 -0700] "GET /robots.txt HTTP/2.0" 200 1022 "-" "facebookexternalhit/1.1 (+http://www.facebook.com/externalhit_uatext.php)" 6 **0/6189**
31.13.115.8 - - [16/Sep/2025:02:03:00 -0700] "GET /contactus.html HTTP/2.0" 404 97317 "-" "facebookexternalhit/1.1 (+http://www.facebook.com/externalhit_uatext.php)" 1019 **1/1019040**
68.178.198.34 - - [16/Sep/2025:02:04:08 -0700] "POST /wp-cron.php?doing_wp_cron=1758013448.8585050106048583984375 HTTP/1.1" 200 - "-" "WordPress/6.8.2; https://sapphirepackaging.in" 22 **0/22988**
114.119.157.234 - - [16/Sep/2025:02:04:08 -0700] "GET /product-category/mono-cartons/tissue-boxes/?per_row=3&shop_view=list HTTP/1.1" 200 23782 "https://sapphirepackaging.in/product-category/mono-cartons/tissue-boxes/?shop_view=grid&per_row=3" "Mozilla/5.0 (Linux; Android 7.0;) AppleWebKit/537.36 (KHTML, like Gecko) Mobile Safari/537.36 (compatible; PetalBot;+https://webmaster.petalsearch.com/site/petalbot)" 926 **0/926833**
68.178.198.34 - - [16/Sep/2025:02:05:13 -0700] "POST /wp-cron.php?doing_wp_cron=1758013513.4412150382995605468750 HTTP/1.1" 200 - "-" "WordPress/6.8.2; https://www.sapphirepackaging.in" 25 **0/25574**
43.164.196.57 - - [16/Sep/2025:02:05:12 -0700] "GET /wp-json/wp/v2/pages/1642 HTTP/1.1" 200 7270 "-" "Mozilla/5.0 (iPhone; CPU iPhone OS 13_2_3 like Mac OS X) AppleWebKit/605.1.15 (KHTML, like Gecko) Version/13.0.3 Mobile/15E148 Safari/604.1" 1194 **1/1194953**
114.119.157.206 - - [16/Sep/2025:02:05:32 -0700] "GET /product-category/mono-cartons/tissue-boxes/?per_row=3&per_page=18&shop_view=grid HTTP/1.1" 200 23448 "https://sapphirepackaging.in/product-category/mono-cartons/tissue-boxes/?per_row=3&per_page=12&shop_view=grid" "Mozilla/5.0 (Linux; Android 7.0;) AppleWebKit/537.36 (KHTML, like Gecko) Mobile Safari/537.36 (compatible; PetalBot;+https://webmaster.petalsearch.com/site/petalbot)" 935 **0/935057**
68.178.198.34 - - [16/Sep/2025:02:06:54 -0700] "POST /wp-cron.php?doing_wp_cron=1758013614.3787419795989990234375 HTTP/1.1" 200 - "-" "WordPress/6.8.2; https://sapphirepackaging.in" 17 **0/17083**
114.119.142.232 - - [16/Sep/2025:02:06:53 -0700] "GET /product-category/mono-cartons/perfume-boxes/?per_row=3&shop_view=list&per_page=9 HTTP/1.1" 200 23790 "https://sapphirepackaging.in/product-category/mono-cartons/perfume-boxes/?per_row=3&shop_view=list" "Mozilla/5.0 (Linux; Android 7.0;) AppleWebKit/537.36 (KHTML, like Gecko) Mobile Safari/537.36 (compatible; PetalBot;+https://webmaster.petalsearch.com/site/petalbot)" 809 **0/809779**
68.178.198.34 - - [16/Sep/2025:02:08:34 -0700] "POST /wp-cron.php?doing_wp_cron=1758013714.3348760604858398437500 HTTP/1.1" 200 - "-" "WordPress/6.8.2; https://sapphirepackaging.in" 20 **0/20191**
114.119.152.164 - - [16/Sep/2025:02:08:33 -0700] "GET /product-category/mono-cartons/perfume-boxes/?per_page=24&shop_view=grid&per_row=4 HTTP/1.1" 200 23372 "https://sapphirepackaging.in/product-category/mono-cartons/perfume-boxes/?per_page=24&shop_view=list" "Mozilla/5.0 (Linux; Android 7.0;) AppleWebKit/537.36 (KHTML, like Gecko) Mobile Safari/537.36 (compatible; PetalBot;+https://webmaster.petalsearch.com/site/petalbot)" 820 **0/820453**
68.178.198.34 - - [16/Sep/2025:02:09:59 -0700] "POST /wp-cron.php?doing_wp_cron=1758013799.1324539184570312500000 HTTP/1.1" 200 - "-" "WordPress/6.8.2; https://www.sapphirepackaging.in" 22 **0/22633**
114.119.157.206 - - [16/Sep/2025:02:09:58 -0700] "GET /product-category/mono-cartons/perfume-boxes/?per_row=4&shop_view=grid&per_page=9 HTTP/1.1" 200 23835 "https://www.sapphirepackaging.in/product-category/mono-cartons/perfume-boxes/?shop_view=grid&per_row=4" "Mozilla/5.0 (Linux; Android 7.0;) AppleWebKit/537.36 (KHTML, like Gecko) Mobile Safari/537.36 (compatible; PetalBot;+https://webmaster.petalsearch.com/site/petalbot)" 966 **0/966835**
68.178.198.34 - - [16/Sep/2025:02:11:20 -0700] "POST /wp-cron.php?doing_wp_cron=1758013880.4192230701446533203125 HTTP/1.1" 200 - "-" "WordPress/6.8.2; https://www.sapphirepackaging.in" 20 **0/20041**
114.119.157.206 - - [16/Sep/2025:02:11:19 -0700] "GET /product-category/corrugated-box/tuck-in-boxes/?per_page=24 HTTP/1.1" 200 23909 "https://www.sapphirepackaging.in/product-category/corrugated-box/tuck-in-boxes/" "Mozilla/5.0 (Linux; Android 7.0;) AppleWebKit/537.36 (KHTML, like Gecko) Mobile Safari/537.36 (compatible; PetalBot;+https://webmaster.petalsearch.com/site/petalbot)" 816 **0/816574**
68.178.198.34 - - [16/Sep/2025:02:12:44 -0700] "POST /wp-cron.php?doing_wp_cron=1758013964.4393050670623779296875 HTTP/1.1" 200 - "-" "WordPress/6.8.2; https://www.sapphirepackaging.in" 21 **0/21262**
114.119.157.234 - - [16/Sep/2025:02:12:43 -0700] "GET /product-category/corrugated-box/handle-boxes/?shop_view=list&per_page=18 HTTP/1.1" 200 24277 "https://www.sapphirepackaging.in/product-category/corrugated-box/handle-boxes/?shop_view=list" "Mozilla/5.0 (Linux; Android 7.0;) AppleWebKit/537.36 (KHTML, like Gecko) Mobile Safari/537.36 (compatible; PetalBot;+https://webmaster.petalsearch.com/site/petalbot)" 961 **0/961773**
68.178.198.34 - - [16/Sep/2025:02:13:59 -0700] "POST /wp-cron.php?doing_wp_cron=1758014039.3579080104827880859375 HTTP/1.1" 200 - "-" "WordPress/6.8.2; https://www.sapphirepackaging.in" 19 **0/19279**
114.119.135.163 - - [16/Sep/2025:02:13:58 -0700] "GET /product-category/corrugated-box/flat-mailer-style/?per_row=4&shop_view=list&per_page=24 HTTP/1.1" 200 24249 "https://www.sapphirepackaging.in/product-category/corrugated-box/flat-mailer-style/?per_row=4&shop_view=list&per_page=24" "Mozilla/5.0 (Linux; Android 7.0;) AppleWebKit/537.36 (KHTML, like Gecko) Mobile Safari/537.36 (compatible; PetalBot;+https://webmaster.petalsearch.com/site/petalbot)" 874 **0/874658**
68.178.198.34 - - [16/Sep/2025:02:15:16 -0700] "POST /wp-cron.php?doing_wp_cron=1758014116.4358561038970947265625 HTTP/1.1" 200 - "-" "WordPress/6.8.2; https://www.sapphirepackaging.in" 26 **0/26560**
114.119.143.187 - - [16/Sep/2025:02:15:15 -0700] "GET /all-products/page/1/?per_row=4&per_page=12&shop_view=grid HTTP/1.1" 301 - "https://www.sapphirepackaging.in/all-products/page/2/?per_row=4&per_page=12&shop_view=grid" "Mozilla/5.0 (Linux; Android 7.0;) AppleWebKit/537.36 (KHTML, like Gecko) Mobile Safari/537.36 (compatible; PetalBot;+https://webmaster.petalsearch.com/site/petalbot)" 804 **0/804057**
114.119.143.187 - - [16/Sep/2025:02:15:17 -0700] "GET /all-products/?per_row=4&per_page=12&shop_view=grid HTTP/1.1" 200 27432 "https://www.sapphirepackaging.in/all-products/page/2/?per_row=4&per_page=12&shop_view=grid" "Mozilla/5.0 (Linux; Android 7.0;) AppleWebKit/537.36 (KHTML, like Gecko) Mobile Safari/537.36 (compatible; PetalBot;+https://webmaster.petalsearch.com/site/petalbot)" 1235 **1/1235913**
68.178.198.34 - - [16/Sep/2025:02:16:26 -0700] "POST /wp-cron.php?doing_wp_cron=1758014186.9428250789642333984375 HTTP/1.1" 200 - "-" "WordPress/6.8.2; https://www.sapphirepackaging.in" 20 **0/20990**
114.119.152.164 - - [16/Sep/2025:02:16:26 -0700] "GET /all-products/page/1/?per_row=3&shop_view=grid&per_page=12 HTTP/1.1" 301 - "https://www.sapphirepackaging.in/all-products/page/2/?per_row=3&shop_view=grid&per_page=12" "Mozilla/5.0 (Linux; Android 7.0;) AppleWebKit/537.36 (KHTML, like Gecko) Mobile Safari/537.36 (compatible; PetalBot;+https://webmaster.petalsearch.com/site/petalbot)" 613 **0/613345**
114.119.152.164 - - [16/Sep/2025:02:16:30 -0700] "GET /all-products/?per_row=3&shop_view=grid&per_page=12 HTTP/1.1" 200 27427 "https://www.sapphirepackaging.in/all-products/page/2/?per_row=3&shop_view=grid&per_page=12" "Mozilla/5.0 (Linux; Android 7.0;) AppleWebKit/537.36 (KHTML, like Gecko) Mobile Safari/537.36 (compatible; PetalBot;+https://webmaster.petalsearch.com/site/petalbot)" 1115 **1/1115196**
68.178.198.34 - - [16/Sep/2025:02:17:33 -0700] "POST /wp-cron.php?doing_wp_cron=1758014253.9063649177551269531250 HTTP/1.1" 200 - "-" "WordPress/6.8.2; https://sapphirepackaging.in" 21 **0/21985**
114.119.142.232 - - [16/Sep/2025:02:17:33 -0700] "GET /product-category/mono-cartons/tissue-boxes/?shop_view=list HTTP/1.1" 200 23770 "https://sapphirepackaging.in/product-category/mono-cartons/tissue-boxes/?shop_view=list" "Mozilla/5.0 (Linux; Android 7.0;) AppleWebKit/537.36 (KHTML, like Gecko) Mobile Safari/537.36 (compatible; PetalBot;+https://webmaster.petalsearch.com/site/petalbot)" 961 **0/961484**
68.178.198.34 - - [16/Sep/2025:02:18:08 -0700] "POST /wp-cron.php?doing_wp_cron=1758014288.6519129276275634765625 HTTP/1.1" 200 - "-" "WordPress/6.8.2; https://sapphirepackaging.in" 22 **0/22709**
47.128.115.24 - - [16/Sep/2025:02:18:08 -0700] "GET / HTTP/2.0" 403 31920 "-" "Mozilla/5.0 (Linux; Android 5.0) AppleWebKit/537.36 (KHTML, like Gecko) Mobile Safari/537.36 (compatible; Bytespider; spider-feedback@bytedance.com)" 1055 **1/1055385**
47.128.115.24 - - [16/Sep/2025:02:18:11 -0700] "GET /wp-content/themes/woodmart-1/css/parts/header-el-mobile-nav-dropdown.min.css?ver=8.1.2 HTTP/2.0" 404 18114 "https://sapphirepackaging.in/" "Mozilla/5.0 (Linux; Android 5.0) AppleWebKit/537.36 (KHTML, like Gecko) Mobile Safari/537.36 (compatible; Bytespider; spider-feedback@bytedance.com)" 727 **0/727991**
47.128.115.24 - - [16/Sep/2025:02:18:11 -0700] "GET /wp-content/themes/woodmart-1/css/parts/el-button.min.css?ver=8.1.2 HTTP/2.0" 404 18105 "https://sapphirepackaging.in/" "Mozilla/5.0 (Linux; Android 5.0) AppleWebKit/537.36 (KHTML, like Gecko) Mobile Safari/537.36 (compatible; Bytespider; spider-feedback@bytedance.com)" 739 **0/739881**
47.128.115.24 - - [16/Sep/2025:02:18:11 -0700] "GET /wp-content/themes/woodmart-1/css/parts/el-info-box.min.css?ver=8.1.2 HTTP/2.0" 404 18103 "https://sapphirepackaging.in/" "Mozilla/5.0 (Linux; Android 5.0) AppleWebKit/537.36 (KHTML, like Gecko) Mobile Safari/537.36 (compatible; Bytespider; spider-feedback@bytedance.com)" 754 **0/754015**
47.128.115.24 - - [16/Sep/2025:02:18:11 -0700] "GET /wp-content/uploads/elementor/css/post-8.css?ver=1757948293 HTTP/2.0" 404 18102 "https://sapphirepackaging.in/" "Mozilla/5.0 (Linux; Android 5.0) AppleWebKit/537.36 (KHTML, like Gecko) Mobile Safari/537.36 (compatible; Bytespider; spider-feedback@bytedance.com)" 767 **0/767807**
47.128.115.24 - - [16/Sep/2025:02:18:11 -0700] "GET /wp-content/themes/woodmart-1/css/parts/header-el-base.min.css?ver=8.1.2 HTTP/2.0" 404 18108 "https://sapphirepackaging.in/" "Mozilla/5.0 (Linux; Android 5.0) AppleWebKit/537.36 (KHTML, like Gecko) Mobile Safari/537.36 (compatible; Bytespider; spider-feedback@bytedance.com)" 818 **0/818806**
47.128.115.24 - - [16/Sep/2025:02:18:11 -0700] "GET /wp-content/themes/woodmart-1/css/parts/el-video.min.css?ver=8.1.2 HTTP/2.0" 404 18112 "https://sapphirepackaging.in/" "Mozilla/5.0 (Linux; Android 5.0) AppleWebKit/537.36 (KHTML, like Gecko) Mobile Safari/537.36 (compatible; Bytespider; spider-feedback@bytedance.com)" 821 **0/821506**
47.128.115.24 - - [16/Sep/2025:02:18:11 -0700] "GET /wp-content/themes/woodmart-1/css/parts/mod-tools.min.css?ver=8.1.2 HTTP/2.0" 404 18107 "https://sapphirepackaging.in/" "Mozilla/5.0 (Linux; Android 5.0) AppleWebKit/537.36 (KHTML, like Gecko) Mobile Safari/537.36 (compatible; Bytespider; spider-feedback@bytedance.com)" 1449 **1/1449537**
47.128.115.24 - - [16/Sep/2025:02:18:11 -0700] "GET /wp-content/themes/woodmart-1/css/parts/base.min.css?ver=8.1.2 HTTP/2.0" 404 18103 "https://sapphirepackaging.in/" "Mozilla/5.0 (Linux; Android 5.0) AppleWebKit/537.36 (KHTML, like Gecko) Mobile Safari/537.36 (compatible; Bytespider; spider-feedback@bytedance.com)" 1446 **1/1446037**
47.128.115.24 - - [16/Sep/2025:02:18:11 -0700] "GET /wp-content/themes/woodmart-1/css/parts/helpers-wpb-elem.min.css?ver=8.1.2 HTTP/2.0" 404 18104 "https://sapphirepackaging.in/" "Mozilla/5.0 (Linux; Android 5.0) AppleWebKit/537.36 (KHTML, like Gecko) Mobile Safari/537.36 (compatible; Bytespider; spider-feedback@bytedance.com)" 1466 **1/1466086**
47.128.115.24 - - [16/Sep/2025:02:18:11 -0700] "GET /wp-content/themes/woodmart-1/css/parts/woo-opt-free-progress-bar.min.css?ver=8.1.2 HTTP/2.0" 404 18106 "https://sapphirepackaging.in/" "Mozilla/5.0 (Linux; Android 5.0) AppleWebKit/537.36 (KHTML, like Gecko) Mobile Safari/537.36 (compatible; Bytespider; spider-feedback@bytedance.com)" 1631 **1/1631443**
47.128.115.24 - - [16/Sep/2025:02:18:11 -0700] "GET /wp-content/themes/woodmart-1/css/parts/wp-blocks.min.css?ver=8.1.2 HTTP/2.0" 404 18104 "https://sapphirepackaging.in/" "Mozilla/5.0 (Linux; Android 5.0) AppleWebKit/537.36 (KHTML, like Gecko) Mobile Safari/537.36 (compatible; Bytespider; spider-feedback@bytedance.com)" 1631 **1/1631860**
47.128.115.24 - - [16/Sep/2025:02:18:11 -0700] "GET /wp-content/themes/woodmart-1/css/parts/header-base.min.css?ver=8.1.2 HTTP/2.0" 404 18109 "https://sapphirepackaging.in/" "Mozilla/5.0 (Linux; Android 5.0) AppleWebKit/537.36 (KHTML, like Gecko) Mobile Safari/537.36 (compatible; Bytespider; spider-feedback@bytedance.com)" 1637 **1/1637194**
47.128.115.24 - - [16/Sep/2025:02:18:11 -0700] "GET /wp-content/themes/woodmart-1/css/parts/int-elem-base.min.css?ver=8.1.2 HTTP/2.0" 404 18105 "https://sapphirepackaging.in/" "Mozilla/5.0 (Linux; Android 5.0) AppleWebKit/537.36 (KHTML, like Gecko) Mobile Safari/537.36 (compatible; Bytespider; spider-feedback@bytedance.com)" 1565 **1/1565938**
47.128.115.24 - - [16/Sep/2025:02:18:11 -0700] "GET /wp-content/themes/woodmart-1/css/parts/woo-mod-block-notices.min.css?ver=8.1.2 HTTP/2.0" 404 18099 "https://sapphirepackaging.in/" "Mozilla/5.0 (Linux; Android 5.0) AppleWebKit/537.36 (KHTML, like Gecko) Mobile Safari/537.36 (compatible; Bytespider; spider-feedback@bytedance.com)" 1700 **1/1700968**
47.128.115.24 - - [16/Sep/2025:02:18:11 -0700] "GET /wp-content/themes/woodmart-1/css/parts/woo-mod-progress-bar.min.css?ver=8.1.2 HTTP/2.0" 404 18104 "https://sapphirepackaging.in/" "Mozilla/5.0 (Linux; Android 5.0) AppleWebKit/537.36 (KHTML, like Gecko) Mobile Safari/537.36 (compatible; Bytespider; spider-feedback@bytedance.com)" 1734 **1/1734706**
47.128.115.24 - - [16/Sep/2025:02:18:11 -0700] "GET /wp-content/themes/woodmart-1/css/parts/mod-star-rating.min.css?ver=8.1.2 HTTP/2.0" 404 18098 "https://sapphirepackaging.in/" "Mozilla/5.0 (Linux; Android 5.0) AppleWebKit/537.36 (KHTML, like Gecko) Mobile Safari/537.36 (compatible; Bytespider; spider-feedback@bytedance.com)" 1735 **1/1735341**
47.128.115.24 - - [16/Sep/2025:02:18:11 -0700] "GET /wp-content/uploads/elementor/css/post-15.css?ver=1757950664 HTTP/2.0" 404 18104 "https://sapphirepackaging.in/" "Mozilla/5.0 (Linux; Android 5.0) AppleWebKit/537.36 (KHTML, like Gecko) Mobile Safari/537.36 (compatible; Bytespider; spider-feedback@bytedance.com)" 1718 **1/1718382**
