114.119.134.208 - - [15/Sep/2025:17:39:38 -0700] "GET /product-category/corrugated-box/top-bottom-boxes/?shop_view=grid&per_row=4 HTTP/1.1" 200 23715 "https://www.sapphirepackaging.in/product-category/corrugated-box/top-bottom-boxes/?shop_view=list" "Mozilla/5.0 (Linux; Android 7.0;) AppleWebKit/537.36 (KHTML, like Gecko) Mobile Safari/537.36 (compatible; PetalBot;+https://webmaster.petalsearch.com/site/petalbot)" 937 **0/937461**
68.178.198.34 - - [15/Sep/2025:17:40:45 -0700] "POST /wp-cron.php?doing_wp_cron=1757983245.0554668903350830078125 HTTP/1.1" 200 - "-" "WordPress/6.8.2; https://www.sapphirepackaging.in" 24 **0/24274**
114.119.139.26 - - [15/Sep/2025:17:40:44 -0700] "GET /product-category/corrugated-box/small-planter-boxes/?per_row=3&shop_view=grid HTTP/1.1" 200 23800 "https://www.sapphirepackaging.in/product-category/corrugated-box/small-planter-boxes/?per_row=4&shop_view=list" "Mozilla/5.0 (Linux; Android 7.0;) AppleWebKit/537.36 (KHTML, like Gecko) Mobile Safari/537.36 (compatible; PetalBot;+https://webmaster.petalsearch.com/site/petalbot)" 1094 **1/1094205**
68.178.198.34 - - [15/Sep/2025:17:42:01 -0700] "POST /wp-cron.php?doing_wp_cron=1757983321.9517259597778320312500 HTTP/1.1" 200 - "-" "WordPress/6.8.2; https://www.sapphirepackaging.in" 27 **0/27759**
114.119.142.232 - - [15/Sep/2025:17:42:01 -0700] "GET /product-category/corrugated-box/footwear-inner-boxes/?per_row=4&shop_view=list&per_page=24 HTTP/1.1" 200 24249 "https://www.sapphirepackaging.in/product-category/corrugated-box/footwear-inner-boxes/?per_row=4&shop_view=list" "Mozilla/5.0 (Linux; Android 7.0;) AppleWebKit/537.36 (KHTML, like Gecko) Mobile Safari/537.36 (compatible; PetalBot;+https://webmaster.petalsearch.com/site/petalbot)" 1192 **1/1192934**
68.178.198.34 - - [15/Sep/2025:17:43:23 -0700] "POST /wp-cron.php?doing_wp_cron=1757983403.1776800155639648437500 HTTP/1.1" 200 - "-" "WordPress/6.8.2; https://sapphirepackaging.in" 19 **0/19941**
114.119.142.232 - - [15/Sep/2025:17:43:22 -0700] "GET /product-category/mono-cartons/?per_row=3&per_page=18&shop_view=list HTTP/1.1" 200 25257 "https://sapphirepackaging.in/product-category/mono-cartons/?per_row=3&shop_view=list&per_page=24" "Mozilla/5.0 (Linux; Android 7.0;) AppleWebKit/537.36 (KHTML, like Gecko) Mobile Safari/537.36 (compatible; PetalBot;+https://webmaster.petalsearch.com/site/petalbot)" 1008 **1/1008031**
68.178.198.34 - - [15/Sep/2025:17:44:30 -0700] "POST /wp-cron.php?doing_wp_cron=1757983470.1400749683380126953125 HTTP/1.1" 200 - "-" "WordPress/6.8.2; https://sapphirepackaging.in" 26 **0/26977**
114.119.135.163 - - [15/Sep/2025:17:44:29 -0700] "GET /product-category/corrugated-box/small-planter-boxes/?per_row=4&shop_view=grid&per_page=12 HTTP/1.1" 200 23364 "https://sapphirepackaging.in/product-category/corrugated-box/small-planter-boxes/?shop_view=grid&per_row=4" "Mozilla/5.0 (Linux; Android 7.0;) AppleWebKit/537.36 (KHTML, like Gecko) Mobile Safari/537.36 (compatible; PetalBot;+https://webmaster.petalsearch.com/site/petalbot)" 1013 **1/1013054**
68.178.198.34 - - [15/Sep/2025:17:53:51 -0700] "POST /wp-cron.php?doing_wp_cron=1757984031.3169050216674804687500 HTTP/1.1" 200 - "-" "WordPress/6.8.2; https://www.sapphirepackaging.in" 21 **0/21224**
114.119.143.187 - - [15/Sep/2025:17:53:50 -0700] "GET /product-category/mono-cartons/?per_page=9&shop_view=grid&per_row=4 HTTP/1.1" 200 24460 "https://www.sapphirepackaging.in/product-category/mono-cartons/?per_page=9" "Mozilla/5.0 (Linux; Android 7.0;) AppleWebKit/537.36 (KHTML, like Gecko) Mobile Safari/537.36 (compatible; PetalBot;+https://webmaster.petalsearch.com/site/petalbot)" 1057 **1/1057326**
68.178.198.34 - - [15/Sep/2025:17:55:00 -0700] "POST /wp-cron.php?doing_wp_cron=1757984100.9625349044799804687500 HTTP/1.1" 200 - "-" "WordPress/6.8.2; https://www.sapphirepackaging.in" 22 **0/22748**
114.119.143.187 - - [15/Sep/2025:17:55:00 -0700] "GET /product-category/corrugated-box/partition-boxes/?shop_view=list&per_page=9 HTTP/1.1" 200 24229 "https://www.sapphirepackaging.in/product-category/corrugated-box/partition-boxes/?shop_view=list" "Mozilla/5.0 (Linux; Android 7.0;) AppleWebKit/537.36 (KHTML, like Gecko) Mobile Safari/537.36 (compatible; PetalBot;+https://webmaster.petalsearch.com/site/petalbot)" 1343 **1/1343647**
68.178.198.34 - - [15/Sep/2025:17:56:52 -0700] "POST /wp-cron.php?doing_wp_cron=1757984212.2781600952148437500000 HTTP/1.1" 200 - "-" "WordPress/6.8.2; https://www.sapphirepackaging.in" 23 **0/23678**
114.119.157.234 - - [15/Sep/2025:17:56:51 -0700] "GET /all-products/page/2/?per_row=3&per_page=9&shop_view=list HTTP/1.1" 200 28640 "https://www.sapphirepackaging.in/all-products/page/1/?per_row=3&per_page=9&shop_view=list" "Mozilla/5.0 (Linux; Android 7.0;) AppleWebKit/537.36 (KHTML, like Gecko) Mobile Safari/537.36 (compatible; PetalBot;+https://webmaster.petalsearch.com/site/petalbot)" 1108 **1/1108628**
68.178.198.34 - - [15/Sep/2025:18:07:48 -0700] "POST /wp-cron.php?doing_wp_cron=1757984868.9508819580078125000000 HTTP/1.1" 200 - "-" "WordPress/6.8.2; https://sapphirepackaging.in" 22 **0/22663**
52.77.55.177 - - [15/Sep/2025:18:07:48 -0700] "GET /home.jpg HTTP/1.1" 404 97293 "-" "Mozilla/5.0 (compatible; crawler)" 974 **0/974872**
68.178.198.34 - - [15/Sep/2025:18:10:00 -0700] "POST /wp-cron.php?doing_wp_cron=1757985000.6169021129608154296875 HTTP/1.1" 200 - "-" "WordPress/6.8.2; https://www.sapphirepackaging.in" 23 **0/23408**
114.119.143.187 - - [15/Sep/2025:18:09:59 -0700] "GET /product-category/perfume-liner-inserts/off-white-shade-liners/?per_row=3&shop_view=list&per_page=12 HTTP/1.1" 200 24072 "https://www.sapphirepackaging.in/product-category/perfume-liner-inserts/off-white-shade-liners/?per_row=3&shop_view=list" "Mozilla/5.0 (Linux; Android 7.0;) AppleWebKit/537.36 (KHTML, like Gecko) Mobile Safari/537.36 (compatible; PetalBot;+https://webmaster.petalsearch.com/site/petalbot)" 1173 **1/1173594**
68.178.198.34 - - [15/Sep/2025:18:11:08 -0700] "POST /wp-cron.php?doing_wp_cron=1757985068.5483329296112060546875 HTTP/1.1" 200 - "-" "WordPress/6.8.2; https://www.sapphirepackaging.in" 23 **0/23692**
114.119.157.234 - - [15/Sep/2025:18:11:08 -0700] "GET /product-category/perfume-liner-inserts/?per_row=4&shop_view=list HTTP/1.1" 200 24643 "https://www.sapphirepackaging.in/product-category/perfume-liner-inserts/?shop_view=grid&per_row=4" "Mozilla/5.0 (Linux; Android 7.0;) AppleWebKit/537.36 (KHTML, like Gecko) Mobile Safari/537.36 (compatible; PetalBot;+https://webmaster.petalsearch.com/site/petalbot)" 877 **0/877503**
66.249.74.10 - - [15/Sep/2025:18:11:21 -0700] "GET /feature/osu_main/index.html HTTP/1.1" 404 18101 "-" "Mozilla/5.0 (Linux; Android 6.0.1; Nexus 5X Build/MMB29P) AppleWebKit/537.36 (KHTML, like Gecko) Chrome/140.0.7339.127 Mobile Safari/537.36 (compatible; Googlebot/2.1; +http://www.google.com/bot.html)" 702 **0/702843**
68.178.198.34 - - [15/Sep/2025:18:12:29 -0700] "POST /wp-cron.php?doing_wp_cron=1757985149.9161179065704345703125 HTTP/1.1" 200 - "-" "WordPress/6.8.2; https://www.sapphirepackaging.in" 25 **0/25107**
114.119.135.163 - - [15/Sep/2025:18:12:29 -0700] "GET /product-category/corrugated-box/partition-boxes/?per_row=3&shop_view=list&per_page=18 HTTP/1.1" 200 24236 "https://www.sapphirepackaging.in/product-category/corrugated-box/partition-boxes/?per_row=3&shop_view=list" "Mozilla/5.0 (Linux; Android 7.0;) AppleWebKit/537.36 (KHTML, like Gecko) Mobile Safari/537.36 (compatible; PetalBot;+https://webmaster.petalsearch.com/site/petalbot)" 1103 **1/1103490**
68.178.198.34 - - [15/Sep/2025:18:13:58 -0700] "POST /wp-cron.php?doing_wp_cron=1757985238.3529748916625976562500 HTTP/1.1" 200 - "-" "WordPress/6.8.2; https://www.sapphirepackaging.in" 22 **0/22645**
114.119.157.234 - - [15/Sep/2025:18:13:57 -0700] "GET /product-category/corrugated-box/partition-boxes/?per_page=24 HTTP/1.1" 200 23805 "https://www.sapphirepackaging.in/product-category/corrugated-box/partition-boxes/?per_page=12" "Mozilla/5.0 (Linux; Android 7.0;) AppleWebKit/537.36 (KHTML, like Gecko) Mobile Safari/537.36 (compatible; PetalBot;+https://webmaster.petalsearch.com/site/petalbot)" 1089 **1/1089084**
68.178.198.34 - - [15/Sep/2025:18:15:23 -0700] "POST /wp-cron.php?doing_wp_cron=1757985323.2641420364379882812500 HTTP/1.1" 200 - "-" "WordPress/6.8.2; https://sapphirepackaging.in" 22 **0/22843**
114.119.142.232 - - [15/Sep/2025:18:15:22 -0700] "GET /product-category/perfume-liner-inserts/?per_row=3&shop_view=grid&per_page=18 HTTP/1.1" 200 23836 "https://sapphirepackaging.in/product-category/perfume-liner-inserts/?shop_view=grid&per_row=3" "Mozilla/5.0 (Linux; Android 7.0;) AppleWebKit/537.36 (KHTML, like Gecko) Mobile Safari/537.36 (compatible; PetalBot;+https://webmaster.petalsearch.com/site/petalbot)" 1008 **1/1008780**
68.178.198.34 - - [15/Sep/2025:18:16:48 -0700] "POST /wp-cron.php?doing_wp_cron=1757985408.5904679298400878906250 HTTP/1.1" 200 - "-" "WordPress/6.8.2; https://www.sapphirepackaging.in" 21 **0/21553**
114.119.157.234 - - [15/Sep/2025:18:16:48 -0700] "GET /product-category/corrugated-box/handle-boxes/?per_page=24&shop_view=grid&per_row=3 HTTP/1.1" 200 23876 "https://www.sapphirepackaging.in/product-category/corrugated-box/handle-boxes/?per_page=24" "Mozilla/5.0 (Linux; Android 7.0;) AppleWebKit/537.36 (KHTML, like Gecko) Mobile Safari/537.36 (compatible; PetalBot;+https://webmaster.petalsearch.com/site/petalbot)" 856 **0/856464**
68.178.198.34 - - [15/Sep/2025:18:18:08 -0700] "POST /wp-cron.php?doing_wp_cron=1757985488.5403180122375488281250 HTTP/1.1" 200 - "-" "WordPress/6.8.2; https://www.sapphirepackaging.in" 21 **0/21689**
114.119.135.163 - - [15/Sep/2025:18:18:08 -0700] "GET /product-category/corrugated-box/partition-boxes/?per_page=12&shop_view=grid&per_row=4 HTTP/1.1" 200 23841 "https://www.sapphirepackaging.in/product-category/corrugated-box/partition-boxes/?per_page=12" "Mozilla/5.0 (Linux; Android 7.0;) AppleWebKit/537.36 (KHTML, like Gecko) Mobile Safari/537.36 (compatible; PetalBot;+https://webmaster.petalsearch.com/site/petalbot)" 842 **0/842005**
68.178.198.34 - - [15/Sep/2025:18:19:32 -0700] "POST /wp-cron.php?doing_wp_cron=1757985572.1040539741516113281250 HTTP/1.1" 200 - "-" "WordPress/6.8.2; https://sapphirepackaging.in" 23 **0/23517**
114.119.139.26 - - [15/Sep/2025:18:19:31 -0700] "GET /product-category/mono-cartons/tissue-boxes/?per_row=3&shop_view=grid HTTP/1.1" 200 23436 "https://sapphirepackaging.in/product-category/mono-cartons/tissue-boxes/?shop_view=grid&per_row=3" "Mozilla/5.0 (Linux; Android 7.0;) AppleWebKit/537.36 (KHTML, like Gecko) Mobile Safari/537.36 (compatible; PetalBot;+https://webmaster.petalsearch.com/site/petalbot)" 1131 **1/1131696**
68.178.198.34 - - [15/Sep/2025:18:20:59 -0700] "POST /wp-cron.php?doing_wp_cron=1757985659.5749928951263427734375 HTTP/1.1" 200 - "-" "WordPress/6.8.2; https://www.sapphirepackaging.in" 24 **0/24297**
114.119.157.234 - - [15/Sep/2025:18:20:58 -0700] "GET /product-category/corrugated-box/pizza-box/?per_row=4&shop_view=grid HTTP/1.1" 200 23927 "https://www.sapphirepackaging.in/product-category/corrugated-box/pizza-box/?per_row=3&shop_view=grid" "Mozilla/5.0 (Linux; Android 7.0;) AppleWebKit/537.36 (KHTML, like Gecko) Mobile Safari/537.36 (compatible; PetalBot;+https://webmaster.petalsearch.com/site/petalbot)" 963 **0/963759**
68.178.198.34 - - [15/Sep/2025:18:22:20 -0700] "POST /wp-cron.php?doing_wp_cron=1757985740.5353078842163085937500 HTTP/1.1" 200 - "-" "WordPress/6.8.2; https://sapphirepackaging.in" 22 **0/22019**
114.119.143.187 - - [15/Sep/2025:18:22:19 -0700] "GET /product-category/mono-cartons/perfume-boxes/?per_row=4&shop_view=grid HTTP/1.1" 200 23363 "https://sapphirepackaging.in/product-category/mono-cartons/perfume-boxes/?shop_view=grid&per_row=4" "Mozilla/5.0 (Linux; Android 7.0;) AppleWebKit/537.36 (KHTML, like Gecko) Mobile Safari/537.36 (compatible; PetalBot;+https://webmaster.petalsearch.com/site/petalbot)" 961 **0/961474**
68.178.198.34 - - [15/Sep/2025:18:23:23 -0700] "POST /wp-cron.php?doing_wp_cron=1757985803.9175720214843750000000 HTTP/1.1" 200 - "-" "WordPress/6.8.2; https://sapphirepackaging.in" 21 **0/21519**
66.249.74.10 - - [15/Sep/2025:18:23:23 -0700] "GET /product-category/corrugated-box/tuck-in-boxes/ HTTP/1.1" 200 21428 "-" "Mozilla/5.0 (Linux; Android 6.0.1; Nexus 5X Build/MMB29P) AppleWebKit/537.36 (KHTML, like Gecko) Chrome/140.0.7339.127 Mobile Safari/537.36 (compatible; Googlebot/2.1; +http://www.google.com/bot.html)" 876 **0/876507**
66.249.74.10 - - [15/Sep/2025:18:23:51 -0700] "GET /wp-content/themes/woodmart-1/css/parts/woo-opt-stretch-cont.min.css?ver=8.1.2 HTTP/1.1" 200 239 "https://sapphirepackaging.in/product-category/corrugated-box/tuck-in-boxes/" "Mozilla/5.0 (Linux; Android 6.0.1; Nexus 5X Build/MMB29P) AppleWebKit/537.36 (KHTML, like Gecko) Chrome/139.0.7258.127 Mobile Safari/537.36 (compatible; Googlebot/2.1; +http://www.google.com/bot.html)" 12 **0/12342**
66.249.74.9 - - [15/Sep/2025:18:23:57 -0700] "GET /wp-content/themes/woodmart-1/css/parts/helpers-wpb-elem.min.css?ver=8.1.2 HTTP/1.1" 200 293 "https://sapphirepackaging.in/product-category/corrugated-box/tuck-in-boxes/" "Mozilla/5.0 (Linux; Android 6.0.1; Nexus 5X Build/MMB29P) AppleWebKit/537.36 (KHTML, like Gecko) Chrome/139.0.7258.127 Mobile Safari/537.36 (compatible; Googlebot/2.1; +http://www.google.com/bot.html)" 7 **0/7019**
66.249.74.9 - - [15/Sep/2025:18:24:04 -0700] "GET /wp-content/plugins/elementor/assets/css/widget-heading.min.css?ver=3.32.0 HTTP/1.1" 200 155 "https://sapphirepackaging.in/product-category/corrugated-box/tuck-in-boxes/" "Mozilla/5.0 (Linux; Android 6.0.1; Nexus 5X Build/MMB29P) AppleWebKit/537.36 (KHTML, like Gecko) Chrome/139.0.7258.127 Mobile Safari/537.36 (compatible; Googlebot/2.1; +http://www.google.com/bot.html)" 5 **0/5971**
66.249.74.9 - - [15/Sep/2025:18:24:12 -0700] "GET /wp-content/plugins/woocommerce/assets/js/frontend/add-to-cart.min.js?ver=10.1.2 HTTP/1.1" 200 1227 "https://sapphirepackaging.in/product-category/corrugated-box/tuck-in-boxes/" "Mozilla/5.0 (Linux; Android 6.0.1; Nexus 5X Build/MMB29P) AppleWebKit/537.36 (KHTML, like Gecko) Chrome/139.0.7258.127 Mobile Safari/537.36 (compatible; Googlebot/2.1; +http://www.google.com/bot.html)" 7 **0/7855**
68.178.198.34 - - [15/Sep/2025:18:24:58 -0700] "POST /wp-cron.php?doing_wp_cron=1757985898.6320478916168212890625 HTTP/1.1" 200 - "-" "WordPress/6.8.2; https://sapphirepackaging.in" 19 **0/19609**
114.119.157.234 - - [15/Sep/2025:18:24:58 -0700] "GET /product-category/corrugated-box/page/2/?per_page=9&shop_view=list HTTP/1.1" 200 24021 "https://sapphirepackaging.in/product-category/corrugated-box/page/1/?per_page=9&shop_view=list" "Mozilla/5.0 (Linux; Android 7.0;) AppleWebKit/537.36 (KHTML, like Gecko) Mobile Safari/537.36 (compatible; PetalBot;+https://webmaster.petalsearch.com/site/petalbot)" 876 **0/876584**
92.222.108.114 - - [15/Sep/2025:18:26:25 -0700] "GET /robots.txt HTTP/2.0" 200 361 "-" "Mozilla/5.0 (compatible; AhrefsBot/7.0; +http://ahrefs.com/robot/)" 5 **0/5826**
68.178.198.34 - - [15/Sep/2025:18:26:27 -0700] "POST /wp-cron.php?doing_wp_cron=1757985987.0743949413299560546875 HTTP/1.1" 200 - "-" "WordPress/6.8.2; https://sapphirepackaging.in" 19 **0/19521**
54.39.89.55 - - [15/Sep/2025:18:26:26 -0700] "GET /sitemap.rss HTTP/2.0" 200 1078 "-" "Mozilla/5.0 (compatible; AhrefsBot/7.0; +http://ahrefs.com/robot/)" 645 **0/645734**
114.119.135.163 - - [15/Sep/2025:18:26:27 -0700] "GET /product-category/corrugated-box/?per_row=4&per_page=18&shop_view=grid HTTP/1.1" 200 26079 "https://sapphirepackaging.in/product-category/corrugated-box/?per_page=12&shop_view=grid&per_row=4" "Mozilla/5.0 (Linux; Android 7.0;) AppleWebKit/537.36 (KHTML, like Gecko) Mobile Safari/537.36 (compatible; PetalBot;+https://webmaster.petalsearch.com/site/petalbot)" 980 **0/980217**
68.178.198.34 - - [15/Sep/2025:18:31:45 -0700] "POST /wp-cron.php?doing_wp_cron=1757986305.4594581127166748046875 HTTP/1.1" 200 - "-" "WordPress/6.8.2; https://sapphirepackaging.in" 25 **0/25746**
5.161.106.94 - - [15/Sep/2025:18:31:44 -0700] "POST /wp-load.php?67e8b7=75450 HTTP/1.1" 200 - "-" "Mozilla/5.0 (Windows NT 10.0; Win64; x64) AppleWebKit/537.36 (KHTML, like Gecko) Chrome/104.0.5112.97 Safari/537.36" 750 **0/750279**
68.178.198.34 - - [15/Sep/2025:18:37:32 -0700] "POST /wp-cron.php?doing_wp_cron=1757986652.3584859371185302734375 HTTP/1.1" 200 - "-" "WordPress/6.8.2; https://sapphirepackaging.in" 28 **0/28020**
114.119.157.234 - - [15/Sep/2025:18:37:31 -0700] "GET /product-category/mono-cartons/cosmetics-boxes/?per_page=12&shop_view=grid&per_row=3 HTTP/1.1" 200 23428 "https://sapphirepackaging.in/product-category/mono-cartons/cosmetics-boxes/?per_page=12" "Mozilla/5.0 (Linux; Android 7.0;) AppleWebKit/537.36 (KHTML, like Gecko) Mobile Safari/537.36 (compatible; PetalBot;+https://webmaster.petalsearch.com/site/petalbot)" 1112 **1/1112655**
66.249.73.6 - - [15/Sep/2025:18:39:12 -0700] "GET /wp-content/uploads/2025/04/1-8.png HTTP/1.1" 200 1293224 "-" "Googlebot-Image/1.0" 103 **0/103258**
66.249.74.11 - - [15/Sep/2025:18:42:30 -0700] "GET / HTTP/1.1" 200 31922 "-" "Mozilla/5.0 (compatible; Googlebot/2.1; +http://www.google.com/bot.html)" 1396 **1/1396432**
66.249.74.9 - - [15/Sep/2025:18:42:32 -0700] "GET / HTTP/1.1" 200 31925 "-" "Mozilla/5.0 (Linux; Android 6.0.1; Nexus 5X Build/MMB29P) AppleWebKit/537.36 (KHTML, like Gecko) Chrome/99.0.4844.84 Mobile Safari/537.36 (compatible; Googlebot/2.1; +http://www.google.com/bot.html)" 1083 **1/1083191**
142.44.225.158 - - [15/Sep/2025:19:18:08 -0700] "GET /robots.txt HTTP/2.0" 200 361 "-" "Mozilla/5.0 (compatible; AhrefsBot/7.0; +http://ahrefs.com/robot/)" 7 **0/7744**
68.178.198.34 - - [15/Sep/2025:19:18:09 -0700] "POST /wp-cron.php?doing_wp_cron=1757989089.9323201179504394531250 HTTP/1.1" 200 - "-" "WordPress/6.8.2; https://www.sapphirepackaging.in" 18 **0/18191**
54.39.203.161 - - [15/Sep/2025:19:18:09 -0700] "GET /product/flat-mailer-style-boxes/ HTTP/2.0" 200 25859 "-" "Mozilla/5.0 (compatible; AhrefsBot/7.0; +http://ahrefs.com/robot/)" 1021 **1/1021748**
68.178.198.34 - - [15/Sep/2025:19:31:48 -0700] "POST /wp-cron.php?doing_wp_cron=1757989908.6350519657135009765625 HTTP/1.1" 200 - "-" "WordPress/6.8.2; https://sapphirepackaging.in" 19 **0/19375**
139.180.180.168 - - [15/Sep/2025:19:31:48 -0700] "POST /wp-load.php?a35e22=50841 HTTP/1.1" 200 - "-" "Mozilla/5.0 (Windows NT 10.0; Win64; x64) AppleWebKit/537.36 (KHTML, like Gecko) Chrome/104.0.5112.97 Safari/537.36" 642 **0/642562**
113.141.91.58 - - [15/Sep/2025:19:44:13 -0700] "GET / HTTP/1.1" 200 37959 "http://sapphirepackaging.in" "Mozilla/5.0 (iPhone; CPU iPhone OS 13_2_3 like Mac OS X) AppleWebKit/605.1.15 (KHTML, like Gecko) Version/13.0.3 Mobile/15E148 Safari/604.1" 1693 **1/1693448**
68.178.198.34 - - [15/Sep/2025:19:46:52 -0700] "POST /wp-cron.php?doing_wp_cron=1757990812.4480340480804443359375 HTTP/1.1" 200 - "-" "WordPress/6.8.2; https://www.sapphirepackaging.in" 26 **0/26556**
54.174.107.91 - - [15/Sep/2025:19:46:51 -0700] "GET / HTTP/1.1" 200 38477 "-" "Mozilla/5.0 (Macintosh; Intel Mac OS X 10_15_7) AppleWebKit/537.36 (KHTML, like Gecko) Chrome/108.0.0.0 Safari/537.36" 1535 **1/1535870**
68.178.198.34 - - [15/Sep/2025:20:04:42 -0700] "POST /wp-cron.php?doing_wp_cron=1757991882.5954918861389160156250 HTTP/1.1" 200 - "-" "WordPress/6.8.2; https://sapphirepackaging.in" 24 **0/24850**
167.114.139.239 - - [15/Sep/2025:20:04:40 -0700] "GET /product/off-white-liners/ HTTP/2.0" 200 24113 "-" "Mozilla/5.0 (compatible; AhrefsBot/7.0; +http://ahrefs.com/robot/)" 3371 **3/3371711**
142.44.233.191 - - [15/Sep/2025:20:09:20 -0700] "GET /wp-content/uploads/elementor/css/post-711.css?ver=1757953596 HTTP/2.0" 200 1045 "-" "Mozilla/5.0 (compatible; AhrefsBot/7.0; +http://ahrefs.com/robot/)" 11 **0/11956**
51.161.37.203 - - [15/Sep/2025:20:09:21 -0700] "GET /wp-content/plugins/elementor/assets/css/widget-image.min.css?ver=3.32.0 HTTP/2.0" 200 120 "-" "Mozilla/5.0 (compatible; AhrefsBot/7.0; +http://ahrefs.com/robot/)" 6 **0/6868**
54.39.0.208 - - [15/Sep/2025:20:09:22 -0700] "GET /wp-content/plugins/elementor/assets/css/widget-divider.min.css?ver=3.32.0 HTTP/2.0" 200 705 "-" "Mozilla/5.0 (compatible; AhrefsBot/7.0; +http://ahrefs.com/robot/)" 6 **0/6735**
51.161.65.10 - - [15/Sep/2025:20:09:26 -0700] "GET /wp-content/uploads/elementor/css/post-688.css?ver=1757948294 HTTP/2.0" 200 1097 "-" "Mozilla/5.0 (compatible; AhrefsBot/7.0; +http://ahrefs.com/robot/)" 9 **0/9585**
51.222.95.4 - - [15/Sep/2025:20:09:39 -0700] "GET /wp-content/themes/woodmart-1/js/scripts/global/hiddenSidebar.min.js?ver=8.1.2 HTTP/2.0" 200 537 "-" "Mozilla/5.0 (compatible; AhrefsBot/7.0; +http://ahrefs.com/robot/)" 10 **0/10388**
142.44.228.100 - - [15/Sep/2025:20:09:40 -0700] "GET /wp-content/plugins/elementor/assets/lib/animations/styles/e-animation-pop.min.css?ver=3.32.0 HTTP/2.0" 200 131 "-" "Mozilla/5.0 (compatible; AhrefsBot/7.0; +http://ahrefs.com/robot/)" 12 **0/12381**
54.39.6.206 - - [15/Sep/2025:20:09:41 -0700] "GET /wp-content/plugins/elementor/assets/js/frontend.min.js?ver=3.32.0 HTTP/2.0" 200 10183 "-" "Mozilla/5.0 (compatible; AhrefsBot/7.0; +http://ahrefs.com/robot/)" 11 **0/11986**
51.222.95.129 - - [15/Sep/2025:20:09:54 -0700] "GET /wp-content/themes/woodmart-1/js/scripts/wc/stickySidebarBtn.min.js?ver=8.1.2 HTTP/2.0" 200 244 "-" "Mozilla/5.0 (compatible; AhrefsBot/7.0; +http://ahrefs.com/robot/)" 17 **0/17266**
51.161.65.67 - - [15/Sep/2025:20:09:56 -0700] "GET /wp-content/plugins/elementor/assets/css/widget-spacer.min.css?ver=3.32.0 HTTP/2.0" 200 315 "-" "Mozilla/5.0 (compatible; AhrefsBot/7.0; +http://ahrefs.com/robot/)" 9 **0/9503**
51.161.37.247 - - [15/Sep/2025:20:09:57 -0700] "GET /wp-content/uploads/elementor/css/custom-frontend.min.css?ver=1757948293 HTTP/2.0" 200 6509 "-" "Mozilla/5.0 (compatible; AhrefsBot/7.0; +http://ahrefs.com/robot/)" 14 **0/14567**
167.114.139.41 - - [15/Sep/2025:20:09:58 -0700] "GET /wp-content/uploads/elementor/css/post-8.css?ver=1757948293 HTTP/2.0" 200 320 "-" "Mozilla/5.0 (compatible; AhrefsBot/7.0; +http://ahrefs.com/robot/)" 9 **0/9451**
51.161.37.114 - - [15/Sep/2025:20:09:59 -0700] "GET /wp-content/uploads/elementor/css/custom-apple-webkit.min.css?ver=1757948293 HTTP/2.0" 200 472 "-" "Mozilla/5.0 (compatible; AhrefsBot/7.0; +http://ahrefs.com/robot/)" 9 **0/9523**
15.235.96.19 - - [15/Sep/2025:20:10:00 -0700] "GET /wp-content/plugins/elementor/assets/css/widget-social-icons.min.css?ver=3.32.0 HTTP/2.0" 200 1070 "-" "Mozilla/5.0 (compatible; AhrefsBot/7.0; +http://ahrefs.com/robot/)" 13 **0/13743**
54.39.203.178 - - [15/Sep/2025:20:10:01 -0700] "GET /wp-content/plugins/elementor/assets/css/widget-heading.min.css?ver=3.32.0 HTTP/2.0" 200 155 "-" "Mozilla/5.0 (compatible; AhrefsBot/7.0; +http://ahrefs.com/robot/)" 10 **0/10690**
15.235.98.241 - - [15/Sep/2025:20:10:02 -0700] "GET /wp-content/plugins/elementor/assets/js/frontend-modules.min.js?ver=3.32.0 HTTP/2.0" 200 17970 "-" "Mozilla/5.0 (compatible; AhrefsBot/7.0; +http://ahrefs.com/robot/)" 44 **0/44571**
54.39.6.182 - - [15/Sep/2025:20:10:03 -0700] "GET /wp-content/plugins/elementor/assets/js/webpack.runtime.min.js?ver=3.32.0 HTTP/2.0" 200 2322 "-" "Mozilla/5.0 (compatible; AhrefsBot/7.0; +http://ahrefs.com/robot/)" 16 **0/16515**
43.130.228.73 - - [15/Sep/2025:20:26:47 -0700] "GET / HTTP/1.1" 200 37961 "http://sapphirepackaging.in" "Mozilla/5.0 (iPhone; CPU iPhone OS 13_2_3 like Mac OS X) AppleWebKit/605.1.15 (KHTML, like Gecko) Version/13.0.3 Mobile/15E148 Safari/604.1" 1500 **1/1500920**
68.178.198.34 - - [15/Sep/2025:20:31:56 -0700] "POST /wp-cron.php?doing_wp_cron=1757993516.7327940464019775390625 HTTP/1.1" 200 - "-" "WordPress/6.8.2; https://sapphirepackaging.in" 21 **0/21704**
5.161.201.188 - - [15/Sep/2025:20:31:56 -0700] "POST /wp-load.php?d7d5a6=23668 HTTP/1.1" 200 - "-" "Mozilla/5.0 (Windows NT 10.0; Win64; x64) AppleWebKit/537.36 (KHTML, like Gecko) Chrome/104.0.5112.97 Safari/537.36" 596 **0/596794**
68.178.198.34 - - [15/Sep/2025:20:32:44 -0700] "POST /wp-cron.php?doing_wp_cron=1757993564.0197229385375976562500 HTTP/1.1" 200 - "-" "WordPress/6.8.2; https://www.sapphirepackaging.in" 28 **0/28889**
54.196.227.129 - - [15/Sep/2025:20:32:43 -0700] "GET / HTTP/1.1" 200 38478 "-" "Mozilla/5.0 (Macintosh; Intel Mac OS X 10_15_7) AppleWebKit/537.36 (KHTML, like Gecko) Chrome/108.0.0.0 Safari/537.36" 1338 **1/1338853**
66.249.74.11 - - [15/Sep/2025:20:53:17 -0700] "GET /product-category/corrugated-box/partition-boxes/ HTTP/1.1" 301 1 "-" "Mozilla/5.0 (Linux; Android 6.0.1; Nexus 5X Build/MMB29P) AppleWebKit/537.36 (KHTML, like Gecko) Chrome/140.0.7339.127 Mobile Safari/537.36 (compatible; Googlebot/2.1; +http://www.google.com/bot.html)" 1963 **1/1963021**
68.178.198.34 - - [15/Sep/2025:20:53:20 -0700] "POST /wp-cron.php?doing_wp_cron=1757994800.8507099151611328125000 HTTP/1.1" 200 - "-" "WordPress/6.8.2; https://sapphirepackaging.in" 21 **0/21757**
66.249.74.10 - - [15/Sep/2025:20:53:20 -0700] "GET /product/partition-boxes/ HTTP/1.1" 200 25527 "-" "Mozilla/5.0 (Linux; Android 6.0.1; Nexus 5X Build/MMB29P) AppleWebKit/537.36 (KHTML, like Gecko) Chrome/140.0.7339.127 Mobile Safari/537.36 (compatible; Googlebot/2.1; +http://www.google.com/bot.html)" 1375 **1/1375152**
66.249.74.10 - - [15/Sep/2025:20:53:26 -0700] "GET /wp-content/themes/woodmart-1/css/parts/woo-mod-add-btn-replace.min.css?ver=8.1.2 HTTP/1.1" 200 466 "https://sapphirepackaging.in/product/partition-boxes/" "Mozilla/5.0 (Linux; Android 6.0.1; Nexus 5X Build/MMB29P) AppleWebKit/537.36 (KHTML, like Gecko) Chrome/139.0.7258.127 Mobile Safari/537.36 (compatible; Googlebot/2.1; +http://www.google.com/bot.html)" 8 **0/8742**
66.249.74.10 - - [15/Sep/2025:20:53:29 -0700] "GET /wp-content/themes/woodmart-1/css/parts/el-button.min.css?ver=8.1.2 HTTP/1.1" 200 535 "https://sapphirepackaging.in/product/partition-boxes/" "Mozilla/5.0 (Linux; Android 6.0.1; Nexus 5X Build/MMB29P) AppleWebKit/537.36 (KHTML, like Gecko) Chrome/139.0.7258.127 Mobile Safari/537.36 (compatible; Googlebot/2.1; +http://www.google.com/bot.html)" 7 **0/7783**
66.249.74.9 - - [15/Sep/2025:20:53:32 -0700] "GET /wp-includes/css/dist/block-library/style.min.css?ver=6.8.2 HTTP/1.1" 200 14199 "https://sapphirepackaging.in/product/partition-boxes/" "Mozilla/5.0 (Linux; Android 6.0.1; Nexus 5X Build/MMB29P) AppleWebKit/537.36 (KHTML, like Gecko) Chrome/139.0.7258.127 Mobile Safari/537.36 (compatible; Googlebot/2.1; +http://www.google.com/bot.html)" 21 **0/21936**
66.249.74.9 - - [15/Sep/2025:20:53:34 -0700] "GET /wp-content/plugins/woocommerce/assets/js/sourcebuster/sourcebuster.min.js?ver=10.1.2 HTTP/1.1" 200 4615 "https://sapphirepackaging.in/product/partition-boxes/" "Mozilla/5.0 (Linux; Android 6.0.1; Nexus 5X Build/MMB29P) AppleWebKit/537.36 (KHTML, like Gecko) Chrome/139.0.7258.127 Mobile Safari/537.36 (compatible; Googlebot/2.1; +http://www.google.com/bot.html)" 8 **0/8874**
66.249.74.9 - - [15/Sep/2025:20:53:37 -0700] "GET /wp-content/themes/woodmart-1/js/scripts/wc/productImages.min.js?ver=8.1.2 HTTP/1.1" 200 549 "https://sapphirepackaging.in/product/partition-boxes/" "Mozilla/5.0 (Linux; Android 6.0.1; Nexus 5X Build/MMB29P) AppleWebKit/537.36 (KHTML, like Gecko) Chrome/139.0.7258.127 Mobile Safari/537.36 (compatible; Googlebot/2.1; +http://www.google.com/bot.html)" 7 **0/7010**
66.249.74.9 - - [15/Sep/2025:20:53:40 -0700] "GET /wp-includes/js/wp-util.min.js?ver=6.8.2 HTTP/1.1" 200 690 "https://sapphirepackaging.in/product/partition-boxes/" "Mozilla/5.0 (Linux; Android 6.0.1; Nexus 5X Build/MMB29P) AppleWebKit/537.36 (KHTML, like Gecko) Chrome/139.0.7258.127 Mobile Safari/537.36 (compatible; Googlebot/2.1; +http://www.google.com/bot.html)" 13 **0/13347**
68.178.198.34 - - [15/Sep/2025:21:10:40 -0700] "POST /wp-cron.php?doing_wp_cron=1757995840.5970690250396728515625 HTTP/1.1" 200 - "-" "WordPress/6.8.2; https://sapphirepackaging.in" 23 **0/23272**
20.194.1.11 - - [15/Sep/2025:21:10:38 -0700] "GET / HTTP/2.0" 200 - "-" "Mozilla/5.0 AppleWebKit/537.36 (KHTML, like Gecko); compatible; ChatGPT-User/1.0; +https://openai.com/bot" 3078 **3/3078715**
68.178.198.34 - - [15/Sep/2025:21:32:08 -0700] "POST /wp-cron.php?doing_wp_cron=1757997128.2578558921813964843750 HTTP/1.1" 200 - "-" "WordPress/6.8.2; https://sapphirepackaging.in" 26 **0/26311**
5.161.44.164 - - [15/Sep/2025:21:32:05 -0700] "POST /wp-load.php?7e1f2b=32362 HTTP/1.1" 200 - "-" "Mozilla/5.0 (Windows NT 10.0; Win64; x64) AppleWebKit/537.36 (KHTML, like Gecko) Chrome/104.0.5112.97 Safari/537.36" 2363 **2/2363187**
68.178.198.34 - - [15/Sep/2025:21:33:42 -0700] "POST /wp-cron.php?doing_wp_cron=1757997222.2228150367736816406250 HTTP/1.1" 200 - "-" "WordPress/6.8.2; https://sapphirepackaging.in" 20 **0/20983**
47.128.27.219 - - [15/Sep/2025:21:33:41 -0700] "GET /robots.txt HTTP/1.1" 403 325 "-" "Mozilla/5.0 (Linux; Android 5.0) AppleWebKit/537.36 (KHTML, like Gecko) Mobile Safari/537.36 (compatible; Bytespider; spider-feedback@bytedance.com)" 698 **0/698067**
104.210.140.141 - - [15/Sep/2025:21:40:01 -0700] "GET /robots.txt HTTP/2.0" 200 361 "-" "Mozilla/5.0 (Macintosh; Intel Mac OS X 10_15_7) AppleWebKit/537.36 (KHTML, like Gecko) Chrome/131.0.0.0 Safari/537.36; compatible; OAI-SearchBot/1.0; +https://openai.com/searchbot" 12 **0/12565**
68.178.198.34 - - [15/Sep/2025:21:42:56 -0700] "POST /wp-cron.php?doing_wp_cron=1757997776.9618120193481445312500 HTTP/1.1" 200 - "-" "WordPress/6.8.2; https://sapphirepackaging.in" 19 **0/19088**
47.128.115.250 - - [15/Sep/2025:21:42:56 -0700] "GET /product-category/corrugated-box/pizza-box/ HTTP/2.0" 403 21411 "-" "Mozilla/5.0 (Linux; Android 5.0) AppleWebKit/537.36 (KHTML, like Gecko) Mobile Safari/537.36 (compatible; Bytespider; spider-feedback@bytedance.com)" 1235 **1/1235208**
47.128.115.250 - - [15/Sep/2025:21:42:58 -0700] "GET /wp-content/themes/woodmart-1/css/parts/woo-widget-price-filter.min.css?ver=8.1.2 HTTP/2.0" 404 18105 "https://sapphirepackaging.in/product-category/corrugated-box/pizza-box/" "Mozilla/5.0 (Linux; Android 5.0) AppleWebKit/537.36 (KHTML, like Gecko) Mobile Safari/537.36 (compatible; Bytespider; spider-feedback@bytedance.com)" 954 **0/954232**
47.128.115.250 - - [15/Sep/2025:21:42:58 -0700] "GET /wp-content/uploads/elementor/css/post-8.css?ver=1757948293 HTTP/2.0" 404 18103 "https://sapphirepackaging.in/product-category/corrugated-box/pizza-box/" "Mozilla/5.0 (Linux; Android 5.0) AppleWebKit/537.36 (KHTML, like Gecko) Mobile Safari/537.36 (compatible; Bytespider; spider-feedback@bytedance.com)" 934 **0/934382**
47.128.115.250 - - [15/Sep/2025:21:42:58 -0700] "GET /wp-includes/css/dist/block-library/style.min.css?ver=6.8.2 HTTP/2.0" 404 18103 "https://sapphirepackaging.in/product-category/corrugated-box/pizza-box/" "Mozilla/5.0 (Linux; Android 5.0) AppleWebKit/537.36 (KHTML, like Gecko) Mobile Safari/537.36 (compatible; Bytespider; spider-feedback@bytedance.com)" 986 **0/986847**
47.128.115.250 - - [15/Sep/2025:21:42:58 -0700] "GET /wp-content/uploads/elementor/css/custom-frontend.min.css?ver=1757948293 HTTP/2.0" 404 18102 "https://sapphirepackaging.in/product-category/corrugated-box/pizza-box/" "Mozilla/5.0 (Linux; Android 5.0) AppleWebKit/537.36 (KHTML, like Gecko) Mobile Safari/537.36 (compatible; Bytespider; spider-feedback@bytedance.com)" 1007 **1/1007362**
47.128.115.250 - - [15/Sep/2025:21:42:58 -0700] "GET /wp-content/themes/woodmart-1/css/parts/helpers-wpb-elem.min.css?ver=8.1.2 HTTP/2.0" 404 18106 "https://sapphirepackaging.in/product-category/corrugated-box/pizza-box/" "Mozilla/5.0 (Linux; Android 5.0) AppleWebKit/537.36 (KHTML, like Gecko) Mobile Safari/537.36 (compatible; Bytespider; spider-feedback@bytedance.com)" 1018 **1/1018405**
47.128.115.250 - - [15/Sep/2025:21:42:58 -0700] "GET /wp-content/themes/woodmart-1/css/parts/base.min.css?ver=8.1.2 HTTP/2.0" 404 18103 "https://sapphirepackaging.in/product-category/corrugated-box/pizza-box/" "Mozilla/5.0 (Linux; Android 5.0) AppleWebKit/537.36 (KHTML, like Gecko) Mobile Safari/537.36 (compatible; Bytespider; spider-feedback@bytedance.com)" 1025 **1/1025051**
47.128.115.250 - - [15/Sep/2025:21:42:58 -0700] "GET /wp-content/themes/woodmart-1/css/parts/woocommerce-base.min.css?ver=8.1.2 HTTP/2.0" 404 18102 "https://sapphirepackaging.in/product-category/corrugated-box/pizza-box/" "Mozilla/5.0 (Linux; Android 5.0) AppleWebKit/537.36 (KHTML, like Gecko) Mobile Safari/537.36 (compatible; Bytespider; spider-feedback@bytedance.com)" 1589 **1/1589703**
47.128.115.250 - - [15/Sep/2025:21:42:58 -0700] "GET /wp-content/themes/woodmart-1/css/parts/int-elem-base.min.css?ver=8.1.2 HTTP/2.0" 404 18106 "https://sapphirepackaging.in/product-category/corrugated-box/pizza-box/" "Mozilla/5.0 (Linux; Android 5.0) AppleWebKit/537.36 (KHTML, like Gecko) Mobile Safari/537.36 (compatible; Bytespider; spider-feedback@bytedance.com)" 1812 **1/1812736**
47.128.115.250 - - [15/Sep/2025:21:42:58 -0700] "GET /wp-content/themes/woodmart-1/css/parts/header-base.min.css?ver=8.1.2 HTTP/2.0" 404 18108 "https://sapphirepackaging.in/product-category/corrugated-box/pizza-box/" "Mozilla/5.0 (Linux; Android 5.0) AppleWebKit/537.36 (KHTML, like Gecko) Mobile Safari/537.36 (compatible; Bytespider; spider-feedback@bytedance.com)" 1534 **1/1534802**
47.128.115.250 - - [15/Sep/2025:21:42:58 -0700] "GET /wp-content/themes/woodmart-1/css/parts/woo-opt-free-progress-bar.min.css?ver=8.1.2 HTTP/2.0" 404 18105 "https://sapphirepackaging.in/product-category/corrugated-box/pizza-box/" "Mozilla/5.0 (Linux; Android 5.0) AppleWebKit/537.36 (KHTML, like Gecko) Mobile Safari/537.36 (compatible; Bytespider; spider-feedback@bytedance.com)" 1874 **1/1874221**
47.128.115.250 - - [15/Sep/2025:21:42:58 -0700] "GET /wp-content/themes/woodmart-1/css/parts/mod-star-rating.min.css?ver=8.1.2 HTTP/2.0" 404 18097 "https://sapphirepackaging.in/product-category/corrugated-box/pizza-box/" "Mozilla/5.0 (Linux; Android 5.0) AppleWebKit/537.36 (KHTML, like Gecko) Mobile Safari/537.36 (compatible; Bytespider; spider-feedback@bytedance.com)" 1914 **1/1914564**
47.128.115.250 - - [15/Sep/2025:21:42:58 -0700] "GET /wp-content/themes/woodmart-1/css/parts/mod-tools.min.css?ver=8.1.2 HTTP/2.0" 404 18107 "https://sapphirepackaging.in/product-category/corrugated-box/pizza-box/" "Mozilla/5.0 (Linux; Android 5.0) AppleWebKit/537.36 (KHTML, like Gecko) Mobile Safari/537.36 (compatible; Bytespider; spider-feedback@bytedance.com)" 1802 **1/1802252**
47.128.115.250 - - [15/Sep/2025:21:42:58 -0700] "GET /wp-content/themes/woodmart-1/css/parts/woo-mod-progress-bar.min.css?ver=8.1.2 HTTP/2.0" 404 18104 "https://sapphirepackaging.in/product-category/corrugated-box/pizza-box/" "Mozilla/5.0 (Linux; Android 5.0) AppleWebKit/537.36 (KHTML, like Gecko) Mobile Safari/537.36 (compatible; Bytespider; spider-feedback@bytedance.com)" 2048 **2/2048887**
47.128.115.250 - - [15/Sep/2025:21:42:58 -0700] "GET /wp-content/themes/woodmart-1/css/parts/woo-shop-builder.min.css?ver=8.1.2 HTTP/2.0" 404 18106 "https://sapphirepackaging.in/product-category/corrugated-box/pizza-box/" "Mozilla/5.0 (Linux; Android 5.0) AppleWebKit/537.36 (KHTML, like Gecko) Mobile Safari/537.36 (compatible; Bytespider; spider-feedback@bytedance.com)" 2217 **2/2217104**
47.128.115.250 - - [15/Sep/2025:21:42:58 -0700] "GET /wp-content/themes/woodmart-1/css/parts/woo-mod-block-notices.min.css?ver=8.1.2 HTTP/2.0" 404 18104 "https://sapphirepackaging.in/product-category/corrugated-box/pizza-box/" "Mozilla/5.0 (Linux; Android 5.0) AppleWebKit/537.36 (KHTML, like Gecko) Mobile Safari/537.36 (compatible; Bytespider; spider-feedback@bytedance.com)" 2217 **2/2217943**
174.73.127.99 - - [15/Sep/2025:21:43:00 -0700] "GET /robots.txt HTTP/1.1" 200 386 "-" "Mozilla/5.0 (Linux; Android 8.0; Pixel 2 Build/OPD3.170816.012) AppleWebKit/537.36 (KHTML, like Gecko) Chrome/40.0.5100.1988 Mobile Safari/537.36" 7 **0/7449**
47.128.115.250 - - [15/Sep/2025:21:42:58 -0700] "GET /wp-content/themes/woodmart-1/css/parts/el-info-box.min.css?ver=8.1.2 HTTP/2.0" 404 18112 "https://sapphirepackaging.in/product-category/corrugated-box/pizza-box/" "Mozilla/5.0 (Linux; Android 5.0) AppleWebKit/537.36 (KHTML, like Gecko) Mobile Safari/537.36 (compatible; Bytespider; spider-feedback@bytedance.com)" 2089 **2/2089228**
47.128.115.250 - - [15/Sep/2025:21:42:58 -0700] "GET /wp-content/themes/woodmart-1/css/parts/woo-widget-active-filters.min.css?ver=8.1.2 HTTP/2.0" 404 18107 "https://sapphirepackaging.in/product-category/corrugated-box/pizza-box/" "Mozilla/5.0 (Linux; Android 5.0) AppleWebKit/537.36 (KHTML, like Gecko) Mobile Safari/537.36 (compatible; Bytespider; spider-feedback@bytedance.com)" 2473 **2/2473555**
47.128.115.250 - - [15/Sep/2025:21:42:58 -0700] "GET /wp-content/themes/woodmart-1/css/parts/wp-blocks.min.css?ver=8.1.2 HTTP/2.0" 404 18105 "https://sapphirepackaging.in/product-category/corrugated-box/pizza-box/" "Mozilla/5.0 (Linux; Android 5.0) AppleWebKit/537.36 (KHTML, like Gecko) Mobile Safari/537.36 (compatible; Bytespider; spider-feedback@bytedance.com)" 3014 **3/3014037**
47.128.115.250 - - [15/Sep/2025:21:42:58 -0700] "GET /wp-content/themes/woodmart-1/css/parts/header-el-mobile-nav-dropdown.min.css?ver=8.1.2 HTTP/2.0" 404 18117 "https://sapphirepackaging.in/product-category/corrugated-box/pizza-box/" "Mozilla/5.0 (Linux; Android 5.0) AppleWebKit/537.36 (KHTML, like Gecko) Mobile Safari/537.36 (compatible; Bytespider; spider-feedback@bytedance.com)" 2932 **2/2932313**
47.128.115.250 - - [15/Sep/2025:21:42:58 -0700] "GET /wp-content/themes/woodmart-1/css/parts/header-el-base.min.css?ver=8.1.2 HTTP/2.0" 404 18104 "https://sapphirepackaging.in/product-category/corrugated-box/pizza-box/" "Mozilla/5.0 (Linux; Android 5.0) AppleWebKit/537.36 (KHTML, like Gecko) Mobile Safari/537.36 (compatible; Bytespider; spider-feedback@bytedance.com)" 3133 **3/3133762**
47.128.115.250 - - [15/Sep/2025:21:42:58 -0700] "GET /wp-content/themes/woodmart-1/css/parts/woo-opt-products-bg.min.css?ver=8.1.2 HTTP/2.0" 404 18106 "https://sapphirepackaging.in/product-category/corrugated-box/pizza-box/" "Mozilla/5.0 (Linux; Android 5.0) AppleWebKit/537.36 (KHTML, like Gecko) Mobile Safari/537.36 (compatible; Bytespider; spider-feedback@bytedance.com)" 2925 **2/2925827**
47.128.115.250 - - [15/Sep/2025:21:42:58 -0700] "GET /wp-content/themes/woodmart-1/css/parts/el-button.min.css?ver=8.1.2 HTTP/2.0" 404 18105 "https://sapphirepackaging.in/product-category/corrugated-box/pizza-box/" "Mozilla/5.0 (Linux; Android 5.0) AppleWebKit/537.36 (KHTML, like Gecko) Mobile Safari/537.36 (compatible; Bytespider; spider-feedback@bytedance.com)" 3398 **3/3398184**
47.128.115.250 - - [15/Sep/2025:21:42:58 -0700] "GET /wp-content/themes/woodmart-1/css/parts/woo-shop-el-order-by.min.css?ver=8.1.2 HTTP/2.0" 404 18114 "https://sapphirepackaging.in/product-category/corrugated-box/pizza-box/" "Mozilla/5.0 (Linux; Android 5.0) AppleWebKit/537.36 (KHTML, like Gecko) Mobile Safari/537.36 (compatible; Bytespider; spider-feedback@bytedance.com)" 3335 **3/3335273**
47.128.115.250 - - [15/Sep/2025:21:42:58 -0700] "GET /wp-content/themes/woodmart-1/css/parts/woo-product-loop.min.css?ver=8.1.2 HTTP/2.0" 404 18103 "https://sapphirepackaging.in/product-category/corrugated-box/pizza-box/" "Mozilla/5.0 (Linux; Android 5.0) AppleWebKit/537.36 (KHTML, like Gecko) Mobile Safari/537.36 (compatible; Bytespider; spider-feedback@bytedance.com)" 3358 **3/3358470**
47.128.115.250 - - [15/Sep/2025:21:42:58 -0700] "GET /wp-content/themes/woodmart-1/css/parts/woo-mod-add-btn-replace.min.css?ver=8.1.2 HTTP/2.0" 404 18108 "https://sapphirepackaging.in/product-category/corrugated-box/pizza-box/" "Mozilla/5.0 (Linux; Android 5.0) AppleWebKit/537.36 (KHTML, like Gecko) Mobile Safari/537.36 (compatible; Bytespider; spider-feedback@bytedance.com)" 3380 **3/3380549**
47.128.115.250 - - [15/Sep/2025:21:42:58 -0700] "GET /wp-content/themes/woodmart-1/css/parts/footer-base.min.css?ver=8.1.2 HTTP/2.0" 404 18113 "https://sapphirepackaging.in/product-category/corrugated-box/pizza-box/" "Mozilla/5.0 (Linux; Android 5.0) AppleWebKit/537.36 (KHTML, like Gecko) Mobile Safari/537.36 (compatible; Bytespider; spider-feedback@bytedance.com)" 3330 **3/3330695**
47.128.115.250 - - [15/Sep/2025:21:42:58 -0700] "GET /wp-content/themes/woodmart-1/css/parts/woo-shop-el-products-per-page.min.css?ver=8.1.2 HTTP/2.0" 404 18107 "https://sapphirepackaging.in/product-category/corrugated-box/pizza-box/" "Mozilla/5.0 (Linux; Android 5.0) AppleWebKit/537.36 (KHTML, like Gecko) Mobile Safari/537.36 (compatible; Bytespider; spider-feedback@bytedance.com)" 3543 **3/3543331**
47.128.115.250 - - [15/Sep/2025:21:42:58 -0700] "GET /wp-content/themes/woodmart-1/css/parts/page-title.min.css?ver=8.1.2 HTTP/2.0" 404 18112 "https://sapphirepackaging.in/product-category/corrugated-box/pizza-box/" "Mozilla/5.0 (Linux; Android 5.0) AppleWebKit/537.36 (KHTML, like Gecko) Mobile Safari/537.36 (compatible; Bytespider; spider-feedback@bytedance.com)" 3556 **3/3556979**
47.128.115.250 - - [15/Sep/2025:21:42:58 -0700] "GET /wp-content/themes/woodmart-1/css/parts/woo-shop-page-title.min.css?ver=8.1.2 HTTP/2.0" 404 18109 "https://sapphirepackaging.in/product-category/corrugated-box/pizza-box/" "Mozilla/5.0 (Linux; Android 5.0) AppleWebKit/537.36 (KHTML, like Gecko) Mobile Safari/537.36 (compatible; Bytespider; spider-feedback@bytedance.com)" 3938 **3/3938643**
47.128.115.250 - - [15/Sep/2025:21:42:58 -0700] "GET /wp-content/themes/woodmart-1/css/parts/lib-magnific-popup.min.css?ver=8.1.2 HTTP/2.0" 404 18107 "https://sapphirepackaging.in/product-category/corrugated-box/pizza-box/" "Mozilla/5.0 (Linux; Android 5.0) AppleWebKit/537.36 (KHTML, like Gecko) Mobile Safari/537.36 (compatible; Bytespider; spider-feedback@bytedance.com)" 3717 **3/3717202**
47.128.115.250 - - [15/Sep/2025:21:42:58 -0700] "GET /wp-content/themes/woodmart-1/css/parts/woo-product-loop-buttons-on-hover.min.css?ver=8.1.2 HTTP/2.0" 404 18117 "https://sapphirepackaging.in/product-category/corrugated-box/pizza-box/" "Mozilla/5.0 (Linux; Android 5.0) AppleWebKit/537.36 (KHTML, like Gecko) Mobile Safari/537.36 (compatible; Bytespider; spider-feedback@bytedance.com)" 3862 **3/3862013**
47.128.115.250 - - [15/Sep/2025:21:42:58 -0700] "GET /wp-content/themes/woodmart-1/css/parts/woo-mod-swatches-base.min.css?ver=8.1.2 HTTP/2.0" 404 18113 "https://sapphirepackaging.in/product-category/corrugated-box/pizza-box/" "Mozilla/5.0 (Linux; Android 5.0) AppleWebKit/537.36 (KHTML, like Gecko) Mobile Safari/537.36 (compatible; Bytespider; spider-feedback@bytedance.com)" 3921 **3/3921996**
47.128.115.250 - - [15/Sep/2025:21:42:58 -0700] "GET /wp-content/themes/woodmart-1/css/parts/woo-opt-stretch-cont.min.css?ver=8.1.2 HTTP/2.0" 404 18101 "https://sapphirepackaging.in/product-category/corrugated-box/pizza-box/" "Mozilla/5.0 (Linux; Android 5.0) AppleWebKit/537.36 (KHTML, like Gecko) Mobile Safari/537.36 (compatible; Bytespider; spider-feedback@bytedance.com)" 3958 **3/3958053**
47.128.115.250 - - [15/Sep/2025:21:42:58 -0700] "GET /wp-content/themes/woodmart-1/css/parts/el-off-canvas-column-btn.min.css?ver=8.1.2 HTTP/2.0" 404 18118 "https://sapphirepackaging.in/product-category/corrugated-box/pizza-box/" "Mozilla/5.0 (Linux; Android 5.0) AppleWebKit/537.36 (KHTML, like Gecko) Mobile Safari/537.36 (compatible; Bytespider; spider-feedback@bytedance.com)" 4193 **4/4193347**
47.128.115.250 - - [15/Sep/2025:21:42:58 -0700] "GET /wp-content/themes/woodmart-1/css/parts/el-page-title-builder.min.css?ver=8.1.2 HTTP/2.0" 404 18108 "https://sapphirepackaging.in/product-category/corrugated-box/pizza-box/" "Mozilla/5.0 (Linux; Android 5.0) AppleWebKit/537.36 (KHTML, like Gecko) Mobile Safari/537.36 (compatible; Bytespider; spider-feedback@bytedance.com)" 4397 **4/4397747**
47.128.115.250 - - [15/Sep/2025:21:42:59 -0700] "GET /wp-content/themes/woodmart-1/css/parts/opt-shop-off-canvas-sidebar.min.css?ver=8.1.2 HTTP/2.0" 404 18113 "https://sapphirepackaging.in/product-category/corrugated-box/pizza-box/" "Mozilla/5.0 (Linux; Android 5.0) AppleWebKit/537.36 (KHTML, like Gecko) Mobile Safari/537.36 (compatible; Bytespider; spider-feedback@bytedance.com)" 3878 **3/3878487**
47.128.115.250 - - [15/Sep/2025:21:42:58 -0700] "GET /wp-content/themes/woodmart-1/css/parts/woo-categories-loop-zoom-out.min.css?ver=8.1.2 HTTP/2.0" 404 18116 "https://sapphirepackaging.in/product-category/corrugated-box/pizza-box/" "Mozilla/5.0 (Linux; Android 5.0) AppleWebKit/537.36 (KHTML, like Gecko) Mobile Safari/537.36 (compatible; Bytespider; spider-feedback@bytedance.com)" 4188 **4/4188691**
47.128.115.250 - - [15/Sep/2025:21:42:58 -0700] "GET /wp-content/themes/woodmart-1/css/parts/woo-categories-loop.min.css?ver=8.1.2 HTTP/2.0" 404 18108 "https://sapphirepackaging.in/product-category/corrugated-box/pizza-box/" "Mozilla/5.0 (Linux; Android 5.0) AppleWebKit/537.36 (KHTML, like Gecko) Mobile Safari/537.36 (compatible; Bytespider; spider-feedback@bytedance.com)" 4210 **4/4210147**
47.128.115.250 - - [15/Sep/2025:21:42:58 -0700] "GET /wp-content/themes/woodmart-1/css/parts/opt-off-canvas-sidebar.min.css?ver=8.1.2 HTTP/2.0" 404 18114 "https://sapphirepackaging.in/product-category/corrugated-box/pizza-box/" "Mozilla/5.0 (Linux; Android 5.0) AppleWebKit/537.36 (KHTML, like Gecko) Mobile Safari/537.36 (compatible; Bytespider; spider-feedback@bytedance.com)" 4336 **4/4336601**
47.128.115.250 - - [15/Sep/2025:21:42:59 -0700] "GET /wp-content/themes/woodmart-1/css/parts/opt-scrolltotop.min.css?ver=8.1.2 HTTP/2.0" 404 18110 "https://sapphirepackaging.in/product-category/corrugated-box/pizza-box/" "Mozilla/5.0 (Linux; Android 5.0) AppleWebKit/537.36 (KHTML, like Gecko) Mobile Safari/537.36 (compatible; Bytespider; spider-feedback@bytedance.com)" 3990 **3/3990987**
47.128.115.250 - - [15/Sep/2025:21:42:58 -0700] "GET /wp-content/themes/woodmart-1/css/parts/mod-sticky-loader.min.css?ver=8.1.2 HTTP/2.0" 404 18110 "https://sapphirepackaging.in/product-category/corrugated-box/pizza-box/" "Mozilla/5.0 (Linux; Android 5.0) AppleWebKit/537.36 (KHTML, like Gecko) Mobile Safari/537.36 (compatible; Bytespider; spider-feedback@bytedance.com)" 4276 **4/4276449**
47.128.115.250 - - [15/Sep/2025:21:42:58 -0700] "GET /wp-content/themes/woodmart-1/css/parts/opt-widget-collapse.min.css?ver=8.1.2 HTTP/2.0" 404 18102 "https://sapphirepackaging.in/product-category/corrugated-box/pizza-box/" "Mozilla/5.0 (Linux; Android 5.0) AppleWebKit/537.36 (KHTML, like Gecko) Mobile Safari/537.36 (compatible; Bytespider; spider-feedback@bytedance.com)" 4251 **4/4251716**
47.128.115.250 - - [15/Sep/2025:21:42:58 -0700] "GET /wp-content/themes/woodmart-1/css/parts/woo-shop-el-products-view.min.css?ver=8.1.2 HTTP/2.0" 404 18108 "https://sapphirepackaging.in/product-category/corrugated-box/pizza-box/" "Mozilla/5.0 (Linux; Android 5.0) AppleWebKit/537.36 (KHTML, like Gecko) Mobile Safari/537.36 (compatible; Bytespider; spider-feedback@bytedance.com)" 4391 **4/4391751**
47.128.115.250 - - [15/Sep/2025:21:42:58 -0700] "GET /wp-content/themes/woodmart-1/css/parts/woo-opt-grid-gallery.min.css?ver=8.1.2 HTTP/2.0" 404 18111 "https://sapphirepackaging.in/product-category/corrugated-box/pizza-box/" "Mozilla/5.0 (Linux; Android 5.0) AppleWebKit/537.36 (KHTML, like Gecko) Mobile Safari/537.36 (compatible; Bytespider; spider-feedback@bytedance.com)" 4354 **4/4354034**
47.128.115.250 - - [15/Sep/2025:21:42:59 -0700] "GET /wp-content/themes/woodmart-1/css/parts/mod-nav-menu-label.min.css?ver=8.1.2 HTTP/2.0" 404 18104 "https://sapphirepackaging.in/product-category/corrugated-box/pizza-box/" "Mozilla/5.0 (Linux; Android 5.0) AppleWebKit/537.36 (KHTML, like Gecko) Mobile Safari/537.36 (compatible; Bytespider; spider-feedback@bytedance.com)" 4278 **4/4278559**
47.128.115.250 - - [15/Sep/2025:21:42:59 -0700] "GET /wp-content/uploads/2025/06/xts-header_937146-1750755171.css?ver=8.1.2 HTTP/2.0" 404 18102 "https://sapphirepackaging.in/product-category/corrugated-box/pizza-box/" "Mozilla/5.0 (Linux; Android 5.0) AppleWebKit/537.36 (KHTML, like Gecko) Mobile Safari/537.36 (compatible; Bytespider; spider-feedback@bytedance.com)" 4307 **4/4307531**
47.128.115.250 - - [15/Sep/2025:21:42:59 -0700] "GET /wp-content/uploads/2025/04/SAPPHIRE-LOGO-IN-BLACK-COLOR-768x523.png HTTP/2.0" 404 97545 "https://sapphirepackaging.in/product-category/corrugated-box/pizza-box/" "Mozilla/5.0 (Linux; Android 5.0) AppleWebKit/537.36 (KHTML, like Gecko) Mobile Safari/537.36 (compatible; Bytespider; spider-feedback@bytedance.com)" 4426 **4/4426874**
47.128.115.250 - - [15/Sep/2025:21:43:03 -0700] "GET /wp-content/plugins/elementor/assets/css/widget-image.min.css?ver=3.32.0 HTTP/2.0" 404 18106 "https://sapphirepackaging.in/product-category/corrugated-box/pizza-box/" "Mozilla/5.0 (Linux; Android 5.0) AppleWebKit/537.36 (KHTML, like Gecko) Mobile Safari/537.36 (compatible; Bytespider; spider-feedback@bytedance.com)" 1035 **1/1035801**
47.128.115.250 - - [15/Sep/2025:21:43:03 -0700] "GET /wp-content/plugins/woocommerce/assets/client/blocks/wc-blocks.css?ver=wc-10.1.2 HTTP/2.0" 404 18113 "https://sapphirepackaging.in/product-category/corrugated-box/pizza-box/" "Mozilla/5.0 (Linux; Android 5.0) AppleWebKit/537.36 (KHTML, like Gecko) Mobile Safari/537.36 (compatible; Bytespider; spider-feedback@bytedance.com)" 1050 **1/1050916**
47.128.115.250 - - [15/Sep/2025:21:43:03 -0700] "GET /wp-content/uploads/elementor/css/post-688.css?ver=1757948294 HTTP/2.0" 404 18113 "https://sapphirepackaging.in/product-category/corrugated-box/pizza-box/" "Mozilla/5.0 (Linux; Android 5.0) AppleWebKit/537.36 (KHTML, like Gecko) Mobile Safari/537.36 (compatible; Bytespider; spider-feedback@bytedance.com)" 1062 **1/1062658**
