114.119.134.208 - - [15/Sep/2025:06:07:43 -0700] "GET /product-category/perfume-liner-inserts/off-white-shade-liners/?per_row=4&shop_view=list&per_page=24 HTTP/1.1" 200 24117 "https://www.sapphirepackaging.in/product-category/perfume-liner-inserts/off-white-shade-liners/?per_row=4&shop_view=list" "Mozilla/5.0 (Linux; Android 7.0;) AppleWebKit/537.36 (KHTML, like Gecko) Mobile Safari/537.36 (compatible; PetalBot;+https://webmaster.petalsearch.com/site/petalbot)" 1189 **1/1189083**
68.178.198.34 - - [15/Sep/2025:06:09:00 -0700] "POST /wp-cron.php?doing_wp_cron=1757941740.8677461147308349609375 HTTP/1.1" 200 - "-" "WordPress/6.8.2; https://www.sapphirepackaging.in" 24 **0/24490**
114.119.134.208 - - [15/Sep/2025:06:09:00 -0700] "GET /product-category/corrugated-box/window-boxes/?per_row=3&per_page=9&shop_view=grid HTTP/1.1" 200 23962 "https://www.sapphirepackaging.in/product-category/corrugated-box/window-boxes/?per_page=12&shop_view=grid&per_row=3" "Mozilla/5.0 (Linux; Android 7.0;) AppleWebKit/537.36 (KHTML, like Gecko) Mobile Safari/537.36 (compatible; PetalBot;+https://webmaster.petalsearch.com/site/petalbot)" 1129 **1/1129371**
68.178.198.34 - - [15/Sep/2025:06:10:27 -0700] "POST /wp-cron.php?doing_wp_cron=1757941827.7744519710540771484375 HTTP/1.1" 200 - "-" "WordPress/6.8.2; https://www.sapphirepackaging.in" 21 **0/21403**
114.119.135.163 - - [15/Sep/2025:06:10:26 -0700] "GET /product-category/perfume-liner-inserts/off-white-shade-liners/?per_row=4&per_page=18&shop_view=list HTTP/1.1" 200 24119 "https://www.sapphirepackaging.in/product-category/perfume-liner-inserts/off-white-shade-liners/?per_page=18&shop_view=grid&per_row=4" "Mozilla/5.0 (Linux; Android 7.0;) AppleWebKit/537.36 (KHTML, like Gecko) Mobile Safari/537.36 (compatible; PetalBot;+https://webmaster.petalsearch.com/site/petalbot)" 1172 **1/1172539**
68.178.198.34 - - [15/Sep/2025:06:11:50 -0700] "POST /wp-cron.php?doing_wp_cron=1757941910.6233949661254882812500 HTTP/1.1" 200 - "-" "WordPress/6.8.2; https://www.sapphirepackaging.in" 40 **0/40012**
114.119.135.163 - - [15/Sep/2025:06:11:49 -0700] "GET /product-category/corrugated-box/top-bottom-boxes/?per_page=24&shop_view=grid&per_row=4 HTTP/1.1" 200 23759 "https://www.sapphirepackaging.in/product-category/corrugated-box/top-bottom-boxes/?per_page=24&shop_view=list" "Mozilla/5.0 (Linux; Android 7.0;) AppleWebKit/537.36 (KHTML, like Gecko) Mobile Safari/537.36 (compatible; PetalBot;+https://webmaster.petalsearch.com/site/petalbot)" 1917 **1/1917137**
68.178.198.34 - - [15/Sep/2025:06:13:27 -0700] "POST /wp-cron.php?doing_wp_cron=1757942007.9451808929443359375000 HTTP/1.1" 200 - "-" "WordPress/6.8.2; https://www.sapphirepackaging.in" 51 **0/51200**
114.119.152.164 - - [15/Sep/2025:06:13:25 -0700] "GET /product-category/corrugated-box/pizza-box/?per_row=3&per_page=24&shop_view=list HTTP/1.1" 200 24223 "https://www.sapphirepackaging.in/product-category/corrugated-box/pizza-box/?per_page=24&shop_view=grid&per_row=3" "Mozilla/5.0 (Linux; Android 7.0;) AppleWebKit/537.36 (KHTML, like Gecko) Mobile Safari/537.36 (compatible; PetalBot;+https://webmaster.petalsearch.com/site/petalbot)" 2899 **2/2899541**
68.178.198.34 - - [15/Sep/2025:06:14:51 -0700] "POST /wp-cron.php?doing_wp_cron=1757942091.7517819404602050781250 HTTP/1.1" 200 - "-" "WordPress/6.8.2; https://www.sapphirepackaging.in" 36 **0/36423**
114.119.157.234 - - [15/Sep/2025:06:14:50 -0700] "GET /product-category/mono-cartons/cosmetics-boxes/?per_row=4&shop_view=grid&per_page=9 HTTP/1.1" 200 23939 "https://www.sapphirepackaging.in/product-category/mono-cartons/cosmetics-boxes/?per_row=4&shop_view=grid&per_page=9" "Mozilla/5.0 (Linux; Android 7.0;) AppleWebKit/537.36 (KHTML, like Gecko) Mobile Safari/537.36 (compatible; PetalBot;+https://webmaster.petalsearch.com/site/petalbot)" 1177 **1/1177374**
68.178.198.34 - - [15/Sep/2025:06:16:15 -0700] "POST /wp-cron.php?doing_wp_cron=1757942175.5241739749908447265625 HTTP/1.1" 200 - "-" "WordPress/6.8.2; https://www.sapphirepackaging.in" 19 **0/19966**
114.119.134.208 - - [15/Sep/2025:06:16:14 -0700] "GET /product-category/mono-cartons/?per_row=3&per_page=9&shop_view=grid HTTP/1.1" 200 24507 "https://www.sapphirepackaging.in/product-category/mono-cartons/?per_row=3&per_page=24&shop_view=grid" "Mozilla/5.0 (Linux; Android 7.0;) AppleWebKit/537.36 (KHTML, like Gecko) Mobile Safari/537.36 (compatible; PetalBot;+https://webmaster.petalsearch.com/site/petalbot)" 1060 **1/1060676**
68.178.198.34 - - [15/Sep/2025:06:17:50 -0700] "POST /wp-cron.php?doing_wp_cron=1757942270.3010609149932861328125 HTTP/1.1" 200 - "-" "WordPress/6.8.2; https://www.sapphirepackaging.in" 73 **0/73376**
114.119.143.187 - - [15/Sep/2025:06:17:49 -0700] "GET /product-category/corrugated-box/pizza-box/?shop_view=list&per_page=18 HTTP/1.1" 200 24207 "https://www.sapphirepackaging.in/product-category/corrugated-box/pizza-box/?shop_view=list" "Mozilla/5.0 (Linux; Android 7.0;) AppleWebKit/537.36 (KHTML, like Gecko) Mobile Safari/537.36 (compatible; PetalBot;+https://webmaster.petalsearch.com/site/petalbot)" 1779 **1/1779996**
68.178.198.34 - - [15/Sep/2025:06:20:38 -0700] "POST /wp-cron.php?doing_wp_cron=1757942438.4827940464019775390625 HTTP/1.1" 200 - "-" "WordPress/6.8.2; https://sapphirepackaging.in" 31 **0/31292**
3.16.168.6 - - [15/Sep/2025:06:20:37 -0700] "GET / HTTP/1.1" 200 37954 "-" "Mozilla/5.0 (Windows NT 10.0; Win64; x64) AppleWebKit/537.36 (KHTML, like Gecko) Chrome/116.0.5845.96 Safari/537.36 Googlebot/2.1" 2850 **2/2850727**
54.39.89.156 - - [15/Sep/2025:06:20:51 -0700] "GET /sitemap.rss HTTP/2.0" 200 1076 "-" "Mozilla/5.0 (compatible; AhrefsBot/7.0; +http://ahrefs.com/robot/)" 3047 **3/3047594**
68.178.198.34 - - [15/Sep/2025:06:21:15 -0700] "POST /wp-cron.php?doing_wp_cron=1757942475.9831590652465820312500 HTTP/1.1" 200 - "-" "WordPress/6.8.2; https://www.sapphirepackaging.in" 30 **0/30783**
114.119.157.206 - - [15/Sep/2025:06:21:15 -0700] "GET /product-category/corrugated-box/handle-boxes/?per_page=12&shop_view=grid&per_row=4 HTTP/1.1" 200 23936 "https://www.sapphirepackaging.in/product-category/corrugated-box/handle-boxes/?per_page=12" "Mozilla/5.0 (Linux; Android 7.0;) AppleWebKit/537.36 (KHTML, like Gecko) Mobile Safari/537.36 (compatible; PetalBot;+https://webmaster.petalsearch.com/site/petalbot)" 2631 **2/2631231**
114.119.157.234 - - [15/Sep/2025:06:22:03 -0700] "GET /product-category/corrugated-box/handle-boxes/?per_row=3&shop_view=grid&per_page=18 HTTP/1.1" 200 23932 "https://www.sapphirepackaging.in/product-category/corrugated-box/handle-boxes/?per_row=3&shop_view=grid" "Mozilla/5.0 (Linux; Android 7.0;) AppleWebKit/537.36 (KHTML, like Gecko) Mobile Safari/537.36 (compatible; PetalBot;+https://webmaster.petalsearch.com/site/petalbot)" 2465 **2/2465915**
68.178.198.34 - - [15/Sep/2025:06:23:36 -0700] "POST /wp-cron.php?doing_wp_cron=1757942615.9790239334106445312500 HTTP/1.1" 200 - "-" "WordPress/6.8.2; https://www.sapphirepackaging.in" 34 **0/34242**
114.119.139.26 - - [15/Sep/2025:06:23:34 -0700] "GET /product-category/corrugated-box/page/1/?shop_view=list&per_page=9 HTTP/1.1" 301 - "https://www.sapphirepackaging.in/product-category/corrugated-box/page/2/?shop_view=list&per_page=9" "Mozilla/5.0 (Linux; Android 7.0;) AppleWebKit/537.36 (KHTML, like Gecko) Mobile Safari/537.36 (compatible; PetalBot;+https://webmaster.petalsearch.com/site/petalbot)" 1653 **1/1653519**
68.178.198.34 - - [15/Sep/2025:06:29:13 -0700] "POST /wp-cron.php?doing_wp_cron=1757942953.8713240623474121093750 HTTP/1.1" 200 - "-" "WordPress/6.8.2; https://www.sapphirepackaging.in" 23 **0/23215**
114.119.152.164 - - [15/Sep/2025:06:29:13 -0700] "GET /product-category/mono-cartons/cosmetics-boxes/?per_row=4&per_page=18&shop_view=grid HTTP/1.1" 200 23936 "https://www.sapphirepackaging.in/product-category/mono-cartons/cosmetics-boxes/?per_row=3&per_page=18&shop_view=grid" "Mozilla/5.0 (Linux; Android 7.0;) AppleWebKit/537.36 (KHTML, like Gecko) Mobile Safari/537.36 (compatible; PetalBot;+https://webmaster.petalsearch.com/site/petalbot)" 1030 **1/1030804**
68.178.198.34 - - [15/Sep/2025:06:30:06 -0700] "POST /wp-cron.php?doing_wp_cron=1757943006.6160099506378173828125 HTTP/1.1" 200 - "-" "WordPress/6.8.2; https://sapphirepackaging.in" 26 **0/26339**
5.161.201.188 - - [15/Sep/2025:06:30:05 -0700] "POST /wp-load.php?407096=48753 HTTP/1.1" 200 - "-" "Mozilla/5.0 (Windows NT 10.0; Win64; x64) AppleWebKit/537.36 (KHTML, like Gecko) Chrome/104.0.5112.97 Safari/537.36" 1044 **1/1044929**
68.178.198.34 - - [15/Sep/2025:06:30:58 -0700] "POST /wp-cron.php?doing_wp_cron=1757943058.8648829460144042968750 HTTP/1.1" 200 - "-" "WordPress/6.8.2; https://www.sapphirepackaging.in" 22 **0/22077**
114.119.142.232 - - [15/Sep/2025:06:30:58 -0700] "GET /product-category/corrugated-box/partition-boxes/?shop_view=list&per_page=12 HTTP/1.1" 200 24271 "https://www.sapphirepackaging.in/product-category/corrugated-box/partition-boxes/?shop_view=list" "Mozilla/5.0 (Linux; Android 7.0;) AppleWebKit/537.36 (KHTML, like Gecko) Mobile Safari/537.36 (compatible; PetalBot;+https://webmaster.petalsearch.com/site/petalbot)" 1005 **1/1005861**
68.178.198.34 - - [15/Sep/2025:06:35:15 -0700] "POST /wp-cron.php?doing_wp_cron=1757943315.5733709335327148437500 HTTP/1.1" 200 - "-" "WordPress/6.8.2; https://www.sapphirepackaging.in" 71 **0/71975**
114.119.142.232 - - [15/Sep/2025:06:35:13 -0700] "GET /product-category/corrugated-box/flat-mailer-style/?per_row=3&shop_view=list&per_page=24 HTTP/1.1" 200 24291 "https://www.sapphirepackaging.in/product-category/corrugated-box/flat-mailer-style/?per_row=3&shop_view=list" "Mozilla/5.0 (Linux; Android 7.0;) AppleWebKit/537.36 (KHTML, like Gecko) Mobile Safari/537.36 (compatible; PetalBot;+https://webmaster.petalsearch.com/site/petalbot)" 3996 **3/3996610**
68.178.198.34 - - [15/Sep/2025:06:36:32 -0700] "POST /wp-cron.php?doing_wp_cron=1757943392.4988379478454589843750 HTTP/1.1" 200 - "-" "WordPress/6.8.2; https://sapphirepackaging.in" 23 **0/23289**
52.230.163.43 - - [15/Sep/2025:06:36:31 -0700] "GET / HTTP/2.0" 200 31908 "-" "Mozilla/5.0 AppleWebKit/537.36 (KHTML, like Gecko); compatible; ChatGPT-User/1.0; +https://openai.com/bot" 1603 **1/1603488**
68.178.198.34 - - [15/Sep/2025:06:40:06 -0700] "POST /wp-cron.php?doing_wp_cron=1757943606.6114649772644042968750 HTTP/1.1" 200 - "-" "WordPress/6.8.2; https://www.sapphirepackaging.in" 26 **0/26824**
114.119.143.187 - - [15/Sep/2025:06:40:05 -0700] "GET /product-category/corrugated-box/handle-boxes/?shop_view=grid&per_row=3 HTTP/1.1" 200 23916 "https://www.sapphirepackaging.in/product-category/corrugated-box/handle-boxes/?shop_view=list" "Mozilla/5.0 (Linux; Android 7.0;) AppleWebKit/537.36 (KHTML, like Gecko) Mobile Safari/537.36 (compatible; PetalBot;+https://webmaster.petalsearch.com/site/petalbot)" 1797 **1/1797884**
68.178.198.34 - - [15/Sep/2025:06:43:35 -0700] "POST /wp-cron.php?doing_wp_cron=1757943815.6824550628662109375000 HTTP/1.1" 200 - "-" "WordPress/6.8.2; https://www.sapphirepackaging.in" 37 **0/37820**
114.119.157.234 - - [15/Sep/2025:06:43:32 -0700] "GET /all-products/?per_page=18&shop_view=grid&per_row=3 HTTP/1.1" 200 28259 "https://www.sapphirepackaging.in/all-products/?shop_view=list&per_page=18" "Mozilla/5.0 (Linux; Android 7.0;) AppleWebKit/537.36 (KHTML, like Gecko) Mobile Safari/537.36 (compatible; PetalBot;+https://webmaster.petalsearch.com/site/petalbot)" 8146 **8/8146516**
68.178.198.34 - - [15/Sep/2025:06:45:11 -0700] "POST /wp-cron.php?doing_wp_cron=1757943911.0060470104217529296875 HTTP/1.1" 200 - "-" "WordPress/6.8.2; https://sapphirepackaging.in" 219 **0/219197**
66.249.74.9 - - [15/Sep/2025:06:45:01 -0700] "GET /shopdetail/5093847 HTTP/1.1" 404 18094 "-" "Mozilla/5.0 (Linux; Android 6.0.1; Nexus 5X Build/MMB29P) AppleWebKit/537.36 (KHTML, like Gecko) Chrome/140.0.7339.127 Mobile Safari/537.36 (compatible; Googlebot/2.1; +http://www.google.com/bot.html)" 12353 **12/12353043**
68.178.198.34 - - [15/Sep/2025:06:46:39 -0700] "POST /wp-cron.php?doing_wp_cron=1757943999.0297789573669433593750 HTTP/1.1" 200 - "-" "WordPress/6.8.2; https://sapphirepackaging.in" 24 **0/24382**
77.74.177.114 - - [15/Sep/2025:06:46:38 -0700] "GET / HTTP/1.1" 200 37955 "-" "Mozilla/5.0 (Linux; arm_64; Android 12; CPH2205) AppleWebKit/537.36 (KHTML, like Gecko) Chrome/110.0.0.0 YaBrowser/23.3.3.86.00 SA/3 Mobile Safari/537.36" 1690 **1/1690650**
68.178.198.34 - - [15/Sep/2025:06:47:23 -0700] "POST /wp-cron.php?doing_wp_cron=1757944043.4721369743347167968750 HTTP/1.1" 200 - "-" "WordPress/6.8.2; https://www.sapphirepackaging.in" 22 **0/22835**
114.119.157.206 - - [15/Sep/2025:06:47:22 -0700] "GET /all-products/?per_row=3&shop_view=list&per_page=18 HTTP/1.1" 200 33635 "https://www.sapphirepackaging.in/all-products/page/2/?per_row=3&shop_view=list" "Mozilla/5.0 (Linux; Android 7.0;) AppleWebKit/537.36 (KHTML, like Gecko) Mobile Safari/537.36 (compatible; PetalBot;+https://webmaster.petalsearch.com/site/petalbot)" 1415 **1/1415655**
68.178.198.34 - - [15/Sep/2025:06:52:57 -0700] "POST /wp-cron.php?doing_wp_cron=1757944377.8607180118560791015625 HTTP/1.1" 200 - "-" "WordPress/6.8.2; https://www.sapphirepackaging.in" 24 **0/24539**
114.119.152.164 - - [15/Sep/2025:06:52:57 -0700] "GET /product-category/mono-cartons/tissue-boxes/?per_row=4&shop_view=list&per_page=12 HTTP/1.1" 200 24299 "https://www.sapphirepackaging.in/product-category/mono-cartons/tissue-boxes/?per_row=4&shop_view=list" "Mozilla/5.0 (Linux; Android 7.0;) AppleWebKit/537.36 (KHTML, like Gecko) Mobile Safari/537.36 (compatible; PetalBot;+https://webmaster.petalsearch.com/site/petalbot)" 1222 **1/1222782**
68.178.198.34 - - [15/Sep/2025:06:59:57 -0700] "POST /wp-cron.php?doing_wp_cron=1757944797.1446969509124755859375 HTTP/1.1" 200 - "-" "WordPress/6.8.2; https://www.sapphirepackaging.in" 22 **0/22346**
114.119.142.232 - - [15/Sep/2025:06:59:56 -0700] "GET /product-category/mono-cartons/perfume-boxes/?per_row=4&per_page=24&shop_view=grid HTTP/1.1" 200 23876 "https://www.sapphirepackaging.in/product-category/mono-cartons/perfume-boxes/?per_row=3&per_page=24&shop_view=list" "Mozilla/5.0 (Linux; Android 7.0;) AppleWebKit/537.36 (KHTML, like Gecko) Mobile Safari/537.36 (compatible; PetalBot;+https://webmaster.petalsearch.com/site/petalbot)" 1208 **1/1208632**
69.171.249.1 - - [15/Sep/2025:07:00:52 -0700] "GET /robots.txt HTTP/2.0" 206 1022 "-" "facebookexternalhit/1.1 (+http://www.facebook.com/externalhit_uatext.php)" 8 **0/8106**
68.178.198.34 - - [15/Sep/2025:07:01:08 -0700] "POST /wp-cron.php?doing_wp_cron=1757944868.4025759696960449218750 HTTP/1.1" 200 - "-" "WordPress/6.8.2; https://www.sapphirepackaging.in" 25 **0/25040**
114.119.134.208 - - [15/Sep/2025:07:01:07 -0700] "GET /product-category/corrugated-box/footwear-inner-boxes/?per_row=3&per_page=9&shop_view=list HTTP/1.1" 200 24272 "https://www.sapphirepackaging.in/product-category/corrugated-box/footwear-inner-boxes/?per_row=3&per_page=18&shop_view=list" "Mozilla/5.0 (Linux; Android 7.0;) AppleWebKit/537.36 (KHTML, like Gecko) Mobile Safari/537.36 (compatible; PetalBot;+https://webmaster.petalsearch.com/site/petalbot)" 1265 **1/1265240**
114.119.134.208 - - [15/Sep/2025:07:02:03 -0700] "GET /product-category/corrugated-box/?per_row=4&shop_view=list&per_page=24 HTTP/1.1" 200 30184 "https://www.sapphirepackaging.in/product-category/corrugated-box/?per_row=4&shop_view=list" "Mozilla/5.0 (Linux; Android 7.0;) AppleWebKit/537.36 (KHTML, like Gecko) Mobile Safari/537.36 (compatible; PetalBot;+https://webmaster.petalsearch.com/site/petalbot)" 1445 **1/1445921**
68.178.198.34 - - [15/Sep/2025:07:05:23 -0700] "POST /wp-cron.php?doing_wp_cron=1757945123.8533949851989746093750 HTTP/1.1" 200 - "-" "WordPress/6.8.2; https://sapphirepackaging.in" 28 **0/28640**
114.119.157.234 - - [15/Sep/2025:07:05:23 -0700] "GET /product-category/perfume-liner-inserts/off-white-shade-liners/?per_page=18&shop_view=grid&per_row=3 HTTP/1.1" 200 23426 "https://sapphirepackaging.in/product-category/perfume-liner-inserts/off-white-shade-liners/?per_page=18&shop_view=list" "Mozilla/5.0 (Linux; Android 7.0;) AppleWebKit/537.36 (KHTML, like Gecko) Mobile Safari/537.36 (compatible; PetalBot;+https://webmaster.petalsearch.com/site/petalbot)" 1240 **1/1240771**
68.178.198.34 - - [15/Sep/2025:07:06:11 -0700] "POST /wp-cron.php?doing_wp_cron=1757945171.9492650032043457031250 HTTP/1.1" 200 - "-" "WordPress/6.8.2; https://sapphirepackaging.in" 34 **0/34137**
114.119.142.232 - - [15/Sep/2025:07:06:11 -0700] "GET /product-category/perfume-liner-inserts/black-shade-liners/?per_page=9 HTTP/1.1" 200 23382 "https://sapphirepackaging.in/product-category/perfume-liner-inserts/black-shade-liners/?per_page=18" "Mozilla/5.0 (Linux; Android 7.0;) AppleWebKit/537.36 (KHTML, like Gecko) Mobile Safari/537.36 (compatible; PetalBot;+https://webmaster.petalsearch.com/site/petalbot)" 1454 **1/1454946**
68.178.198.34 - - [15/Sep/2025:07:07:48 -0700] "POST /wp-cron.php?doing_wp_cron=1757945268.1878070831298828125000 HTTP/1.1" 200 - "-" "WordPress/6.8.2; https://sapphirepackaging.in" 20 **0/20845**
114.119.142.232 - - [15/Sep/2025:07:07:47 -0700] "GET /product-category/mono-cartons/perfume-boxes/?shop_view=list HTTP/1.1" 200 23796 "https://sapphirepackaging.in/product-category/mono-cartons/perfume-boxes/?shop_view=list" "Mozilla/5.0 (Linux; Android 7.0;) AppleWebKit/537.36 (KHTML, like Gecko) Mobile Safari/537.36 (compatible; PetalBot;+https://webmaster.petalsearch.com/site/petalbot)" 908 **0/908166**
68.178.198.34 - - [15/Sep/2025:07:09:19 -0700] "POST /wp-cron.php?doing_wp_cron=1757945359.1727519035339355468750 HTTP/1.1" 200 - "-" "WordPress/6.8.2; https://www.sapphirepackaging.in" 24 **0/24029**
114.119.139.26 - - [15/Sep/2025:07:09:18 -0700] "GET /product-category/perfume-liner-inserts/black-shade-liners/?per_page=9&shop_view=grid&per_row=4 HTTP/1.1" 200 23866 "https://www.sapphirepackaging.in/product-category/perfume-liner-inserts/black-shade-liners/?per_page=9&shop_view=grid&per_row=4" "Mozilla/5.0 (Linux; Android 7.0;) AppleWebKit/537.36 (KHTML, like Gecko) Mobile Safari/537.36 (compatible; PetalBot;+https://webmaster.petalsearch.com/site/petalbot)" 1026 **1/1026151**
43.135.185.59 - - [15/Sep/2025:07:11:51 -0700] "GET / HTTP/1.1" 200 37952 "http://sapphirepackaging.in" "Mozilla/5.0 (iPhone; CPU iPhone OS 13_2_3 like Mac OS X) AppleWebKit/605.1.15 (KHTML, like Gecko) Version/13.0.3 Mobile/15E148 Safari/604.1" 1787 **1/1787549**
114.119.157.234 - - [15/Sep/2025:07:12:26 -0700] "GET /product-category/corrugated-box/footwear-inner-boxes/?shop_view=list&per_page=24 HTTP/1.1" 200 24258 "https://www.sapphirepackaging.in/product-category/corrugated-box/footwear-inner-boxes/?shop_view=list" "Mozilla/5.0 (Linux; Android 7.0;) AppleWebKit/537.36 (KHTML, like Gecko) Mobile Safari/537.36 (compatible; PetalBot;+https://webmaster.petalsearch.com/site/petalbot)" 2738 **2/2738666**
68.178.198.34 - - [15/Sep/2025:07:13:51 -0700] "POST /wp-cron.php?doing_wp_cron=1757945631.7944810390472412109375 HTTP/1.1" 200 - "-" "WordPress/6.8.2; https://sapphirepackaging.in" 22 **0/22935**
114.119.152.164 - - [15/Sep/2025:07:13:51 -0700] "GET /product/handle-boxes/ HTTP/1.1" 200 28896 "https://sapphirepackaging.in/product-category/corrugated-box/footwear-inner-boxes/?per_row=4&shop_view=list&per_page=9" "Mozilla/5.0 (Linux; Android 7.0;) AppleWebKit/537.36 (KHTML, like Gecko) Mobile Safari/537.36 (compatible; PetalBot;+https://webmaster.petalsearch.com/site/petalbot)" 1327 **1/1327884**
68.178.198.34 - - [15/Sep/2025:07:16:08 -0700] "POST /wp-cron.php?doing_wp_cron=1757945768.2309079170227050781250 HTTP/1.1" 200 - "-" "WordPress/6.8.2; https://sapphirepackaging.in" 27 **0/27018**
114.119.142.232 - - [15/Sep/2025:07:16:07 -0700] "GET /product-category/mono-cartons/perfume-boxes/?per_row=4&shop_view=grid&per_page=9 HTTP/1.1" 200 23426 "https://sapphirepackaging.in/product-category/mono-cartons/perfume-boxes/?per_row=4&shop_view=grid" "Mozilla/5.0 (Linux; Android 7.0;) AppleWebKit/537.36 (KHTML, like Gecko) Mobile Safari/537.36 (compatible; PetalBot;+https://webmaster.petalsearch.com/site/petalbot)" 1212 **1/1212095**
66.249.73.5 - - [15/Sep/2025:07:17:43 -0700] "GET /robots.txt HTTP/1.1" 200 361 "-" "Mozilla/5.0 (compatible; Googlebot/2.1; +http://www.google.com/bot.html)" 7 **0/7677**
66.249.73.5 - - [15/Sep/2025:07:17:43 -0700] "GET /wp-content/uploads/2025/04/3-5.jpg HTTP/1.1" 200 1988739 "-" "Googlebot-Image/1.0" 135 **0/135590**
68.178.198.34 - - [15/Sep/2025:07:17:52 -0700] "POST /wp-cron.php?doing_wp_cron=1757945872.5067300796508789062500 HTTP/1.1" 200 - "-" "WordPress/6.8.2; https://www.sapphirepackaging.in" 23 **0/23068**
114.119.152.164 - - [15/Sep/2025:07:17:51 -0700] "GET /product-category/mono-cartons/perfume-boxes/?shop_view=list&per_page=12 HTTP/1.1" 200 24260 "https://www.sapphirepackaging.in/product-category/mono-cartons/perfume-boxes/?shop_view=list" "Mozilla/5.0 (Linux; Android 7.0;) AppleWebKit/537.36 (KHTML, like Gecko) Mobile Safari/537.36 (compatible; PetalBot;+https://webmaster.petalsearch.com/site/petalbot)" 914 **0/914169**
68.178.198.34 - - [15/Sep/2025:07:19:11 -0700] "POST /wp-cron.php?doing_wp_cron=1757945951.3843441009521484375000 HTTP/1.1" 200 - "-" "WordPress/6.8.2; https://www.sapphirepackaging.in" 26 **0/26572**
114.119.142.232 - - [15/Sep/2025:07:19:10 -0700] "GET /product-category/corrugated-box/handle-boxes/?per_page=24 HTTP/1.1" 200 23894 "https://www.sapphirepackaging.in/product-category/corrugated-box/handle-boxes/?per_page=12" "Mozilla/5.0 (Linux; Android 7.0;) AppleWebKit/537.36 (KHTML, like Gecko) Mobile Safari/537.36 (compatible; PetalBot;+https://webmaster.petalsearch.com/site/petalbot)" 1271 **1/1271166**
68.178.198.34 - - [15/Sep/2025:07:20:52 -0700] "POST /wp-cron.php?doing_wp_cron=1757946052.2806210517883300781250 HTTP/1.1" 200 - "-" "WordPress/6.8.2; https://sapphirepackaging.in" 23 **0/23683**
114.119.157.234 - - [15/Sep/2025:07:20:51 -0700] "GET /product-category/perfume-liner-inserts/colored-liners/?shop_view=list&per_page=24 HTTP/1.1" 200 23597 "https://sapphirepackaging.in/product-category/perfume-liner-inserts/colored-liners/?shop_view=list" "Mozilla/5.0 (Linux; Android 7.0;) AppleWebKit/537.36 (KHTML, like Gecko) Mobile Safari/537.36 (compatible; PetalBot;+https://webmaster.petalsearch.com/site/petalbot)" 1193 **1/1193395**
68.178.198.34 - - [15/Sep/2025:07:21:43 -0700] "POST /wp-cron.php?doing_wp_cron=1757946103.9096539020538330078125 HTTP/1.1" 200 - "-" "WordPress/6.8.2; https://sapphirepackaging.in" 23 **0/23008**
114.119.139.26 - - [15/Sep/2025:07:21:43 -0700] "GET /product-category/mono-cartons/perfume-boxes/?per_row=4&per_page=9&shop_view=grid HTTP/1.1" 200 23427 "https://sapphirepackaging.in/product-category/mono-cartons/perfume-boxes/?per_page=12&shop_view=grid&per_row=4" "Mozilla/5.0 (Linux; Android 7.0;) AppleWebKit/537.36 (KHTML, like Gecko) Mobile Safari/537.36 (compatible; PetalBot;+https://webmaster.petalsearch.com/site/petalbot)" 1004 **1/1004201**
68.178.198.34 - - [15/Sep/2025:07:23:42 -0700] "POST /wp-cron.php?doing_wp_cron=1757946222.2079339027404785156250 HTTP/1.1" 200 - "-" "WordPress/6.8.2; https://sapphirepackaging.in" 25 **0/25028**
114.119.134.208 - - [15/Sep/2025:07:23:41 -0700] "GET /product-category/perfume-liner-inserts/off-white-shade-liners/?per_page=9&shop_view=grid&per_row=4 HTTP/1.1" 200 23432 "https://sapphirepackaging.in/product-category/perfume-liner-inserts/off-white-shade-liners/?shop_view=list&per_page=9" "Mozilla/5.0 (Linux; Android 7.0;) AppleWebKit/537.36 (KHTML, like Gecko) Mobile Safari/537.36 (compatible; PetalBot;+https://webmaster.petalsearch.com/site/petalbot)" 1272 **1/1272118**
68.178.198.34 - - [15/Sep/2025:07:24:49 -0700] "POST /wp-cron.php?doing_wp_cron=1757946289.4744839668273925781250 HTTP/1.1" 200 - "-" "WordPress/6.8.2; https://sapphirepackaging.in" 24 **0/24772**
43.155.195.141 - - [15/Sep/2025:07:24:48 -0700] "GET /wp-content/uploads/2025/05/3i-1 HTTP/1.1" 404 97337 "-" "Mozilla/5.0 (iPhone; CPU iPhone OS 13_2_3 like Mac OS X) AppleWebKit/605.1.15 (KHTML, like Gecko) Version/13.0.3 Mobile/15E148 Safari/604.1" 956 **0/956522**
68.178.198.34 - - [15/Sep/2025:07:28:55 -0700] "POST /wp-cron.php?doing_wp_cron=1757946535.4765479564666748046875 HTTP/1.1" 200 - "-" "WordPress/6.8.2; https://sapphirepackaging.in" 22 **0/22231**
114.119.142.232 - - [15/Sep/2025:07:28:54 -0700] "GET /product-category/corrugated-box/window-boxes/?per_page=18&shop_view=grid&per_row=3 HTTP/1.1" 200 23506 "https://sapphirepackaging.in/product-category/corrugated-box/window-boxes/?shop_view=list&per_page=18" "Mozilla/5.0 (Linux; Android 7.0;) AppleWebKit/537.36 (KHTML, like Gecko) Mobile Safari/537.36 (compatible; PetalBot;+https://webmaster.petalsearch.com/site/petalbot)" 1035 **1/1035751**
68.178.198.34 - - [15/Sep/2025:07:30:16 -0700] "POST /wp-cron.php?doing_wp_cron=1757946616.7410330772399902343750 HTTP/1.1" 200 - "-" "WordPress/6.8.2; https://sapphirepackaging.in" 28 **0/28338**
5.161.44.164 - - [15/Sep/2025:07:30:16 -0700] "POST /wp-load.php?2fc1d4=61064 HTTP/1.1" 200 - "-" "Mozilla/5.0 (Windows NT 10.0; Win64; x64) AppleWebKit/537.36 (KHTML, like Gecko) Chrome/104.0.5112.97 Safari/537.36" 807 **0/807256**
68.178.198.34 - - [15/Sep/2025:07:32:02 -0700] "POST /wp-cron.php?doing_wp_cron=1757946722.5313239097595214843750 HTTP/1.1" 200 - "-" "WordPress/6.8.2; https://sapphirepackaging.in" 25 **0/25804**
114.119.152.164 - - [15/Sep/2025:07:32:01 -0700] "GET /product-category/mono-cartons/?shop_view=list&per_page=24 HTTP/1.1" 200 25274 "https://sapphirepackaging.in/product-category/mono-cartons/?shop_view=list" "Mozilla/5.0 (Linux; Android 7.0;) AppleWebKit/537.36 (KHTML, like Gecko) Mobile Safari/537.36 (compatible; PetalBot;+https://webmaster.petalsearch.com/site/petalbot)" 1508 **1/1508358**
68.178.198.34 - - [15/Sep/2025:07:34:20 -0700] "POST /wp-cron.php?doing_wp_cron=1757946860.3207180500030517578125 HTTP/1.1" 200 - "-" "WordPress/6.8.2; https://sapphirepackaging.in" 22 **0/22493**
114.119.143.187 - - [15/Sep/2025:07:34:19 -0700] "GET /product-category/mono-cartons/?per_page=9 HTTP/1.1" 200 24022 "https://sapphirepackaging.in/product-category/mono-cartons/?per_page=9" "Mozilla/5.0 (Linux; Android 7.0;) AppleWebKit/537.36 (KHTML, like Gecko) Mobile Safari/537.36 (compatible; PetalBot;+https://webmaster.petalsearch.com/site/petalbot)" 872 **0/872386**
68.178.198.34 - - [15/Sep/2025:07:35:36 -0700] "POST /deleteme.cha082e0e4b5cd0495d8bac517c69229b00.php?n=1&m=4 HTTP/2.0" 200 3406 "-" "Installatron Plugin/9.1.62/408" 342 **0/342362**
68.178.198.34 - - [15/Sep/2025:07:35:37 -0700] "POST /wp-cron.php?doing_wp_cron=1757946937.0950870513916015625000 HTTP/1.1" 200 - "-" "WordPress/6.8.2; https://sapphirepackaging.in" 31 **0/31942**
68.178.198.34 - - [15/Sep/2025:07:35:36 -0700] "POST /deleteme.wpc0f10b7170a843458f2ee2669a9c2141.php HTTP/2.0" 200 15563 "-" "Mozilla/5.0 (Macintosh; Intel Mac OS X 10.15; rv:79.0) Gecko/20100101 Firefox/79.0" 883 **0/883965**
43.159.136.201 - - [15/Sep/2025:07:36:06 -0700] "GET /wp-content/uploads/2025/06/logo.mp4 HTTP/1.1" 200 14523006 "-" "Mozilla/5.0 (iPhone; CPU iPhone OS 13_2_3 like Mac OS X) AppleWebKit/605.1.15 (KHTML, like Gecko) Version/13.0.3 Mobile/15E148 Safari/604.1" 598 **0/598156**
68.178.198.34 - - [15/Sep/2025:07:36:32 -0700] "POST /wp-cron.php?doing_wp_cron=1757946992.8914670944213867187500 HTTP/1.1" 200 - "-" "WordPress/6.8.2; https://sapphirepackaging.in" 32 **0/32604**
114.119.152.164 - - [15/Sep/2025:07:36:32 -0700] "GET /product-category/mono-cartons/perfume-boxes/?per_row=3&shop_view=grid&per_page=9 HTTP/1.1" 200 23425 "https://sapphirepackaging.in/product-category/mono-cartons/perfume-boxes/?shop_view=grid&per_row=3" "Mozilla/5.0 (Linux; Android 7.0;) AppleWebKit/537.36 (KHTML, like Gecko) Mobile Safari/537.36 (compatible; PetalBot;+https://webmaster.petalsearch.com/site/petalbot)" 1423 **1/1423823**
68.178.198.34 - - [15/Sep/2025:07:36:42 -0700] "POST /deleteme.wp90ecbdb55ff549b7ba76516222708d39.php HTTP/2.0" 200 15563 "-" "Mozilla/5.0 (Macintosh; Intel Mac OS X 10.15; rv:79.0) Gecko/20100101 Firefox/79.0" 736 **0/736677**
68.178.198.34 - - [15/Sep/2025:07:37:58 -0700] "POST /wp-cron.php?doing_wp_cron=1757947078.5762770175933837890625 HTTP/1.1" 200 - "-" "WordPress/6.8.2; https://sapphirepackaging.in" 27 **0/27469**
114.119.152.164 - - [15/Sep/2025:07:37:57 -0700] "GET /product-category/corrugated-box/universal-style-4-flaps/?per_row=3&per_page=18&shop_view=grid HTTP/1.1" 200 23533 "https://sapphirepackaging.in/product-category/corrugated-box/universal-style-4-flaps/?per_row=3&shop_view=grid&per_page=18" "Mozilla/5.0 (Linux; Android 7.0;) AppleWebKit/537.36 (KHTML, like Gecko) Mobile Safari/537.36 (compatible; PetalBot;+https://webmaster.petalsearch.com/site/petalbot)" 1332 **1/1332012**
68.178.198.34 - - [15/Sep/2025:07:39:58 -0700] "POST /wp-cron.php?doing_wp_cron=1757947198.5713369846343994140625 HTTP/1.1" 200 - "-" "WordPress/6.8.2; https://sapphirepackaging.in" 34 **0/34004**
114.119.143.187 - - [15/Sep/2025:07:39:55 -0700] "GET /product-category/corrugated-box/tuck-in-boxes/?per_row=4&shop_view=list HTTP/1.1" 200 23943 "https://sapphirepackaging.in/product-category/corrugated-box/tuck-in-boxes/?shop_view=grid&per_row=4" "Mozilla/5.0 (Linux; Android 7.0;) AppleWebKit/537.36 (KHTML, like Gecko) Mobile Safari/537.36 (compatible; PetalBot;+https://webmaster.petalsearch.com/site/petalbot)" 3204 **3/3204992**
68.178.198.34 - - [15/Sep/2025:07:42:03 -0700] "POST /wp-cron.php?doing_wp_cron=1757947323.0160179138183593750000 HTTP/1.1" 200 - "-" "WordPress/6.8.2; https://sapphirepackaging.in" 31 **0/31526**
114.119.135.163 - - [15/Sep/2025:07:42:01 -0700] "GET /product-category/corrugated-box/universal-style-4-flaps/?per_page=9&shop_view=grid&per_row=4 HTTP/1.1" 200 23540 "https://sapphirepackaging.in/product-category/corrugated-box/universal-style-4-flaps/?per_page=9&shop_view=list" "Mozilla/5.0 (Linux; Android 7.0;) AppleWebKit/537.36 (KHTML, like Gecko) Mobile Safari/537.36 (compatible; PetalBot;+https://webmaster.petalsearch.com/site/petalbot)" 1862 **1/1862676**
68.178.198.34 - - [15/Sep/2025:07:46:03 -0700] "POST /wp-cron.php?doing_wp_cron=1757947563.6668419837951660156250 HTTP/1.1" 200 - "-" "WordPress/6.8.2; https://sapphirepackaging.in" 27 **0/27368**
43.153.7.191 - - [15/Sep/2025:07:46:02 -0700] "GET /product-category/corrugated-box/top-bottom-boxes/ HTTP/1.1" 200 23266 "-" "Mozilla/5.0 (iPhone; CPU iPhone OS 13_2_3 like Mac OS X) AppleWebKit/605.1.15 (KHTML, like Gecko) Version/13.0.3 Mobile/15E148 Safari/604.1" 1526 **1/1526803**
68.178.198.34 - - [15/Sep/2025:07:48:58 -0700] "POST /wp-cron.php?doing_wp_cron=1757947738.4298019409179687500000 HTTP/1.1" 200 - "-" "WordPress/6.8.2; https://www.sapphirepackaging.in" 20 **0/20640**
148.113.128.28 - - [15/Sep/2025:07:48:57 -0700] "GET /product/tissue-box/ HTTP/2.0" 200 24936 "-" "Mozilla/5.0 (compatible; AhrefsBot/7.0; +http://ahrefs.com/robot/)" 1258 **1/1258280**
68.178.198.34 - - [15/Sep/2025:07:53:58 -0700] "POST /wp-cron.php?doing_wp_cron=1757948038.8116040229797363281250 HTTP/1.1" 200 - "-" "WordPress/6.8.2; https://www.sapphirepackaging.in" 19 **0/19711**
114.119.135.163 - - [15/Sep/2025:07:53:58 -0700] "GET /product-category/mono-cartons/perfume-boxes/?shop_view=list&per_page=18 HTTP/1.1" 200 24258 "https://www.sapphirepackaging.in/product-category/mono-cartons/perfume-boxes/?shop_view=list" "Mozilla/5.0 (Linux; Android 7.0;) AppleWebKit/537.36 (KHTML, like Gecko) Mobile Safari/537.36 (compatible; PetalBot;+https://webmaster.petalsearch.com/site/petalbot)" 1263 **1/1263497**
68.178.198.34 - - [15/Sep/2025:07:56:52 -0700] "POST /wp-cron.php?doing_wp_cron=1757948212.4730060100555419921875 HTTP/1.1" 200 - "-" "WordPress/6.8.2; https://sapphirepackaging.in" 43 **0/43088**
114.119.157.234 - - [15/Sep/2025:07:56:51 -0700] "GET /product-category/mono-cartons/cosmetics-boxes/?per_row=3&shop_view=list&per_page=12 HTTP/1.1" 200 23892 "https://sapphirepackaging.in/product-category/mono-cartons/cosmetics-boxes/?per_row=3&shop_view=list" "Mozilla/5.0 (Linux; Android 7.0;) AppleWebKit/537.36 (KHTML, like Gecko) Mobile Safari/537.36 (compatible; PetalBot;+https://webmaster.petalsearch.com/site/petalbot)" 1587 **1/1587216**
68.178.198.34 - - [15/Sep/2025:07:57:54 -0700] "POST /wp-cron.php?doing_wp_cron=1757948274.7180120944976806640625 HTTP/1.1" 200 - "-" "WordPress/6.8.2; https://sapphirepackaging.in" 24 **0/24287**
68.178.198.34 - - [15/Sep/2025:07:57:54 -0700] "POST /deleteme.wp34bf00bcc8144046ba0ff0c68af54de7.php HTTP/2.0" 200 15563 "-" "Mozilla/5.0 (Macintosh; Intel Mac OS X 10.15; rv:79.0) Gecko/20100101 Firefox/79.0" 779 **0/779566**
68.178.198.34 - - [15/Sep/2025:07:57:55 -0700] "POST /deleteme.wp3057db3863a3478ab5336dd9060892b0.php HTTP/2.0" 200 985 "-" "Mozilla/5.0 (Macintosh; Intel Mac OS X 10.15; rv:79.0) Gecko/20100101 Firefox/79.0" 4331 **4/4331648**
68.178.198.34 - - [15/Sep/2025:07:58:13 -0700] "POST /wp-cron.php?doing_wp_cron=1757948293.4379498958587646484375 HTTP/1.1" 200 - "-" "WordPress/6.8.2; https://sapphirepackaging.in" 17 **0/17757**
114.119.135.163 - - [15/Sep/2025:07:58:12 -0700] "GET /product-category/corrugated-box/tuck-in-boxes/?per_page=12&shop_view=grid&per_row=4 HTTP/1.1" 200 23506 "https://sapphirepackaging.in/product-category/corrugated-box/tuck-in-boxes/?shop_view=list&per_page=12" "Mozilla/5.0 (Linux; Android 7.0;) AppleWebKit/537.36 (KHTML, like Gecko) Mobile Safari/537.36 (compatible; PetalBot;+https://webmaster.petalsearch.com/site/petalbot)" 2402 **2/2402188**
68.178.198.34 - - [15/Sep/2025:08:01:01 -0700] "POST /wp-cron.php?doing_wp_cron=1757948461.2074561119079589843750 HTTP/1.1" 200 - "-" "WordPress/6.8.2; https://sapphirepackaging.in" 31 **0/31375**
114.119.152.164 - - [15/Sep/2025:08:01:00 -0700] "GET /product-category/corrugated-box/tuck-in-boxes/?per_page=9&shop_view=list HTTP/1.1" 200 23907 "https://sapphirepackaging.in/product-category/corrugated-box/tuck-in-boxes/?shop_view=list&per_page=24" "Mozilla/5.0 (Linux; Android 7.0;) AppleWebKit/537.36 (KHTML, like Gecko) Mobile Safari/537.36 (compatible; PetalBot;+https://webmaster.petalsearch.com/site/petalbot)" 1709 **1/1709287**
68.178.198.34 - - [15/Sep/2025:08:01:26 -0700] "POST /wp-cron.php?doing_wp_cron=1757948486.5712859630584716796875 HTTP/1.1" 200 - "-" "WordPress/6.8.2; https://sapphirepackaging.in" 27 **0/27725**
43.134.186.61 - - [15/Sep/2025:08:01:25 -0700] "GET /product-category/corrugated-box/top-bottom-boxes/?per_page=18 HTTP/1.1" 200 23240 "-" "Mozilla/5.0 (iPhone; CPU iPhone OS 13_2_3 like Mac OS X) AppleWebKit/605.1.15 (KHTML, like Gecko) Version/13.0.3 Mobile/15E148 Safari/604.1" 1173 **1/1173319**
68.178.198.34 - - [15/Sep/2025:08:04:20 -0700] "POST /wp-cron.php?doing_wp_cron=1757948660.4484739303588867187500 HTTP/1.1" 200 - "-" "WordPress/6.8.2; https://sapphirepackaging.in" 17 **0/17756**
114.119.134.208 - - [15/Sep/2025:08:04:19 -0700] "GET /product-category/corrugated-box/top-bottom-boxes/?per_row=4&shop_view=list&per_page=9 HTTP/1.1" 200 23593 "https://sapphirepackaging.in/product-category/corrugated-box/top-bottom-boxes/?per_row=4&shop_view=list" "Mozilla/5.0 (Linux; Android 7.0;) AppleWebKit/537.36 (KHTML, like Gecko) Mobile Safari/537.36 (compatible; PetalBot;+https://webmaster.petalsearch.com/site/petalbot)" 905 **0/905981**
68.178.198.34 - - [15/Sep/2025:08:06:14 -0700] "POST /wp-cron.php?doing_wp_cron=1757948774.0890278816223144531250 HTTP/1.1" 200 - "-" "WordPress/6.8.2; https://sapphirepackaging.in" 36 **0/36557**
114.119.157.234 - - [15/Sep/2025:08:06:13 -0700] "GET /product-category/corrugated-box/top-bottom-boxes/?per_row=4&per_page=12&shop_view=grid HTTP/1.1" 200 23284 "https://sapphirepackaging.in/product-category/corrugated-box/top-bottom-boxes/?per_row=4&per_page=18&shop_view=grid" "Mozilla/5.0 (Linux; Android 7.0;) AppleWebKit/537.36 (KHTML, like Gecko) Mobile Safari/537.36 (compatible; PetalBot;+https://webmaster.petalsearch.com/site/petalbot)" 1071 **1/1071682**
68.178.198.34 - - [15/Sep/2025:08:10:51 -0700] "POST /wp-cron.php?doing_wp_cron=1757949051.6898961067199707031250 HTTP/1.1" 200 - "-" "WordPress/6.8.2; https://sapphirepackaging.in" 22 **0/22654**
43.153.113.127 - - [15/Sep/2025:08:10:50 -0700] "GET /product-category/corrugated-box/top-bottom-boxes/?shop_view=grid&per_row=3 HTTP/1.1" 200 23265 "-" "Mozilla/5.0 (iPhone; CPU iPhone OS 13_2_3 like Mac OS X) AppleWebKit/605.1.15 (KHTML, like Gecko) Version/13.0.3 Mobile/15E148 Safari/604.1" 1107 **1/1107729**
68.178.198.34 - - [15/Sep/2025:08:12:21 -0700] "POST /wp-cron.php?doing_wp_cron=1757949141.1896510124206542968750 HTTP/1.1" 200 - "-" "WordPress/6.8.2; https://www.sapphirepackaging.in" 21 **0/21861**
114.119.142.232 - - [15/Sep/2025:08:12:20 -0700] "GET /product-category/perfume-liner-inserts/colored-liners/?per_row=4&shop_view=grid HTTP/1.1" 200 23793 "https://www.sapphirepackaging.in/product-category/perfume-liner-inserts/colored-liners/?per_row=3&shop_view=list" "Mozilla/5.0 (Linux; Android 7.0;) AppleWebKit/537.36 (KHTML, like Gecko) Mobile Safari/537.36 (compatible; PetalBot;+https://webmaster.petalsearch.com/site/petalbot)" 1148 **1/1148591**
68.178.198.34 - - [15/Sep/2025:08:14:08 -0700] "POST /wp-cron.php?doing_wp_cron=1757949248.1796090602874755859375 HTTP/1.1" 200 - "-" "WordPress/6.8.2; https://sapphirepackaging.in" 23 **0/23289**
114.119.139.26 - - [15/Sep/2025:08:14:07 -0700] "GET /product-category/corrugated-box/small-planter-boxes/?shop_view=list&per_page=9 HTTP/1.1" 200 23759 "https://sapphirepackaging.in/product-category/corrugated-box/small-planter-boxes/?shop_view=list&per_page=9" "Mozilla/5.0 (Linux; Android 7.0;) AppleWebKit/537.36 (KHTML, like Gecko) Mobile Safari/537.36 (compatible; PetalBot;+https://webmaster.petalsearch.com/site/petalbot)" 999 **0/999712**
68.178.198.34 - - [15/Sep/2025:08:15:33 -0700] "POST /wp-cron.php?doing_wp_cron=1757949333.7359869480133056640625 HTTP/1.1" 200 - "-" "WordPress/6.8.2; https://sapphirepackaging.in" 22 **0/22140**
114.119.135.163 - - [15/Sep/2025:08:15:33 -0700] "GET /product-category/corrugated-box/small-planter-boxes/?shop_view=grid&per_row=3 HTTP/1.1" 200 23348 "https://sapphirepackaging.in/product-category/corrugated-box/small-planter-boxes/?shop_view=grid&per_row=3" "Mozilla/5.0 (Linux; Android 7.0;) AppleWebKit/537.36 (KHTML, like Gecko) Mobile Safari/537.36 (compatible; PetalBot;+https://webmaster.petalsearch.com/site/petalbot)" 826 **0/826214**
68.178.198.34 - - [15/Sep/2025:08:16:36 -0700] "POST /wp-cron.php?doing_wp_cron=1757949396.3029448986053466796875 HTTP/1.1" 200 - "-" "WordPress/6.8.2; https://sapphirepackaging.in" 20 **0/20658**
114.119.143.187 - - [15/Sep/2025:08:16:35 -0700] "GET /product-category/corrugated-box/small-planter-boxes/?per_row=3&shop_view=list&per_page=9 HTTP/1.1" 200 23779 "https://sapphirepackaging.in/product-category/corrugated-box/small-planter-boxes/?per_row=3&shop_view=list&per_page=9" "Mozilla/5.0 (Linux; Android 7.0;) AppleWebKit/537.36 (KHTML, like Gecko) Mobile Safari/537.36 (compatible; PetalBot;+https://webmaster.petalsearch.com/site/petalbot)" 877 **0/877157**
68.178.198.34 - - [15/Sep/2025:08:18:20 -0700] "POST /wp-cron.php?doing_wp_cron=1757949500.5958330631256103515625 HTTP/1.1" 200 - "-" "WordPress/6.8.2; https://sapphirepackaging.in" 22 **0/22323**
114.119.134.208 - - [15/Sep/2025:08:18:19 -0700] "GET /product-category/corrugated-box/small-planter-boxes/?per_row=3&shop_view=list&per_page=12 HTTP/1.1" 200 23780 "https://sapphirepackaging.in/product-category/corrugated-box/small-planter-boxes/?per_row=3&shop_view=list&per_page=12" "Mozilla/5.0 (Linux; Android 7.0;) AppleWebKit/537.36 (KHTML, like Gecko) Mobile Safari/537.36 (compatible; PetalBot;+https://webmaster.petalsearch.com/site/petalbot)" 1120 **1/1120592**
68.178.198.34 - - [15/Sep/2025:08:21:17 -0700] "POST /wp-cron.php?doing_wp_cron=1757949677.9735898971557617187500 HTTP/1.1" 200 - "-" "WordPress/6.8.2; https://sapphirepackaging.in" 24 **0/24664**
43.166.134.114 - - [15/Sep/2025:08:21:17 -0700] "GET /product-category/corrugated-box/top-bottom-boxes/feed/ HTTP/1.1" 200 1744 "-" "Mozilla/5.0 (iPhone; CPU iPhone OS 13_2_3 like Mac OS X) AppleWebKit/605.1.15 (KHTML, like Gecko) Version/13.0.3 Mobile/15E148 Safari/604.1" 739 **0/739908**
114.119.157.206 - - [15/Sep/2025:08:21:20 -0700] "GET /product-category/corrugated-box/pizza-box/?per_row=4&per_page=18&shop_view=list HTTP/1.1" 200 23746 "https://sapphirepackaging.in/product-category/corrugated-box/pizza-box/?per_row=4&shop_view=list&per_page=9" "Mozilla/5.0 (Linux; Android 7.0;) AppleWebKit/537.36 (KHTML, like Gecko) Mobile Safari/537.36 (compatible; PetalBot;+https://webmaster.petalsearch.com/site/petalbot)" 1002 **1/1002544**
68.178.198.34 - - [15/Sep/2025:08:22:53 -0700] "POST /wp-cron.php?doing_wp_cron=1757949773.2683439254760742187500 HTTP/1.1" 200 - "-" "WordPress/6.8.2; https://sapphirepackaging.in" 20 **0/20200**
114.119.152.164 - - [15/Sep/2025:08:22:52 -0700] "GET /product-category/corrugated-box/pizza-box/?per_page=12&shop_view=grid&per_row=4 HTTP/1.1" 200 23481 "https://sapphirepackaging.in/product-category/corrugated-box/pizza-box/?shop_view=list&per_page=12" "Mozilla/5.0 (Linux; Android 7.0;) AppleWebKit/537.36 (KHTML, like Gecko) Mobile Safari/537.36 (compatible; PetalBot;+https://webmaster.petalsearch.com/site/petalbot)" 806 **0/806344**
68.178.198.34 - - [15/Sep/2025:08:24:55 -0700] "POST /wp-cron.php?doing_wp_cron=1757949895.1903870105743408203125 HTTP/1.1" 200 - "-" "WordPress/6.8.2; https://sapphirepackaging.in" 20 **0/20830**
114.119.134.208 - - [15/Sep/2025:08:24:54 -0700] "GET /product-category/corrugated-box/pizza-box/?per_page=12 HTTP/1.1" 200 23436 "https://sapphirepackaging.in/product-category/corrugated-box/pizza-box/" "Mozilla/5.0 (Linux; Android 7.0;) AppleWebKit/537.36 (KHTML, like Gecko) Mobile Safari/537.36 (compatible; PetalBot;+https://webmaster.petalsearch.com/site/petalbot)" 981 **0/981180**
68.178.198.34 - - [15/Sep/2025:08:27:18 -0700] "POST /wp-cron.php?doing_wp_cron=1757950038.9087460041046142578125 HTTP/1.1" 200 - "-" "WordPress/6.8.2; https://sapphirepackaging.in" 18 **0/18722**
114.119.135.163 - - [15/Sep/2025:08:27:18 -0700] "GET /product-category/corrugated-box/page/1/?per_row=4&per_page=9&shop_view=list HTTP/1.1" 301 - "https://sapphirepackaging.in/product-category/corrugated-box/page/2/?per_row=4&per_page=9&shop_view=list" "Mozilla/5.0 (Linux; Android 7.0;) AppleWebKit/537.36 (KHTML, like Gecko) Mobile Safari/537.36 (compatible; PetalBot;+https://webmaster.petalsearch.com/site/petalbot)" 747 **0/747401**
114.119.135.163 - - [15/Sep/2025:08:27:35 -0700] "GET /product-category/corrugated-box/?per_row=4&per_page=9&shop_view=list HTTP/1.1" 200 29164 "https://sapphirepackaging.in/product-category/corrugated-box/page/2/?per_row=4&per_page=9&shop_view=list" "Mozilla/5.0 (Linux; Android 7.0;) AppleWebKit/537.36 (KHTML, like Gecko) Mobile Safari/537.36 (compatible; PetalBot;+https://webmaster.petalsearch.com/site/petalbot)" 1300 **1/1300179**
68.178.198.34 - - [15/Sep/2025:08:30:12 -0700] "POST /wp-cron.php?doing_wp_cron=1757950212.7786610126495361328125 HTTP/1.1" 200 - "-" "WordPress/6.8.2; https://sapphirepackaging.in" 28 **0/28646**
49.51.166.228 - - [15/Sep/2025:08:30:12 -0700] "GET /wp-json/wp/v2/product_cat/82 HTTP/1.1" 200 817 "-" "Mozilla/5.0 (iPhone; CPU iPhone OS 13_2_3 like Mac OS X) AppleWebKit/605.1.15 (KHTML, like Gecko) Version/13.0.3 Mobile/15E148 Safari/604.1" 1327 **1/1327493**
178.156.128.204 - - [15/Sep/2025:08:30:16 -0700] "POST /wp-load.php?38f085=46631 HTTP/1.1" 200 - "-" "Mozilla/5.0 (Windows NT 10.0; Win64; x64) AppleWebKit/537.36 (KHTML, like Gecko) Chrome/104.0.5112.97 Safari/537.36" 788 **0/788199**
68.178.198.34 - - [15/Sep/2025:08:31:39 -0700] "POST /wp-cron.php?doing_wp_cron=1757950299.5972280502319335937500 HTTP/1.1" 200 - "-" "WordPress/6.8.2; https://sapphirepackaging.in" 20 **0/20357**
114.119.157.206 - - [15/Sep/2025:08:31:38 -0700] "GET /product-category/corrugated-box/footwear-inner-boxes/?per_row=3&shop_view=list HTTP/1.1" 200 23787 "https://sapphirepackaging.in/product-category/corrugated-box/footwear-inner-boxes/?shop_view=grid&per_row=3" "Mozilla/5.0 (Linux; Android 7.0;) AppleWebKit/537.36 (KHTML, like Gecko) Mobile Safari/537.36 (compatible; PetalBot;+https://webmaster.petalsearch.com/site/petalbot)" 1064 **1/1064906**
68.178.198.34 - - [15/Sep/2025:08:34:17 -0700] "POST /wp-cron.php?doing_wp_cron=1757950457.9580800533294677734375 HTTP/1.1" 200 - "-" "WordPress/6.8.2; https://sapphirepackaging.in" 29 **0/29378**
114.119.135.163 - - [15/Sep/2025:08:34:17 -0700] "GET /product-category/corrugated-box/footwear-inner-boxes/?per_row=3&per_page=18&shop_view=list HTTP/1.1" 200 23795 "https://sapphirepackaging.in/product-category/corrugated-box/footwear-inner-boxes/?per_row=3&per_page=24&shop_view=list" "Mozilla/5.0 (Linux; Android 7.0;) AppleWebKit/537.36 (KHTML, like Gecko) Mobile Safari/537.36 (compatible; PetalBot;+https://webmaster.petalsearch.com/site/petalbot)" 1183 **1/1183148**
68.178.198.34 - - [15/Sep/2025:08:35:13 -0700] "POST /wp-cron.php?doing_wp_cron=1757950513.3209400177001953125000 HTTP/1.1" 200 - "-" "WordPress/6.8.2; https://sapphirepackaging.in" 28 **0/28328**
114.119.157.206 - - [15/Sep/2025:08:35:12 -0700] "GET /product-category/corrugated-box/handle-boxes/?per_page=12&shop_view=grid&per_row=4 HTTP/1.1" 200 23432 "https://sapphirepackaging.in/product-category/corrugated-box/handle-boxes/?per_page=12&shop_view=list" "Mozilla/5.0 (Linux; Android 7.0;) AppleWebKit/537.36 (KHTML, like Gecko) Mobile Safari/537.36 (compatible; PetalBot;+https://webmaster.petalsearch.com/site/petalbot)" 1352 **1/1352404**
68.178.198.34 - - [15/Sep/2025:08:36:33 -0700] "POST /wp-cron.php?doing_wp_cron=1757950593.5591390132904052734375 HTTP/1.1" 200 - "-" "WordPress/6.8.2; https://sapphirepackaging.in" 25 **0/25967**
114.119.134.208 - - [15/Sep/2025:08:36:32 -0700] "GET /product-category/corrugated-box/small-planter-boxes/?per_page=9&shop_view=list HTTP/1.1" 200 23760 "https://sapphirepackaging.in/product-category/corrugated-box/small-planter-boxes/?shop_view=list&per_page=18" "Mozilla/5.0 (Linux; Android 7.0;) AppleWebKit/537.36 (KHTML, like Gecko) Mobile Safari/537.36 (compatible; PetalBot;+https://webmaster.petalsearch.com/site/petalbot)" 934 **0/934845**
68.178.198.34 - - [15/Sep/2025:08:37:43 -0700] "POST /wp-cron.php?doing_wp_cron=1757950663.8150560855865478515625 HTTP/1.1" 200 - "-" "WordPress/6.8.2; https://sapphirepackaging.in" 22 **0/22153**
20.194.1.1 - - [15/Sep/2025:08:37:43 -0700] "GET / HTTP/2.0" 200 - "-" "Mozilla/5.0 AppleWebKit/537.36 (KHTML, like Gecko); compatible; ChatGPT-User/1.0; +https://openai.com/bot" 1795 **1/1795690**
43.156.228.27 - - [15/Sep/2025:08:38:39 -0700] "GET /wp-content/uploads/2025/06/top-bottom-box-14-1024x1024.webp HTTP/1.1" 200 14542 "-" "Mozilla/5.0 (iPhone; CPU iPhone OS 13_2_3 like Mac OS X) AppleWebKit/605.1.15 (KHTML, like Gecko) Version/13.0.3 Mobile/15E148 Safari/604.1" 8 **0/8851**
68.178.198.34 - - [15/Sep/2025:08:39:59 -0700] "POST /wp-cron.php?doing_wp_cron=1757950799.5356490612030029296875 HTTP/1.1" 200 - "-" "WordPress/6.8.2; https://sapphirepackaging.in" 21 **0/21850**
114.119.142.232 - - [15/Sep/2025:08:39:58 -0700] "GET /product-category/corrugated-box/flat-mailer-style/?per_row=3&per_page=18&shop_view=list HTTP/1.1" 200 23802 "https://sapphirepackaging.in/product-category/corrugated-box/flat-mailer-style/?per_row=3&shop_view=grid&per_page=18" "Mozilla/5.0 (Linux; Android 7.0;) AppleWebKit/537.36 (KHTML, like Gecko) Mobile Safari/537.36 (compatible; PetalBot;+https://webmaster.petalsearch.com/site/petalbot)" 1098 **1/1098897**
68.178.198.34 - - [15/Sep/2025:08:42:47 -0700] "POST /wp-cron.php?doing_wp_cron=1757950967.7758591175079345703125 HTTP/1.1" 200 - "-" "WordPress/6.8.2; https://sapphirepackaging.in" 22 **0/22529**
114.119.134.208 - - [15/Sep/2025:08:42:47 -0700] "GET /product-category/corrugated-box/flat-mailer-style/?per_row=3&shop_view=grid&per_page=24 HTTP/1.1" 200 23484 "https://sapphirepackaging.in/product-category/corrugated-box/flat-mailer-style/?per_row=3&shop_view=grid&per_page=24" "Mozilla/5.0 (Linux; Android 7.0;) AppleWebKit/537.36 (KHTML, like Gecko) Mobile Safari/537.36 (compatible; PetalBot;+https://webmaster.petalsearch.com/site/petalbot)" 1090 **1/1090796**
68.178.198.34 - - [15/Sep/2025:08:44:02 -0700] "POST /wp-cron.php?doing_wp_cron=1757951042.0422179698944091796875 HTTP/1.1" 200 - "-" "WordPress/6.8.2; https://sapphirepackaging.in" 24 **0/24320**
114.119.157.234 - - [15/Sep/2025:08:44:01 -0700] "GET /product-category/corrugated-box/flat-mailer-style/?per_page=9 HTTP/1.1" 200 23454 "https://sapphirepackaging.in/product-category/corrugated-box/flat-mailer-style/?per_page=24" "Mozilla/5.0 (Linux; Android 7.0;) AppleWebKit/537.36 (KHTML, like Gecko) Mobile Safari/537.36 (compatible; PetalBot;+https://webmaster.petalsearch.com/site/petalbot)" 1726 **1/1726390**
68.178.198.34 - - [15/Sep/2025:08:47:21 -0700] "POST /wp-cron.php?doing_wp_cron=1757951241.0155808925628662109375 HTTP/1.1" 200 - "-" "WordPress/6.8.2; https://sapphirepackaging.in" 22 **0/22493**
114.119.135.163 - - [15/Sep/2025:08:47:20 -0700] "GET /product-category/corrugated-box/?per_row=3&shop_view=list HTTP/1.1" 200 29647 "https://sapphirepackaging.in/product-category/corrugated-box/?per_row=3&shop_view=grid" "Mozilla/5.0 (Linux; Android 7.0;) AppleWebKit/537.36 (KHTML, like Gecko) Mobile Safari/537.36 (compatible; PetalBot;+https://webmaster.petalsearch.com/site/petalbot)" 1216 **1/1216974**
66.249.73.6 - - [15/Sep/2025:08:47:43 -0700] "GET /wp-content/uploads/2025/04/4-2.jpg HTTP/1.1" 200 2055076 "-" "Googlebot-Image/1.0" 130 **0/130211**
68.178.198.34 - - [15/Sep/2025:08:49:35 -0700] "POST /wp-cron.php?doing_wp_cron=1757951375.1318879127502441406250 HTTP/1.1" 200 - "-" "WordPress/6.8.2; https://sapphirepackaging.in" 29 **0/29448**
