File: /home/r10qwwhj45te/access-logs/sapphirepackaging.in.cyclocraze.com-ssl_log
68.178.198.34 - - [15/Sep/2025:05:11:14 -0700] "POST /wp-cron.php?doing_wp_cron=1757938274.4189429283142089843750 HTTP/1.1" 200 - "-" "WordPress/6.8.2; https://sapphirepackaging.in" 27 **0/27976**
114.119.152.164 - - [15/Sep/2025:05:11:13 -0700] "GET /product-category/mono-cartons/cosmetics-boxes/?per_page=9&shop_view=grid&per_row=3 HTTP/1.1" 200 23481 "https://sapphirepackaging.in/product-category/mono-cartons/cosmetics-boxes/?per_page=9" "Mozilla/5.0 (Linux; Android 7.0;) AppleWebKit/537.36 (KHTML, like Gecko) Mobile Safari/537.36 (compatible; PetalBot;+https://webmaster.petalsearch.com/site/petalbot)" 1196 **1/1196132**
68.178.198.34 - - [15/Sep/2025:05:12:46 -0700] "POST /wp-cron.php?doing_wp_cron=1757938366.7350509166717529296875 HTTP/1.1" 200 - "-" "WordPress/6.8.2; https://sapphirepackaging.in" 25 **0/25477**
114.119.142.232 - - [15/Sep/2025:05:12:46 -0700] "GET /all-products/?per_row=3&shop_view=grid&per_page=24 HTTP/1.1" 200 27797 "https://sapphirepackaging.in/all-products/page/2/?shop_view=grid&per_row=3" "Mozilla/5.0 (Linux; Android 7.0;) AppleWebKit/537.36 (KHTML, like Gecko) Mobile Safari/537.36 (compatible; PetalBot;+https://webmaster.petalsearch.com/site/petalbot)" 1388 **1/1388800**
68.178.198.34 - - [15/Sep/2025:05:14:17 -0700] "POST /wp-cron.php?doing_wp_cron=1757938457.2187049388885498046875 HTTP/1.1" 200 - "-" "WordPress/6.8.2; https://www.sapphirepackaging.in" 22 **0/22581**
114.119.143.187 - - [15/Sep/2025:05:14:16 -0700] "GET /product-category/mono-cartons/cosmetics-boxes/?per_page=18 HTTP/1.1" 200 23902 "https://www.sapphirepackaging.in/product-category/mono-cartons/cosmetics-boxes/?per_page=12" "Mozilla/5.0 (Linux; Android 7.0;) AppleWebKit/537.36 (KHTML, like Gecko) Mobile Safari/537.36 (compatible; PetalBot;+https://webmaster.petalsearch.com/site/petalbot)" 1071 **1/1071985**
68.178.198.34 - - [15/Sep/2025:05:15:22 -0700] "POST /wp-cron.php?doing_wp_cron=1757938522.1555230617523193359375 HTTP/1.1" 200 - "-" "WordPress/6.8.2; https://www.sapphirepackaging.in" 26 **0/26668**
114.119.142.232 - - [15/Sep/2025:05:15:21 -0700] "GET /product-category/corrugated-box/?per_page=9&shop_view=grid&per_row=3 HTTP/1.1" 200 26481 "https://www.sapphirepackaging.in/product-category/corrugated-box/?shop_view=list&per_page=9" "Mozilla/5.0 (Linux; Android 7.0;) AppleWebKit/537.36 (KHTML, like Gecko) Mobile Safari/537.36 (compatible; PetalBot;+https://webmaster.petalsearch.com/site/petalbot)" 1384 **1/1384648**
68.178.198.34 - - [15/Sep/2025:05:25:36 -0700] "POST /wp-cron.php?doing_wp_cron=1757939136.6548590660095214843750 HTTP/1.1" 200 - "-" "WordPress/6.8.2; https://sapphirepackaging.in" 26 **0/26055**
80.85.246.144 - - [15/Sep/2025:05:25:35 -0700] "GET / HTTP/1.1" 301 - "-" "Mozilla/5.0 (Macintosh; Intel Mac OS X 10_15_7) AppleWebKit/537.36 (KHTML, like Gecko) Chrome/133.0.0.0 Safari/537.36" 770 **0/770249**
80.85.246.144 - - [15/Sep/2025:05:25:37 -0700] "GET / HTTP/1.1" 200 37954 "https://SAPPHIREPACKAGING.IN" "Mozilla/5.0 (Macintosh; Intel Mac OS X 10_15_7) AppleWebKit/537.36 (KHTML, like Gecko) Chrome/133.0.0.0 Safari/537.36" 1276 **1/1276886**
80.85.246.144 - - [15/Sep/2025:05:25:39 -0700] "GET /comments/feed/ HTTP/1.1" 200 404 "-" "Mozilla/5.0 (Macintosh; Intel Mac OS X 10_15_7) AppleWebKit/537.36 (KHTML, like Gecko) Chrome/133.0.0.0 Safari/537.36" 656 **0/656127**
80.85.246.144 - - [15/Sep/2025:05:25:40 -0700] "GET /contact-us/ HTTP/1.1" 200 21302 "-" "Mozilla/5.0 (Macintosh; Intel Mac OS X 10_15_7) AppleWebKit/537.36 (KHTML, like Gecko) Chrome/133.0.0.0 Safari/537.36" 763 **0/763097**
203.171.109.126 - - [15/Sep/2025:05:25:44 -0700] "POST /contact-us/ HTTP/1.1" 403 109333 "-" "Mozilla/5.0 (Macintosh; Intel Mac OS X 10_15_7) AppleWebKit/537.36 (KHTML, like Gecko) Chrome/133.0.0.0 Safari/537.36" 1850 **1/1850249**
203.171.109.126 - - [15/Sep/2025:05:25:48 -0700] "POST /contact-us/ HTTP/1.1" 403 109333 "-" "Mozilla/5.0 (Windows NT 10.0; Win64; x64) AppleWebKit/537.36 (KHTML, like Gecko) Chrome/120.0.0.0 Safari/537.36" 915 **0/915942**
80.85.246.144 - - [15/Sep/2025:05:25:51 -0700] "GET /contact-us/ HTTP/1.1" 200 21301 "-" "Mozilla/5.0 (Macintosh; Intel Mac OS X 10_15_7) AppleWebKit/537.36 (KHTML, like Gecko) Chrome/133.0.0.0 Safari/537.36" 803 **0/803576**
68.178.198.34 - - [15/Sep/2025:05:25:54 -0700] "POST /wp-cron.php?doing_wp_cron=1757939154.9056129455566406250000 HTTP/1.1" 200 - "-" "WordPress/6.8.2; https://sapphirepackaging.in" 23 **0/23532**
203.171.109.126 - - [15/Sep/2025:05:25:54 -0700] "POST /contact-us/ HTTP/1.1" 403 109333 "-" "Mozilla/5.0 (Macintosh; Intel Mac OS X 10_15_7) AppleWebKit/537.36 (KHTML, like Gecko) Chrome/133.0.0.0 Safari/537.36" 1018 **1/1018223**
203.171.109.126 - - [15/Sep/2025:05:25:58 -0700] "POST /contact-us/ HTTP/1.1" 403 109333 "-" "Mozilla/5.0 (Windows NT 10.0; Win64; x64) AppleWebKit/537.36 (KHTML, like Gecko) Chrome/120.0.0.0 Safari/537.36" 988 **0/988765**
68.178.198.34 - - [15/Sep/2025:05:26:36 -0700] "POST /wp-cron.php?doing_wp_cron=1757939196.6061179637908935546875 HTTP/1.1" 200 - "-" "WordPress/6.8.2; https://sapphirepackaging.in" 20 **0/20212**
47.128.112.215 - - [15/Sep/2025:05:26:35 -0700] "GET /product/small-planter-box/ HTTP/2.0" 403 25420 "-" "Mozilla/5.0 (Linux; Android 5.0) AppleWebKit/537.36 (KHTML, like Gecko) Mobile Safari/537.36 (compatible; Bytespider; spider-feedback@bytedance.com)" 1368 **1/1368646**
47.128.112.215 - - [15/Sep/2025:05:26:37 -0700] "GET /wp-content/uploads/elementor/css/custom-frontend.min.css?ver=1757601376 HTTP/2.0" 404 18094 "https://sapphirepackaging.in/product/small-planter-box/" "Mozilla/5.0 (Linux; Android 5.0) AppleWebKit/537.36 (KHTML, like Gecko) Mobile Safari/537.36 (compatible; Bytespider; spider-feedback@bytedance.com)" 936 **0/936960**
47.128.112.215 - - [15/Sep/2025:05:26:37 -0700] "GET /wp-content/themes/woodmart-1/css/parts/int-elem-base.min.css?ver=8.1.2 HTTP/2.0" 404 18097 "https://sapphirepackaging.in/product/small-planter-box/" "Mozilla/5.0 (Linux; Android 5.0) AppleWebKit/537.36 (KHTML, like Gecko) Mobile Safari/537.36 (compatible; Bytespider; spider-feedback@bytedance.com)" 979 **0/979645**
47.128.112.215 - - [15/Sep/2025:05:26:37 -0700] "GET /wp-content/themes/woodmart-1/css/parts/mod-star-rating.min.css?ver=8.1.2 HTTP/2.0" 404 18092 "https://sapphirepackaging.in/product/small-planter-box/" "Mozilla/5.0 (Linux; Android 5.0) AppleWebKit/537.36 (KHTML, like Gecko) Mobile Safari/537.36 (compatible; Bytespider; spider-feedback@bytedance.com)" 1088 **1/1088089**
47.128.112.215 - - [15/Sep/2025:05:26:37 -0700] "GET /wp-content/themes/woodmart-1/css/parts/woocommerce-base.min.css?ver=8.1.2 HTTP/2.0" 404 18098 "https://sapphirepackaging.in/product/small-planter-box/" "Mozilla/5.0 (Linux; Android 5.0) AppleWebKit/537.36 (KHTML, like Gecko) Mobile Safari/537.36 (compatible; Bytespider; spider-feedback@bytedance.com)" 1089 **1/1089061**
47.128.112.215 - - [15/Sep/2025:05:26:37 -0700] "GET /wp-content/themes/woodmart-1/css/parts/base.min.css?ver=8.1.2 HTTP/2.0" 404 18091 "https://sapphirepackaging.in/product/small-planter-box/" "Mozilla/5.0 (Linux; Android 5.0) AppleWebKit/537.36 (KHTML, like Gecko) Mobile Safari/537.36 (compatible; Bytespider; spider-feedback@bytedance.com)" 1161 **1/1161044**
47.128.112.215 - - [15/Sep/2025:05:26:37 -0700] "GET /wp-content/uploads/elementor/css/post-8.css?ver=1757601376 HTTP/2.0" 404 18098 "https://sapphirepackaging.in/product/small-planter-box/" "Mozilla/5.0 (Linux; Android 5.0) AppleWebKit/537.36 (KHTML, like Gecko) Mobile Safari/537.36 (compatible; Bytespider; spider-feedback@bytedance.com)" 1162 **1/1162060**
47.128.112.215 - - [15/Sep/2025:05:26:38 -0700] "GET /wp-content/themes/woodmart-1/css/parts/woo-mod-quantity.min.css?ver=8.1.2 HTTP/2.0" 404 18098 "https://sapphirepackaging.in/product/small-planter-box/" "Mozilla/5.0 (Linux; Android 5.0) AppleWebKit/537.36 (KHTML, like Gecko) Mobile Safari/537.36 (compatible; Bytespider; spider-feedback@bytedance.com)" 1239 **1/1239173**
47.128.112.215 - - [15/Sep/2025:05:26:37 -0700] "GET /wp-content/themes/woodmart-1/css/parts/helpers-wpb-elem.min.css?ver=8.1.2 HTTP/2.0" 404 18097 "https://sapphirepackaging.in/product/small-planter-box/" "Mozilla/5.0 (Linux; Android 5.0) AppleWebKit/537.36 (KHTML, like Gecko) Mobile Safari/537.36 (compatible; Bytespider; spider-feedback@bytedance.com)" 1663 **1/1663895**
47.128.112.215 - - [15/Sep/2025:05:26:37 -0700] "GET /wp-includes/css/dist/block-library/style.min.css?ver=6.8.2 HTTP/2.0" 404 18101 "https://sapphirepackaging.in/product/small-planter-box/" "Mozilla/5.0 (Linux; Android 5.0) AppleWebKit/537.36 (KHTML, like Gecko) Mobile Safari/537.36 (compatible; Bytespider; spider-feedback@bytedance.com)" 1699 **1/1699093**
47.128.112.215 - - [15/Sep/2025:05:26:38 -0700] "GET /wp-content/themes/woodmart-1/css/parts/woo-mod-progress-bar.min.css?ver=8.1.2 HTTP/2.0" 404 18088 "https://sapphirepackaging.in/product/small-planter-box/" "Mozilla/5.0 (Linux; Android 5.0) AppleWebKit/537.36 (KHTML, like Gecko) Mobile Safari/537.36 (compatible; Bytespider; spider-feedback@bytedance.com)" 1870 **1/1870535**
47.128.112.215 - - [15/Sep/2025:05:26:38 -0700] "GET /wp-content/themes/woodmart-1/css/parts/header-base.min.css?ver=8.1.2 HTTP/2.0" 404 18096 "https://sapphirepackaging.in/product/small-planter-box/" "Mozilla/5.0 (Linux; Android 5.0) AppleWebKit/537.36 (KHTML, like Gecko) Mobile Safari/537.36 (compatible; Bytespider; spider-feedback@bytedance.com)" 1890 **1/1890691**
47.128.112.215 - - [15/Sep/2025:05:26:38 -0700] "GET /wp-content/themes/woodmart-1/css/parts/mod-tools.min.css?ver=8.1.2 HTTP/2.0" 404 18095 "https://sapphirepackaging.in/product/small-planter-box/" "Mozilla/5.0 (Linux; Android 5.0) AppleWebKit/537.36 (KHTML, like Gecko) Mobile Safari/537.36 (compatible; Bytespider; spider-feedback@bytedance.com)" 2043 **2/2043490**
47.128.112.215 - - [15/Sep/2025:05:26:38 -0700] "GET /wp-content/themes/woodmart-1/css/parts/lib-swiper.min.css?ver=8.1.2 HTTP/2.0" 404 18093 "https://sapphirepackaging.in/product/small-planter-box/" "Mozilla/5.0 (Linux; Android 5.0) AppleWebKit/537.36 (KHTML, like Gecko) Mobile Safari/537.36 (compatible; Bytespider; spider-feedback@bytedance.com)" 2015 **2/2015378**
47.128.112.215 - - [15/Sep/2025:05:26:38 -0700] "GET /wp-content/themes/woodmart-1/css/parts/woo-mod-block-notices.min.css?ver=8.1.2 HTTP/2.0" 404 18088 "https://sapphirepackaging.in/product/small-planter-box/" "Mozilla/5.0 (Linux; Android 5.0) AppleWebKit/537.36 (KHTML, like Gecko) Mobile Safari/537.36 (compatible; Bytespider; spider-feedback@bytedance.com)" 2436 **2/2436025**
47.128.112.215 - - [15/Sep/2025:05:26:38 -0700] "GET /wp-content/themes/woodmart-1/css/parts/wp-blocks.min.css?ver=8.1.2 HTTP/2.0" 404 18092 "https://sapphirepackaging.in/product/small-planter-box/" "Mozilla/5.0 (Linux; Android 5.0) AppleWebKit/537.36 (KHTML, like Gecko) Mobile Safari/537.36 (compatible; Bytespider; spider-feedback@bytedance.com)" 2498 **2/2498773**
47.128.112.215 - - [15/Sep/2025:05:26:38 -0700] "GET /wp-content/themes/woodmart-1/css/parts/woo-opt-free-progress-bar.min.css?ver=8.1.2 HTTP/2.0" 404 18090 "https://sapphirepackaging.in/product/small-planter-box/" "Mozilla/5.0 (Linux; Android 5.0) AppleWebKit/537.36 (KHTML, like Gecko) Mobile Safari/537.36 (compatible; Bytespider; spider-feedback@bytedance.com)" 2542 **2/2542664**
47.128.112.215 - - [15/Sep/2025:05:26:38 -0700] "GET /wp-content/themes/woodmart-1/css/parts/header-el-base.min.css?ver=8.1.2 HTTP/2.0" 404 18098 "https://sapphirepackaging.in/product/small-planter-box/" "Mozilla/5.0 (Linux; Android 5.0) AppleWebKit/537.36 (KHTML, like Gecko) Mobile Safari/537.36 (compatible; Bytespider; spider-feedback@bytedance.com)" 2642 **2/2642046**
47.128.112.215 - - [15/Sep/2025:05:26:38 -0700] "GET /wp-content/themes/woodmart-1/css/parts/woo-mod-shop-attributes.min.css?ver=8.1.2 HTTP/2.0" 404 18094 "https://sapphirepackaging.in/product/small-planter-box/" "Mozilla/5.0 (Linux; Android 5.0) AppleWebKit/537.36 (KHTML, like Gecko) Mobile Safari/537.36 (compatible; Bytespider; spider-feedback@bytedance.com)" 2839 **2/2839381**
47.128.112.215 - - [15/Sep/2025:05:26:38 -0700] "GET /wp-content/themes/woodmart-1/css/parts/woo-single-prod-el-base.min.css?ver=8.1.2 HTTP/2.0" 404 18110 "https://sapphirepackaging.in/product/small-planter-box/" "Mozilla/5.0 (Linux; Android 5.0) AppleWebKit/537.36 (KHTML, like Gecko) Mobile Safari/537.36 (compatible; Bytespider; spider-feedback@bytedance.com)" 2953 **2/2953166**
47.128.112.215 - - [15/Sep/2025:05:26:38 -0700] "GET /wp-content/themes/woodmart-1/css/parts/lib-swiper-arrows.min.css?ver=8.1.2 HTTP/2.0" 404 18102 "https://sapphirepackaging.in/product/small-planter-box/" "Mozilla/5.0 (Linux; Android 5.0) AppleWebKit/537.36 (KHTML, like Gecko) Mobile Safari/537.36 (compatible; Bytespider; spider-feedback@bytedance.com)" 2699 **2/2699250**
47.128.112.215 - - [15/Sep/2025:05:26:38 -0700] "GET /wp-content/themes/woodmart-1/css/parts/woo-mod-stock-status.min.css?ver=8.1.2 HTTP/2.0" 404 18091 "https://sapphirepackaging.in/product/small-planter-box/" "Mozilla/5.0 (Linux; Android 5.0) AppleWebKit/537.36 (KHTML, like Gecko) Mobile Safari/537.36 (compatible; Bytespider; spider-feedback@bytedance.com)" 3092 **3/3092909**
47.128.112.215 - - [15/Sep/2025:05:26:38 -0700] "GET /wp-content/themes/woodmart-1/css/parts/woo-single-prod-builder.min.css?ver=8.1.2 HTTP/2.0" 404 18107 "https://sapphirepackaging.in/product/small-planter-box/" "Mozilla/5.0 (Linux; Android 5.0) AppleWebKit/537.36 (KHTML, like Gecko) Mobile Safari/537.36 (compatible; Bytespider; spider-feedback@bytedance.com)" 2962 **2/2962079**
47.128.112.215 - - [15/Sep/2025:05:26:38 -0700] "GET /wp-content/themes/woodmart-1/css/parts/el-info-box.min.css?ver=8.1.2 HTTP/2.0" 404 18096 "https://sapphirepackaging.in/product/small-planter-box/" "Mozilla/5.0 (Linux; Android 5.0) AppleWebKit/537.36 (KHTML, like Gecko) Mobile Safari/537.36 (compatible; Bytespider; spider-feedback@bytedance.com)" 3082 **3/3082109**
47.128.112.215 - - [15/Sep/2025:05:26:39 -0700] "GET /wp-content/themes/woodmart-1/css/parts/woo-mod-add-btn-replace.min.css?ver=8.1.2 HTTP/2.0" 404 18096 "https://sapphirepackaging.in/product/small-planter-box/" "Mozilla/5.0 (Linux; Android 5.0) AppleWebKit/537.36 (KHTML, like Gecko) Mobile Safari/537.36 (compatible; Bytespider; spider-feedback@bytedance.com)" 2696 **2/2696916**
47.128.112.215 - - [15/Sep/2025:05:26:38 -0700] "GET /wp-content/themes/woodmart-1/css/parts/woo-el-breadcrumbs-builder.min.css?ver=8.1.2 HTTP/2.0" 404 18101 "https://sapphirepackaging.in/product/small-planter-box/" "Mozilla/5.0 (Linux; Android 5.0) AppleWebKit/537.36 (KHTML, like Gecko) Mobile Safari/537.36 (compatible; Bytespider; spider-feedback@bytedance.com)" 2991 **2/2991520**
47.128.112.215 - - [15/Sep/2025:05:26:38 -0700] "GET /wp-content/themes/woodmart-1/css/parts/woo-single-prod-el-gallery-opt-thumb-grid.min.css?ver=8.1.2 HTTP/2.0" 404 18116 "https://sapphirepackaging.in/product/small-planter-box/" "Mozilla/5.0 (Linux; Android 5.0) AppleWebKit/537.36 (KHTML, like Gecko) Mobile Safari/537.36 (compatible; Bytespider; spider-feedback@bytedance.com)" 2999 **2/2999583**
47.128.112.215 - - [15/Sep/2025:05:26:38 -0700] "GET /wp-content/themes/woodmart-1/css/parts/woo-product-loop-buttons-on-hover.min.css?ver=8.1.2 HTTP/2.0" 404 18104 "https://sapphirepackaging.in/product/small-planter-box/" "Mozilla/5.0 (Linux; Android 5.0) AppleWebKit/537.36 (KHTML, like Gecko) Mobile Safari/537.36 (compatible; Bytespider; spider-feedback@bytedance.com)" 3003 **3/3003383**
47.128.112.215 - - [15/Sep/2025:05:26:38 -0700] "GET /wp-content/themes/woodmart-1/css/parts/woo-single-prod-el-navigation.min.css?ver=8.1.2 HTTP/2.0" 404 18111 "https://sapphirepackaging.in/product/small-planter-box/" "Mozilla/5.0 (Linux; Android 5.0) AppleWebKit/537.36 (KHTML, like Gecko) Mobile Safari/537.36 (compatible; Bytespider; spider-feedback@bytedance.com)" 3168 **3/3168263**
47.128.112.215 - - [15/Sep/2025:05:26:38 -0700] "GET /wp-content/themes/woodmart-1/css/parts/woo-single-prod-el-gallery.min.css?ver=8.1.2 HTTP/2.0" 404 18107 "https://sapphirepackaging.in/product/small-planter-box/" "Mozilla/5.0 (Linux; Android 5.0) AppleWebKit/537.36 (KHTML, like Gecko) Mobile Safari/537.36 (compatible; Bytespider; spider-feedback@bytedance.com)" 3191 **3/3191973**
47.128.112.215 - - [15/Sep/2025:05:26:38 -0700] "GET /wp-content/themes/woodmart-1/css/parts/header-el-mobile-nav-dropdown.min.css?ver=8.1.2 HTTP/2.0" 404 18100 "https://sapphirepackaging.in/product/small-planter-box/" "Mozilla/5.0 (Linux; Android 5.0) AppleWebKit/537.36 (KHTML, like Gecko) Mobile Safari/537.36 (compatible; Bytespider; spider-feedback@bytedance.com)" 3483 **3/3483570**
47.128.112.215 - - [15/Sep/2025:05:26:38 -0700] "GET /wp-content/themes/woodmart-1/css/parts/lib-photoswipe.min.css?ver=8.1.2 HTTP/2.0" 404 18095 "https://sapphirepackaging.in/product/small-planter-box/" "Mozilla/5.0 (Linux; Android 5.0) AppleWebKit/537.36 (KHTML, like Gecko) Mobile Safari/537.36 (compatible; Bytespider; spider-feedback@bytedance.com)" 3308 **3/3308688**
47.128.112.215 - - [15/Sep/2025:05:26:38 -0700] "GET /wp-content/themes/woodmart-1/css/parts/woo-product-loop.min.css?ver=8.1.2 HTTP/2.0" 404 18101 "https://sapphirepackaging.in/product/small-planter-box/" "Mozilla/5.0 (Linux; Android 5.0) AppleWebKit/537.36 (KHTML, like Gecko) Mobile Safari/537.36 (compatible; Bytespider; spider-feedback@bytedance.com)" 3392 **3/3392704**
47.128.112.215 - - [15/Sep/2025:05:26:39 -0700] "GET /wp-content/themes/woodmart-1/css/parts/lib-magnific-popup.min.css?ver=8.1.2 HTTP/2.0" 404 18099 "https://sapphirepackaging.in/product/small-planter-box/" "Mozilla/5.0 (Linux; Android 5.0) AppleWebKit/537.36 (KHTML, like Gecko) Mobile Safari/537.36 (compatible; Bytespider; spider-feedback@bytedance.com)" 3195 **3/3195979**
47.128.112.215 - - [15/Sep/2025:05:26:38 -0700] "GET /wp-content/themes/woodmart-1/css/parts/el-button.min.css?ver=8.1.2 HTTP/2.0" 404 18098 "https://sapphirepackaging.in/product/small-planter-box/" "Mozilla/5.0 (Linux; Android 5.0) AppleWebKit/537.36 (KHTML, like Gecko) Mobile Safari/537.36 (compatible; Bytespider; spider-feedback@bytedance.com)" 3611 **3/3611431**
47.128.112.215 - - [15/Sep/2025:05:26:39 -0700] "GET /wp-content/themes/woodmart-1/css/parts/opt-scrolltotop.min.css?ver=8.1.2 HTTP/2.0" 404 18090 "https://sapphirepackaging.in/product/small-planter-box/" "Mozilla/5.0 (Linux; Android 5.0) AppleWebKit/537.36 (KHTML, like Gecko) Mobile Safari/537.36 (compatible; Bytespider; spider-feedback@bytedance.com)" 3310 **3/3310423**
47.128.112.215 - - [15/Sep/2025:05:26:39 -0700] "GET /wp-content/themes/woodmart-1/css/parts/woo-mod-swatches-base.min.css?ver=8.1.2 HTTP/2.0" 404 18098 "https://sapphirepackaging.in/product/small-planter-box/" "Mozilla/5.0 (Linux; Android 5.0) AppleWebKit/537.36 (KHTML, like Gecko) Mobile Safari/537.36 (compatible; Bytespider; spider-feedback@bytedance.com)" 3359 **3/3359530**
47.128.112.215 - - [15/Sep/2025:05:26:39 -0700] "GET /wp-content/themes/woodmart-1/css/parts/mod-nav-menu-label.min.css?ver=8.1.2 HTTP/2.0" 404 18093 "https://sapphirepackaging.in/product/small-planter-box/" "Mozilla/5.0 (Linux; Android 5.0) AppleWebKit/537.36 (KHTML, like Gecko) Mobile Safari/537.36 (compatible; Bytespider; spider-feedback@bytedance.com)" 3392 **3/3392367**
47.128.112.215 - - [15/Sep/2025:05:26:39 -0700] "GET /wp-content/themes/woodmart-1/css/parts/woo-opt-grid-gallery.min.css?ver=8.1.2 HTTP/2.0" 404 18094 "https://sapphirepackaging.in/product/small-planter-box/" "Mozilla/5.0 (Linux; Android 5.0) AppleWebKit/537.36 (KHTML, like Gecko) Mobile Safari/537.36 (compatible; Bytespider; spider-feedback@bytedance.com)" 3473 **3/3473138**
47.128.112.215 - - [15/Sep/2025:05:26:39 -0700] "GET /wp-content/themes/woodmart-1/css/parts/woo-opt-products-bg.min.css?ver=8.1.2 HTTP/2.0" 404 18092 "https://sapphirepackaging.in/product/small-planter-box/" "Mozilla/5.0 (Linux; Android 5.0) AppleWebKit/537.36 (KHTML, like Gecko) Mobile Safari/537.36 (compatible; Bytespider; spider-feedback@bytedance.com)" 3486 **3/3486391**
47.128.112.215 - - [15/Sep/2025:05:26:39 -0700] "GET /wp-content/themes/woodmart-1/css/parts/woo-opt-stretch-cont.min.css?ver=8.1.2 HTTP/2.0" 404 18093 "https://sapphirepackaging.in/product/small-planter-box/" "Mozilla/5.0 (Linux; Android 5.0) AppleWebKit/537.36 (KHTML, like Gecko) Mobile Safari/537.36 (compatible; Bytespider; spider-feedback@bytedance.com)" 3503 **3/3503175**
47.128.112.215 - - [15/Sep/2025:05:26:39 -0700] "GET /wp-content/uploads/2025/06/xts-header_937146-1750755171.css?ver=8.1.2 HTTP/2.0" 404 18097 "https://sapphirepackaging.in/product/small-planter-box/" "Mozilla/5.0 (Linux; Android 5.0) AppleWebKit/537.36 (KHTML, like Gecko) Mobile Safari/537.36 (compatible; Bytespider; spider-feedback@bytedance.com)" 3506 **3/3506616**
47.128.112.215 - - [15/Sep/2025:05:26:39 -0700] "GET /wp-content/themes/woodmart-1/css/parts/footer-base.min.css?ver=8.1.2 HTTP/2.0" 404 18096 "https://sapphirepackaging.in/product/small-planter-box/" "Mozilla/5.0 (Linux; Android 5.0) AppleWebKit/537.36 (KHTML, like Gecko) Mobile Safari/537.36 (compatible; Bytespider; spider-feedback@bytedance.com)" 3530 **3/3530667**
47.128.112.215 - - [15/Sep/2025:05:26:39 -0700] "GET /wp-content/uploads/2025/04/SAPPHIRE-LOGO-IN-BLACK-COLOR-768x523.png HTTP/2.0" 404 97481 "https://sapphirepackaging.in/product/small-planter-box/" "Mozilla/5.0 (Linux; Android 5.0) AppleWebKit/537.36 (KHTML, like Gecko) Mobile Safari/537.36 (compatible; Bytespider; spider-feedback@bytedance.com)" 3691 **3/3691282**
47.128.112.215 - - [15/Sep/2025:05:26:39 -0700] "GET /wp-content/themes/woodmart-1/css/parts/opt-widget-collapse.min.css?ver=8.1.2 HTTP/2.0" 404 18084 "https://sapphirepackaging.in/product/small-planter-box/" "Mozilla/5.0 (Linux; Android 5.0) AppleWebKit/537.36 (KHTML, like Gecko) Mobile Safari/537.36 (compatible; Bytespider; spider-feedback@bytedance.com)" 3880 **3/3880804**
47.128.112.215 - - [15/Sep/2025:05:26:43 -0700] "GET /wp-content/uploads/elementor/css/post-711.css?ver=1757601535 HTTP/2.0" 404 18095 "https://sapphirepackaging.in/product/small-planter-box/" "Mozilla/5.0 (Linux; Android 5.0) AppleWebKit/537.36 (KHTML, like Gecko) Mobile Safari/537.36 (compatible; Bytespider; spider-feedback@bytedance.com)" 1098 **1/1098451**
47.128.112.215 - - [15/Sep/2025:05:26:43 -0700] "GET /wp-content/uploads/elementor/css/post-688.css?ver=1757601377 HTTP/2.0" 404 18105 "https://sapphirepackaging.in/product/small-planter-box/" "Mozilla/5.0 (Linux; Android 5.0) AppleWebKit/537.36 (KHTML, like Gecko) Mobile Safari/537.36 (compatible; Bytespider; spider-feedback@bytedance.com)" 958 **0/958671**
47.128.112.215 - - [15/Sep/2025:05:26:43 -0700] "GET /wp-content/themes/woodmart-1/css/parts/int-elem-opt-sticky-column.min.css?ver=8.1.2 HTTP/2.0" 404 18105 "https://sapphirepackaging.in/product/small-planter-box/" "Mozilla/5.0 (Linux; Android 5.0) AppleWebKit/537.36 (KHTML, like Gecko) Mobile Safari/537.36 (compatible; Bytespider; spider-feedback@bytedance.com)" 982 **0/982380**
47.128.112.215 - - [15/Sep/2025:05:26:43 -0700] "GET /wp-content/plugins/woocommerce/assets/client/blocks/wc-blocks.css?ver=wc-10.1.2 HTTP/2.0" 404 18114 "https://sapphirepackaging.in/product/small-planter-box/" "Mozilla/5.0 (Linux; Android 5.0) AppleWebKit/537.36 (KHTML, like Gecko) Mobile Safari/537.36 (compatible; Bytespider; spider-feedback@bytedance.com)" 1117 **1/1117322**
47.128.112.215 - - [15/Sep/2025:05:26:43 -0700] "GET /wp-content/plugins/elementor/assets/css/widget-heading.min.css?ver=3.31.5 HTTP/2.0" 404 18106 "https://sapphirepackaging.in/product/small-planter-box/" "Mozilla/5.0 (Linux; Android 5.0) AppleWebKit/537.36 (KHTML, like Gecko) Mobile Safari/537.36 (compatible; Bytespider; spider-feedback@bytedance.com)" 1056 **1/1056011**
47.128.112.215 - - [15/Sep/2025:05:26:43 -0700] "GET /wp-content/plugins/elementor/assets/css/widget-divider.min.css?ver=3.31.5 HTTP/2.0" 404 18099 "https://sapphirepackaging.in/product/small-planter-box/" "Mozilla/5.0 (Linux; Android 5.0) AppleWebKit/537.36 (KHTML, like Gecko) Mobile Safari/537.36 (compatible; Bytespider; spider-feedback@bytedance.com)" 1101 **1/1101674**
47.128.112.215 - - [15/Sep/2025:05:26:44 -0700] "GET /wp-content/plugins/elementor/assets/css/widget-social-icons.min.css?ver=3.31.5 HTTP/2.0" 404 18107 "https://sapphirepackaging.in/product/small-planter-box/" "Mozilla/5.0 (Linux; Android 5.0) AppleWebKit/537.36 (KHTML, like Gecko) Mobile Safari/537.36 (compatible; Bytespider; spider-feedback@bytedance.com)" 1003 **1/1003709**
47.128.112.215 - - [15/Sep/2025:05:26:44 -0700] "GET /wp-content/plugins/elementor/assets/css/widget-spacer.min.css?ver=3.31.5 HTTP/2.0" 404 18104 "https://sapphirepackaging.in/product/small-planter-box/" "Mozilla/5.0 (Linux; Android 5.0) AppleWebKit/537.36 (KHTML, like Gecko) Mobile Safari/537.36 (compatible; Bytespider; spider-feedback@bytedance.com)" 1016 **1/1016843**
47.128.112.215 - - [15/Sep/2025:05:26:44 -0700] "GET /wp-content/plugins/elementor/assets/css/widget-image.min.css?ver=3.31.5 HTTP/2.0" 404 18107 "https://sapphirepackaging.in/product/small-planter-box/" "Mozilla/5.0 (Linux; Android 5.0) AppleWebKit/537.36 (KHTML, like Gecko) Mobile Safari/537.36 (compatible; Bytespider; spider-feedback@bytedance.com)" 1074 **1/1074061**
47.128.112.215 - - [15/Sep/2025:05:26:44 -0700] "GET /wp-content/plugins/elementor/assets/lib/animations/styles/e-animation-pop.min.css?ver=3.31.5 HTTP/2.0" 404 18117 "https://sapphirepackaging.in/product/small-planter-box/" "Mozilla/5.0 (Linux; Android 5.0) AppleWebKit/537.36 (KHTML, like Gecko) Mobile Safari/537.36 (compatible; Bytespider; spider-feedback@bytedance.com)" 967 **0/967570**
47.128.112.215 - - [15/Sep/2025:05:26:44 -0700] "GET /wp-content/uploads/elementor/css/custom-apple-webkit.min.css?ver=1757601376 HTTP/2.0" 404 18102 "https://sapphirepackaging.in/product/small-planter-box/" "Mozilla/5.0 (Linux; Android 5.0) AppleWebKit/537.36 (KHTML, like Gecko) Mobile Safari/537.36 (compatible; Bytespider; spider-feedback@bytedance.com)" 1074 **1/1074802**
47.128.112.215 - - [15/Sep/2025:05:26:45 -0700] "GET /wp-content/uploads/2025/04/whatsapp-16x16.png HTTP/2.0" 404 97393 "https://sapphirepackaging.in/product/small-planter-box/" "Mozilla/5.0 (Linux; Android 5.0) AppleWebKit/537.36 (KHTML, like Gecko) Mobile Safari/537.36 (compatible; Bytespider; spider-feedback@bytedance.com)" 990 **0/990579**
47.128.112.215 - - [15/Sep/2025:05:26:45 -0700] "GET /wp-content/uploads/2023/04/wd-furniture-background.jpg HTTP/2.0" 404 97429 "https://sapphirepackaging.in/product/small-planter-box/" "Mozilla/5.0 (Linux; Android 5.0) AppleWebKit/537.36 (KHTML, like Gecko) Mobile Safari/537.36 (compatible; Bytespider; spider-feedback@bytedance.com)" 1059 **1/1059023**
47.128.112.215 - - [15/Sep/2025:05:26:45 -0700] "GET /wp-content/uploads/2025/04/SAPPHIRE-LOGO-IN-BLACK-COLOR-768x523.png HTTP/2.0" 404 97481 "https://sapphirepackaging.in/product/small-planter-box/" "Mozilla/5.0 (Linux; Android 5.0) AppleWebKit/537.36 (KHTML, like Gecko) Mobile Safari/537.36 (compatible; Bytespider; spider-feedback@bytedance.com)" 1082 **1/1082180**
47.128.112.215 - - [15/Sep/2025:05:26:46 -0700] "GET /wp-content/uploads/2025/04/whatsapp.png HTTP/2.0" 404 97369 "https://sapphirepackaging.in/product/small-planter-box/" "Mozilla/5.0 (Linux; Android 5.0) AppleWebKit/537.36 (KHTML, like Gecko) Mobile Safari/537.36 (compatible; Bytespider; spider-feedback@bytedance.com)" 1067 **1/1067612**
68.178.198.34 - - [15/Sep/2025:05:27:13 -0700] "POST /wp-cron.php?doing_wp_cron=1757939233.9399778842926025390625 HTTP/1.1" 200 - "-" "WordPress/6.8.2; https://www.sapphirepackaging.in" 24 **0/24428**
114.119.157.234 - - [15/Sep/2025:05:27:13 -0700] "GET /product-category/perfume-liner-inserts/colored-liners/?per_row=4&per_page=9&shop_view=grid HTTP/1.1" 200 23839 "https://www.sapphirepackaging.in/product-category/perfume-liner-inserts/colored-liners/?per_page=12&shop_view=grid&per_row=4" "Mozilla/5.0 (Linux; Android 7.0;) AppleWebKit/537.36 (KHTML, like Gecko) Mobile Safari/537.36 (compatible; PetalBot;+https://webmaster.petalsearch.com/site/petalbot)" 1088 **1/1088434**
68.178.198.34 - - [15/Sep/2025:05:28:34 -0700] "POST /wp-cron.php?doing_wp_cron=1757939314.5890760421752929687500 HTTP/1.1" 200 - "-" "WordPress/6.8.2; https://www.sapphirepackaging.in" 24 **0/24559**
114.119.157.206 - - [15/Sep/2025:05:28:33 -0700] "GET /product-category/mono-cartons/tissue-boxes/?per_page=18&shop_view=list HTTP/1.1" 200 24279 "https://www.sapphirepackaging.in/product-category/mono-cartons/tissue-boxes/?shop_view=list&per_page=9" "Mozilla/5.0 (Linux; Android 7.0;) AppleWebKit/537.36 (KHTML, like Gecko) Mobile Safari/537.36 (compatible; PetalBot;+https://webmaster.petalsearch.com/site/petalbot)" 1171 **1/1171602**
68.178.198.34 - - [15/Sep/2025:05:29:51 -0700] "POST /wp-cron.php?doing_wp_cron=1757939391.6925950050354003906250 HTTP/1.1" 200 - "-" "WordPress/6.8.2; https://www.sapphirepackaging.in" 24 **0/24762**
114.119.134.208 - - [15/Sep/2025:05:29:51 -0700] "GET /product-category/corrugated-box/window-boxes/?per_page=18&shop_view=grid&per_row=4 HTTP/1.1" 200 23965 "https://www.sapphirepackaging.in/product-category/corrugated-box/window-boxes/?shop_view=list&per_page=18" "Mozilla/5.0 (Linux; Android 7.0;) AppleWebKit/537.36 (KHTML, like Gecko) Mobile Safari/537.36 (compatible; PetalBot;+https://webmaster.petalsearch.com/site/petalbot)" 960 **0/960874**
139.180.180.168 - - [15/Sep/2025:05:29:56 -0700] "POST /wp-load.php?4d6df2=99695 HTTP/1.1" 200 - "-" "Mozilla/5.0 (Windows NT 10.0; Win64; x64) AppleWebKit/537.36 (KHTML, like Gecko) Chrome/104.0.5112.97 Safari/537.36" 509 **0/509777**
68.178.198.34 - - [15/Sep/2025:05:31:16 -0700] "POST /wp-cron.php?doing_wp_cron=1757939476.9764299392700195312500 HTTP/1.1" 200 - "-" "WordPress/6.8.2; https://www.sapphirepackaging.in" 25 **0/25893**
114.119.135.163 - - [15/Sep/2025:05:31:16 -0700] "GET /product-category/corrugated-box/tuck-in-boxes/?per_page=12&shop_view=grid&per_row=4 HTTP/1.1" 200 23995 "https://www.sapphirepackaging.in/product-category/corrugated-box/tuck-in-boxes/?per_page=12&shop_view=list" "Mozilla/5.0 (Linux; Android 7.0;) AppleWebKit/537.36 (KHTML, like Gecko) Mobile Safari/537.36 (compatible; PetalBot;+https://webmaster.petalsearch.com/site/petalbot)" 1043 **1/1043642**
68.178.198.34 - - [15/Sep/2025:05:32:39 -0700] "POST /wp-cron.php?doing_wp_cron=1757939559.1267199516296386718750 HTTP/1.1" 200 - "-" "WordPress/6.8.2; https://www.sapphirepackaging.in" 25 **0/25921**
114.119.152.164 - - [15/Sep/2025:05:32:38 -0700] "GET /product-category/corrugated-box/top-bottom-boxes/?shop_view=list HTTP/1.1" 200 24059 "https://www.sapphirepackaging.in/product-category/corrugated-box/top-bottom-boxes/" "Mozilla/5.0 (Linux; Android 7.0;) AppleWebKit/537.36 (KHTML, like Gecko) Mobile Safari/537.36 (compatible; PetalBot;+https://webmaster.petalsearch.com/site/petalbot)" 968 **0/968297**
68.178.198.34 - - [15/Sep/2025:05:34:09 -0700] "POST /wp-cron.php?doing_wp_cron=1757939649.5554599761962890625000 HTTP/1.1" 200 - "-" "WordPress/6.8.2; https://www.sapphirepackaging.in" 19 **0/19086**
114.119.139.26 - - [15/Sep/2025:05:34:08 -0700] "GET /all-products/page/1/?per_row=3&per_page=9&shop_view=grid HTTP/1.1" 301 - "https://www.sapphirepackaging.in/all-products/page/2/?per_row=3&per_page=9&shop_view=grid" "Mozilla/5.0 (Linux; Android 7.0;) AppleWebKit/537.36 (KHTML, like Gecko) Mobile Safari/537.36 (compatible; PetalBot;+https://webmaster.petalsearch.com/site/petalbot)" 630 **0/630231**
114.119.139.26 - - [15/Sep/2025:05:34:11 -0700] "GET /all-products/?per_row=3&per_page=9&shop_view=grid HTTP/1.1" 200 26669 "https://www.sapphirepackaging.in/all-products/page/2/?per_row=3&per_page=9&shop_view=grid" "Mozilla/5.0 (Linux; Android 7.0;) AppleWebKit/537.36 (KHTML, like Gecko) Mobile Safari/537.36 (compatible; PetalBot;+https://webmaster.petalsearch.com/site/petalbot)" 1073 **1/1073537**
68.178.198.34 - - [15/Sep/2025:05:35:32 -0700] "POST /wp-cron.php?doing_wp_cron=1757939732.8331429958343505859375 HTTP/1.1" 200 - "-" "WordPress/6.8.2; https://sapphirepackaging.in" 22 **0/22424**
114.119.142.232 - - [15/Sep/2025:05:35:32 -0700] "GET /product-category/perfume-liner-inserts/colored-liners/?per_row=4&shop_view=grid HTTP/1.1" 200 23375 "https://sapphirepackaging.in/product-category/perfume-liner-inserts/colored-liners/?per_row=3&shop_view=grid" "Mozilla/5.0 (Linux; Android 7.0;) AppleWebKit/537.36 (KHTML, like Gecko) Mobile Safari/537.36 (compatible; PetalBot;+https://webmaster.petalsearch.com/site/petalbot)" 972 **0/972122**
66.249.74.10 - - [15/Sep/2025:05:35:43 -0700] "GET /shopdetail/5628392 HTTP/1.1" 404 18092 "-" "Mozilla/5.0 (Linux; Android 6.0.1; Nexus 5X Build/MMB29P) AppleWebKit/537.36 (KHTML, like Gecko) Chrome/140.0.7339.127 Mobile Safari/537.36 (compatible; Googlebot/2.1; +http://www.google.com/bot.html)" 857 **0/857301**
68.178.198.34 - - [15/Sep/2025:05:36:59 -0700] "POST /wp-cron.php?doing_wp_cron=1757939819.4684638977050781250000 HTTP/1.1" 200 - "-" "WordPress/6.8.2; https://sapphirepackaging.in" 22 **0/22225**
114.119.139.26 - - [15/Sep/2025:05:36:58 -0700] "GET /product-category/perfume-liner-inserts/colored-liners/?per_page=12&shop_view=grid&per_row=3 HTTP/1.1" 200 23382 "https://sapphirepackaging.in/product-category/perfume-liner-inserts/colored-liners/?per_page=12" "Mozilla/5.0 (Linux; Android 7.0;) AppleWebKit/537.36 (KHTML, like Gecko) Mobile Safari/537.36 (compatible; PetalBot;+https://webmaster.petalsearch.com/site/petalbot)" 1024 **1/1024437**
68.178.198.34 - - [15/Sep/2025:05:38:15 -0700] "POST /wp-cron.php?doing_wp_cron=1757939895.5183179378509521484375 HTTP/1.1" 200 - "-" "WordPress/6.8.2; https://sapphirepackaging.in" 28 **0/28885**
114.119.152.164 - - [15/Sep/2025:05:38:14 -0700] "GET /product-category/corrugated-box/pizza-box/?per_row=3&per_page=24&shop_view=list HTTP/1.1" 200 23767 "https://sapphirepackaging.in/product-category/corrugated-box/pizza-box/?per_row=3&shop_view=list&per_page=18" "Mozilla/5.0 (Linux; Android 7.0;) AppleWebKit/537.36 (KHTML, like Gecko) Mobile Safari/537.36 (compatible; PetalBot;+https://webmaster.petalsearch.com/site/petalbot)" 1279 **1/1279304**
68.178.198.34 - - [15/Sep/2025:05:39:42 -0700] "POST /wp-cron.php?doing_wp_cron=1757939982.1043341159820556640625 HTTP/1.1" 200 - "-" "WordPress/6.8.2; https://sapphirepackaging.in" 24 **0/24076**
114.119.152.164 - - [15/Sep/2025:05:39:41 -0700] "GET /product-category/corrugated-box/partition-boxes/?per_page=18&shop_view=grid&per_row=3 HTTP/1.1" 200 23415 "https://sapphirepackaging.in/product-category/corrugated-box/partition-boxes/?shop_view=list&per_page=18" "Mozilla/5.0 (Linux; Android 7.0;) AppleWebKit/537.36 (KHTML, like Gecko) Mobile Safari/537.36 (compatible; PetalBot;+https://webmaster.petalsearch.com/site/petalbot)" 1118 **1/1118997**
68.178.198.34 - - [15/Sep/2025:05:41:08 -0700] "POST /wp-cron.php?doing_wp_cron=1757940068.8535890579223632812500 HTTP/1.1" 200 - "-" "WordPress/6.8.2; https://www.sapphirepackaging.in" 23 **0/23079**
114.119.143.187 - - [15/Sep/2025:05:41:08 -0700] "GET /product-category/perfume-liner-inserts/colored-liners/?shop_view=grid&per_row=3 HTTP/1.1" 200 23819 "https://www.sapphirepackaging.in/product-category/perfume-liner-inserts/colored-liners/" "Mozilla/5.0 (Linux; Android 7.0;) AppleWebKit/537.36 (KHTML, like Gecko) Mobile Safari/537.36 (compatible; PetalBot;+https://webmaster.petalsearch.com/site/petalbot)" 1077 **1/1077902**
68.178.198.34 - - [15/Sep/2025:05:42:33 -0700] "POST /wp-cron.php?doing_wp_cron=1757940153.4345428943634033203125 HTTP/1.1" 200 - "-" "WordPress/6.8.2; https://www.sapphirepackaging.in" 20 **0/20480**
114.119.139.26 - - [15/Sep/2025:05:42:32 -0700] "GET /product-category/mono-cartons/perfume-boxes/?per_row=4&per_page=24&shop_view=list HTTP/1.1" 200 24275 "https://www.sapphirepackaging.in/product-category/mono-cartons/perfume-boxes/?per_page=24&shop_view=grid&per_row=4" "Mozilla/5.0 (Linux; Android 7.0;) AppleWebKit/537.36 (KHTML, like Gecko) Mobile Safari/537.36 (compatible; PetalBot;+https://webmaster.petalsearch.com/site/petalbot)" 955 **0/955014**
68.178.198.34 - - [15/Sep/2025:05:43:45 -0700] "POST /wp-cron.php?doing_wp_cron=1757940225.3737950325012207031250 HTTP/1.1" 200 - "-" "WordPress/6.8.2; https://www.sapphirepackaging.in" 25 **0/25134**
114.119.139.26 - - [15/Sep/2025:05:43:44 -0700] "GET /product-category/mono-cartons/cosmetics-boxes/?per_row=3&shop_view=list&per_page=12 HTTP/1.1" 200 24337 "https://www.sapphirepackaging.in/product-category/mono-cartons/cosmetics-boxes/?per_row=3&shop_view=list&per_page=12" "Mozilla/5.0 (Linux; Android 7.0;) AppleWebKit/537.36 (KHTML, like Gecko) Mobile Safari/537.36 (compatible; PetalBot;+https://webmaster.petalsearch.com/site/petalbot)" 1045 **1/1045150**
68.178.198.34 - - [15/Sep/2025:05:43:47 -0700] "POST /wp-admin/admin-ajax.php?action=wp_1_wc_privacy_cleanup&nonce=e2669d6ccb HTTP/1.1" 200 - "-" "WordPress/6.8.2; https://www.sapphirepackaging.in" 1314 **1/1314663**
68.178.198.34 - - [15/Sep/2025:05:45:08 -0700] "POST /wp-cron.php?doing_wp_cron=1757940308.3537430763244628906250 HTTP/1.1" 200 - "-" "WordPress/6.8.2; https://www.sapphirepackaging.in" 24 **0/24621**
114.119.143.187 - - [15/Sep/2025:05:45:07 -0700] "GET /product-category/perfume-liner-inserts/off-white-shade-liners/?per_page=24&shop_view=grid&per_row=3 HTTP/1.1" 200 23876 "https://www.sapphirepackaging.in/product-category/perfume-liner-inserts/off-white-shade-liners/?per_page=24&shop_view=list" "Mozilla/5.0 (Linux; Android 7.0;) AppleWebKit/537.36 (KHTML, like Gecko) Mobile Safari/537.36 (compatible; PetalBot;+https://webmaster.petalsearch.com/site/petalbot)" 1309 **1/1309092**
68.178.198.34 - - [15/Sep/2025:05:46:43 -0700] "POST /wp-cron.php?doing_wp_cron=1757940403.1168859004974365234375 HTTP/1.1" 200 - "-" "WordPress/6.8.2; https://www.sapphirepackaging.in" 22 **0/22329**
114.119.157.206 - - [15/Sep/2025:05:46:42 -0700] "GET /product-category/perfume-liner-inserts/colored-liners/?shop_view=list&per_page=18 HTTP/1.1" 200 24047 "https://www.sapphirepackaging.in/product-category/perfume-liner-inserts/colored-liners/?shop_view=list" "Mozilla/5.0 (Linux; Android 7.0;) AppleWebKit/537.36 (KHTML, like Gecko) Mobile Safari/537.36 (compatible; PetalBot;+https://webmaster.petalsearch.com/site/petalbot)" 969 **0/969850**
68.178.198.34 - - [15/Sep/2025:05:48:21 -0700] "POST /wp-cron.php?doing_wp_cron=1757940501.7306261062622070312500 HTTP/1.1" 200 - "-" "WordPress/6.8.2; https://www.sapphirepackaging.in" 23 **0/23894**
114.119.139.26 - - [15/Sep/2025:05:48:21 -0700] "GET /product-category/corrugated-box/window-boxes/?per_row=4&per_page=9&shop_view=list HTTP/1.1" 200 24441 "https://www.sapphirepackaging.in/product-category/corrugated-box/window-boxes/?per_row=4&per_page=18&shop_view=list" "Mozilla/5.0 (Linux; Android 7.0;) AppleWebKit/537.36 (KHTML, like Gecko) Mobile Safari/537.36 (compatible; PetalBot;+https://webmaster.petalsearch.com/site/petalbot)" 1180 **1/1180696**
68.178.198.34 - - [15/Sep/2025:05:49:35 -0700] "POST /wp-cron.php?doing_wp_cron=1757940575.1973900794982910156250 HTTP/1.1" 200 - "-" "WordPress/6.8.2; https://www.sapphirepackaging.in" 20 **0/20431**
114.119.135.163 - - [15/Sep/2025:05:49:34 -0700] "GET /product-category/perfume-liner-inserts/?per_row=3&per_page=12&shop_view=grid HTTP/1.1" 200 24341 "https://www.sapphirepackaging.in/product-category/perfume-liner-inserts/?per_row=4&per_page=12&shop_view=grid" "Mozilla/5.0 (Linux; Android 7.0;) AppleWebKit/537.36 (KHTML, like Gecko) Mobile Safari/537.36 (compatible; PetalBot;+https://webmaster.petalsearch.com/site/petalbot)" 1089 **1/1089274**
68.178.198.34 - - [15/Sep/2025:05:50:52 -0700] "POST /wp-cron.php?doing_wp_cron=1757940652.4602229595184326171875 HTTP/1.1" 200 - "-" "WordPress/6.8.2; https://www.sapphirepackaging.in" 26 **0/26078**
114.119.134.208 - - [15/Sep/2025:05:50:51 -0700] "GET /product-category/corrugated-box/window-boxes/?per_page=9&shop_view=list HTTP/1.1" 200 24417 "https://www.sapphirepackaging.in/product-category/corrugated-box/window-boxes/?per_page=24&shop_view=list" "Mozilla/5.0 (Linux; Android 7.0;) AppleWebKit/537.36 (KHTML, like Gecko) Mobile Safari/537.36 (compatible; PetalBot;+https://webmaster.petalsearch.com/site/petalbot)" 1038 **1/1038490**
15.235.27.78 - - [15/Sep/2025:05:51:05 -0700] "GET /product-category/corrugated-box/window-boxes/ HTTP/2.0" 200 21425 "-" "Mozilla/5.0 (compatible; AhrefsBot/7.0; +http://ahrefs.com/robot/)" 1125 **1/1125910**
68.178.198.34 - - [15/Sep/2025:05:52:20 -0700] "POST /wp-cron.php?doing_wp_cron=1757940740.1661651134490966796875 HTTP/1.1" 200 - "-" "WordPress/6.8.2; https://www.sapphirepackaging.in" 26 **0/26204**
114.119.143.187 - - [15/Sep/2025:05:52:19 -0700] "GET /product-category/corrugated-box/tuck-in-boxes/?per_row=3&per_page=24&shop_view=list HTTP/1.1" 200 24390 "https://www.sapphirepackaging.in/product-category/corrugated-box/tuck-in-boxes/?per_row=3&per_page=9&shop_view=list" "Mozilla/5.0 (Linux; Android 7.0;) AppleWebKit/537.36 (KHTML, like Gecko) Mobile Safari/537.36 (compatible; PetalBot;+https://webmaster.petalsearch.com/site/petalbot)" 1078 **1/1078083**
68.178.198.34 - - [15/Sep/2025:05:53:34 -0700] "POST /wp-cron.php?doing_wp_cron=1757940814.9650230407714843750000 HTTP/1.1" 200 - "-" "WordPress/6.8.2; https://www.sapphirepackaging.in" 23 **0/23316**
114.119.157.234 - - [15/Sep/2025:05:53:34 -0700] "GET /product-category/corrugated-box/small-planter-boxes/?per_page=24 HTTP/1.1" 200 23828 "https://www.sapphirepackaging.in/product-category/corrugated-box/small-planter-boxes/" "Mozilla/5.0 (Linux; Android 7.0;) AppleWebKit/537.36 (KHTML, like Gecko) Mobile Safari/537.36 (compatible; PetalBot;+https://webmaster.petalsearch.com/site/petalbot)" 931 **0/931140**
68.178.198.34 - - [15/Sep/2025:05:55:05 -0700] "POST /wp-cron.php?doing_wp_cron=1757940905.0336151123046875000000 HTTP/1.1" 200 - "-" "WordPress/6.8.2; https://www.sapphirepackaging.in" 29 **0/29306**
114.119.134.208 - - [15/Sep/2025:05:55:03 -0700] "GET /product-category/perfume-liner-inserts/black-shade-liners/?per_row=3&shop_view=grid&per_page=9 HTTP/1.1" 200 23863 "https://www.sapphirepackaging.in/product-category/perfume-liner-inserts/black-shade-liners/?shop_view=grid&per_row=3" "Mozilla/5.0 (Linux; Android 7.0;) AppleWebKit/537.36 (KHTML, like Gecko) Mobile Safari/537.36 (compatible; PetalBot;+https://webmaster.petalsearch.com/site/petalbot)" 1750 **1/1750479**
68.178.198.34 - - [15/Sep/2025:05:56:34 -0700] "POST /wp-cron.php?doing_wp_cron=1757940994.0429730415344238281250 HTTP/1.1" 200 - "-" "WordPress/6.8.2; https://www.sapphirepackaging.in" 20 **0/20639**
114.119.157.234 - - [15/Sep/2025:05:56:33 -0700] "GET /product-category/corrugated-box/pizza-box/?per_row=4&shop_view=grid&per_page=18 HTTP/1.1" 200 23980 "https://www.sapphirepackaging.in/product-category/corrugated-box/pizza-box/?shop_view=grid&per_row=4" "Mozilla/5.0 (Linux; Android 7.0;) AppleWebKit/537.36 (KHTML, like Gecko) Mobile Safari/537.36 (compatible; PetalBot;+https://webmaster.petalsearch.com/site/petalbot)" 1014 **1/1014271**
68.178.198.34 - - [15/Sep/2025:05:57:57 -0700] "POST /wp-cron.php?doing_wp_cron=1757941077.1419920921325683593750 HTTP/1.1" 200 - "-" "WordPress/6.8.2; https://www.sapphirepackaging.in" 18 **0/18749**
114.119.152.164 - - [15/Sep/2025:05:57:56 -0700] "GET /product-category/perfume-liner-inserts/colored-liners/?per_row=3&per_page=18&shop_view=grid HTTP/1.1" 200 23833 "https://www.sapphirepackaging.in/product-category/perfume-liner-inserts/colored-liners/?per_row=3&shop_view=grid&per_page=18" "Mozilla/5.0 (Linux; Android 7.0;) AppleWebKit/537.36 (KHTML, like Gecko) Mobile Safari/537.36 (compatible; PetalBot;+https://webmaster.petalsearch.com/site/petalbot)" 999 **0/999455**
68.178.198.34 - - [15/Sep/2025:05:59:19 -0700] "POST /wp-cron.php?doing_wp_cron=1757941159.7577168941497802734375 HTTP/1.1" 200 - "-" "WordPress/6.8.2; https://www.sapphirepackaging.in" 28 **0/28590**
114.119.135.163 - - [15/Sep/2025:05:59:19 -0700] "GET /product-category/corrugated-box/universal-style-4-flaps/?per_row=4&shop_view=list&per_page=9 HTTP/1.1" 200 24411 "https://www.sapphirepackaging.in/product-category/corrugated-box/universal-style-4-flaps/?per_row=4&shop_view=list&per_page=9" "Mozilla/5.0 (Linux; Android 7.0;) AppleWebKit/537.36 (KHTML, like Gecko) Mobile Safari/537.36 (compatible; PetalBot;+https://webmaster.petalsearch.com/site/petalbot)" 1175 **1/1175991**
68.178.198.34 - - [15/Sep/2025:06:00:38 -0700] "POST /wp-cron.php?doing_wp_cron=1757941238.8782050609588623046875 HTTP/1.1" 200 - "-" "WordPress/6.8.2; https://www.sapphirepackaging.in" 25 **0/25709**
114.119.157.234 - - [15/Sep/2025:06:00:35 -0700] "GET /product-category/corrugated-box/pizza-box/?per_row=4&shop_view=grid&per_page=9 HTTP/1.1" 200 23985 "https://www.sapphirepackaging.in/product-category/corrugated-box/pizza-box/?shop_view=grid&per_row=4" "Mozilla/5.0 (Linux; Android 7.0;) AppleWebKit/537.36 (KHTML, like Gecko) Mobile Safari/537.36 (compatible; PetalBot;+https://webmaster.petalsearch.com/site/petalbot)" 3820 **3/3820796**
68.178.198.34 - - [15/Sep/2025:06:02:09 -0700] "POST /wp-cron.php?doing_wp_cron=1757941329.3217461109161376953125 HTTP/1.1" 200 - "-" "WordPress/6.8.2; https://www.sapphirepackaging.in" 19 **0/19907**
114.119.134.208 - - [15/Sep/2025:06:02:08 -0700] "GET /product-category/corrugated-box/pizza-box/?per_row=3&shop_view=grid HTTP/1.1" 200 23968 "https://www.sapphirepackaging.in/product-category/corrugated-box/pizza-box/?shop_view=grid&per_row=4" "Mozilla/5.0 (Linux; Android 7.0;) AppleWebKit/537.36 (KHTML, like Gecko) Mobile Safari/537.36 (compatible; PetalBot;+https://webmaster.petalsearch.com/site/petalbot)" 1062 **1/1062743**
68.178.198.34 - - [15/Sep/2025:06:03:32 -0700] "POST /wp-cron.php?doing_wp_cron=1757941412.1540400981903076171875 HTTP/1.1" 200 - "-" "WordPress/6.8.2; https://www.sapphirepackaging.in" 22 **0/22403**
114.119.157.234 - - [15/Sep/2025:06:03:31 -0700] "GET /product-category/corrugated-box/flat-mailer-style/?per_page=18 HTTP/1.1" 200 23935 "https://www.sapphirepackaging.in/product-category/corrugated-box/flat-mailer-style/?per_page=12" "Mozilla/5.0 (Linux; Android 7.0;) AppleWebKit/537.36 (KHTML, like Gecko) Mobile Safari/537.36 (compatible; PetalBot;+https://webmaster.petalsearch.com/site/petalbot)" 1072 **1/1072214**
45.154.98.144 - - [15/Sep/2025:06:03:49 -0700] "GET / HTTP/1.1" 200 308215 "-" "Mozilla/5.0 (Windows NT 10.0; Win64; x64) AppleWebKit/537.36 (KHTML, like Gecko) Chrome/78.0.3904.108 Safari/537.36" 1489 **1/1489175**
45.154.98.144 - - [15/Sep/2025:06:03:50 -0700] "GET //wp-includes/wlwmanifest.xml HTTP/1.1" 301 - "-" "Mozilla/5.0 (Windows NT 10.0; Win64; x64) AppleWebKit/537.36 (KHTML, like Gecko) Chrome/78.0.3904.108 Safari/537.36" 852 **0/852346**
45.154.98.144 - - [15/Sep/2025:06:03:51 -0700] "GET //xmlrpc.php?rsd HTTP/1.1" 301 - "-" "Mozilla/5.0 (Windows NT 10.0; Win64; x64) AppleWebKit/537.36 (KHTML, like Gecko) Chrome/78.0.3904.108 Safari/537.36" 616 **0/616713**
45.154.98.144 - - [15/Sep/2025:06:03:52 -0700] "GET / HTTP/1.1" 200 308215 "-" "Mozilla/5.0 (Windows NT 10.0; Win64; x64) AppleWebKit/537.36 (KHTML, like Gecko) Chrome/78.0.3904.108 Safari/537.36" 1295 **1/1295531**
45.154.98.144 - - [15/Sep/2025:06:03:53 -0700] "GET //?author=1 HTTP/1.1" 301 - "-" "Mozilla/5.0 (Windows NT 10.0; Win64; x64) AppleWebKit/537.36 (KHTML, like Gecko) Chrome/78.0.3904.108 Safari/537.36" 648 **0/648195**
45.154.98.144 - - [15/Sep/2025:06:03:54 -0700] "GET //?author=2 HTTP/1.1" 301 - "-" "Mozilla/5.0 (Windows NT 10.0; Win64; x64) AppleWebKit/537.36 (KHTML, like Gecko) Chrome/78.0.3904.108 Safari/537.36" 681 **0/681731**
45.154.98.144 - - [15/Sep/2025:06:03:55 -0700] "GET //wp-json/wp/v2/users/ HTTP/1.1" 200 1670 "-" "Mozilla/5.0 (Windows NT 10.0; Win64; x64) AppleWebKit/537.36 (KHTML, like Gecko) Chrome/78.0.3904.108 Safari/537.36" 1118 **1/1118916**
45.154.98.144 - - [15/Sep/2025:06:03:56 -0700] "POST //xmlrpc.php HTTP/1.1" 404 97237 "-" "Mozilla/5.0 (Windows NT 10.0; Win64; x64) AppleWebKit/537.36 (KHTML, like Gecko) Chrome/78.0.3904.108 Safari/537.36" 820 **0/820278**
68.178.198.34 - - [15/Sep/2025:06:04:47 -0700] "POST /wp-cron.php?doing_wp_cron=1757941487.2102138996124267578125 HTTP/1.1" 200 - "-" "WordPress/6.8.2; https://www.sapphirepackaging.in" 24 **0/24085**
114.119.152.164 - - [15/Sep/2025:06:04:46 -0700] "GET /product-category/mono-cartons/cosmetics-boxes/?per_row=4&per_page=9&shop_view=list HTTP/1.1" 200 24340 "https://www.sapphirepackaging.in/product-category/mono-cartons/cosmetics-boxes/?per_row=4&per_page=24&shop_view=list" "Mozilla/5.0 (Linux; Android 7.0;) AppleWebKit/537.36 (KHTML, like Gecko) Mobile Safari/537.36 (compatible; PetalBot;+https://webmaster.petalsearch.com/site/petalbot)" 1211 **1/1211719**
68.178.198.34 - - [15/Sep/2025:06:06:15 -0700] "POST /wp-cron.php?doing_wp_cron=1757941575.2781059741973876953125 HTTP/1.1" 200 - "-" "WordPress/6.8.2; https://www.sapphirepackaging.in" 34 **0/34505**
114.119.135.163 - - [15/Sep/2025:06:06:14 -0700] "GET /product-category/corrugated-box/page/2/?per_page=9&shop_view=grid&per_row=3 HTTP/1.1" 200 24143 "https://www.sapphirepackaging.in/product-category/corrugated-box/page/2/?per_page=9&shop_view=grid&per_row=3" "Mozilla/5.0 (Linux; Android 7.0;) AppleWebKit/537.36 (KHTML, like Gecko) Mobile Safari/537.36 (compatible; PetalBot;+https://webmaster.petalsearch.com/site/petalbot)" 1231 **1/1231163**
68.178.198.34 - - [15/Sep/2025:06:07:44 -0700] "POST /wp-cron.php?doing_wp_cron=1757941664.2671799659729003906250 HTTP/1.1" 200 - "-" "WordPress/6.8.2; https://www.sapphirepackaging.in" 27 **0/27637**
