68.178.198.34 - - [15/Sep/2025:12:05:58 -0700] "POST /wp-cron.php?doing_wp_cron=1757963158.5485560894012451171875 HTTP/1.1" 200 - "-" "WordPress/6.8.2; https://www.sapphirepackaging.in" 24 **0/24597**
114.119.139.26 - - [15/Sep/2025:12:05:57 -0700] "GET /product-category/corrugated-box/universal-style-4-flaps/?per_row=3&shop_view=grid&per_page=18 HTTP/1.1" 200 23938 "https://www.sapphirepackaging.in/product-category/corrugated-box/universal-style-4-flaps/?per_row=3&shop_view=grid" "Mozilla/5.0 (Linux; Android 7.0;) AppleWebKit/537.36 (KHTML, like Gecko) Mobile Safari/537.36 (compatible; PetalBot;+https://webmaster.petalsearch.com/site/petalbot)" 977 **0/977983**
68.178.198.34 - - [15/Sep/2025:12:07:18 -0700] "POST /wp-cron.php?doing_wp_cron=1757963238.4348421096801757812500 HTTP/1.1" 200 - "-" "WordPress/6.8.2; https://www.sapphirepackaging.in" 21 **0/21709**
114.119.157.234 - - [15/Sep/2025:12:07:17 -0700] "GET /product-category/corrugated-box/tuck-in-boxes/ HTTP/1.1" 200 23900 "https://www.sapphirepackaging.in/product-category/corrugated-box/handle-boxes/?per_row=4&shop_view=list&per_page=18" "Mozilla/5.0 (Linux; Android 7.0;) AppleWebKit/537.36 (KHTML, like Gecko) Mobile Safari/537.36 (compatible; PetalBot;+https://webmaster.petalsearch.com/site/petalbot)" 860 **0/860178**
68.178.198.34 - - [15/Sep/2025:12:08:39 -0700] "POST /wp-cron.php?doing_wp_cron=1757963319.0821709632873535156250 HTTP/1.1" 200 - "-" "WordPress/6.8.2; https://sapphirepackaging.in" 20 **0/20778**
114.119.142.232 - - [15/Sep/2025:12:08:38 -0700] "GET /product-category/perfume-liner-inserts/black-shade-liners/?per_row=3&per_page=24&shop_view=grid HTTP/1.1" 200 23361 "https://sapphirepackaging.in/product-category/perfume-liner-inserts/black-shade-liners/?per_row=4&shop_view=list&per_page=24" "Mozilla/5.0 (Linux; Android 7.0;) AppleWebKit/537.36 (KHTML, like Gecko) Mobile Safari/537.36 (compatible; PetalBot;+https://webmaster.petalsearch.com/site/petalbot)" 861 **0/861710**
68.178.198.34 - - [15/Sep/2025:12:09:55 -0700] "POST /wp-cron.php?doing_wp_cron=1757963395.2314279079437255859375 HTTP/1.1" 200 - "-" "WordPress/6.8.2; https://www.sapphirepackaging.in" 23 **0/23954**
114.119.157.234 - - [15/Sep/2025:12:09:54 -0700] "GET /product-category/perfume-liner-inserts/?per_page=9 HTTP/1.1" 200 24260 "https://www.sapphirepackaging.in/product-category/perfume-liner-inserts/" "Mozilla/5.0 (Linux; Android 7.0;) AppleWebKit/537.36 (KHTML, like Gecko) Mobile Safari/537.36 (compatible; PetalBot;+https://webmaster.petalsearch.com/site/petalbot)" 1002 **1/1002123**
68.178.198.34 - - [15/Sep/2025:12:11:23 -0700] "POST /wp-cron.php?doing_wp_cron=1757963483.2009139060974121093750 HTTP/1.1" 200 - "-" "WordPress/6.8.2; https://sapphirepackaging.in" 17 **0/17629**
114.119.157.206 - - [15/Sep/2025:12:11:22 -0700] "GET /all-products/page/1/ HTTP/1.1" 301 - "https://sapphirepackaging.in/all-products/page/2/" "Mozilla/5.0 (Linux; Android 7.0;) AppleWebKit/537.36 (KHTML, like Gecko) Mobile Safari/537.36 (compatible; PetalBot;+https://webmaster.petalsearch.com/site/petalbot)" 689 **0/689990**
114.119.157.206 - - [15/Sep/2025:12:11:25 -0700] "GET /all-products/ HTTP/1.1" 200 26890 "https://sapphirepackaging.in/all-products/page/2/" "Mozilla/5.0 (Linux; Android 7.0;) AppleWebKit/537.36 (KHTML, like Gecko) Mobile Safari/537.36 (compatible; PetalBot;+https://webmaster.petalsearch.com/site/petalbot)" 1163 **1/1163340**
124.222.142.44 - - [15/Sep/2025:12:16:32 -0700] "GET / HTTP/1.1" 200 37959 "http://sapphirepackaging.in" "Mozilla/5.0 (iPhone; CPU iPhone OS 13_2_3 like Mac OS X) AppleWebKit/605.1.15 (KHTML, like Gecko) Version/13.0.3 Mobile/15E148 Safari/604.1" 1208 **1/1208665**
98.159.233.70 - - [15/Sep/2025:12:25:04 -0700] "GET / HTTP/1.1" 200 31929 "http://sapphirepackaging.in/" "Mozilla/5.0 (X11; Linux i686; rv:114.0) Gecko/20100101 Firefox/114.0" 2312 **2/2312061**
98.159.233.78 - - [15/Sep/2025:12:25:11 -0700] "GET /contact-us/ HTTP/1.1" 200 19435 "http://sapphirepackaging.in/contactus.aspx" "Mozilla/5.0 (X11; Linux i686; rv:114.0) Gecko/20100101 Firefox/114.0" 1121 **1/1121020**
98.159.233.81 - - [15/Sep/2025:12:25:14 -0700] "GET /wp-content/plugins/contact-form-7/includes/js/index.js?ver=6.1.1 HTTP/1.1" 200 4020 "https://sapphirepackaging.in/contact-us/" "Mozilla/5.0 (X11; Linux i686; rv:114.0) Gecko/20100101 Firefox/114.0" 14 **0/14355**
98.159.233.53 - - [15/Sep/2025:12:25:16 -0700] "POST /wp-json/contact-form-7/v1/contact-forms/6/feedback HTTP/1.1" 200 163 "https://sapphirepackaging.in/contact-us/" "Mozilla/5.0 (X11; Linux i686; rv:114.0) Gecko/20100101 Firefox/114.0" 1501 **1/1501384**
68.178.198.34 - - [15/Sep/2025:12:28:29 -0700] "POST /wp-cron.php?doing_wp_cron=1757964509.9618539810180664062500 HTTP/1.1" 200 - "-" "WordPress/6.8.2; https://sapphirepackaging.in" 21 **0/21705**
114.119.157.234 - - [15/Sep/2025:12:28:29 -0700] "GET /product-category/corrugated-box/?per_row=4&shop_view=list&per_page=18 HTTP/1.1" 200 29657 "https://sapphirepackaging.in/product-category/corrugated-box/?per_row=4&shop_view=list" "Mozilla/5.0 (Linux; Android 7.0;) AppleWebKit/537.36 (KHTML, like Gecko) Mobile Safari/537.36 (compatible; PetalBot;+https://webmaster.petalsearch.com/site/petalbot)" 1265 **1/1265410**
68.178.198.34 - - [15/Sep/2025:12:30:55 -0700] "POST /wp-cron.php?doing_wp_cron=1757964655.5129110813140869140625 HTTP/1.1" 200 - "-" "WordPress/6.8.2; https://sapphirepackaging.in" 21 **0/21543**
5.161.201.188 - - [15/Sep/2025:12:30:54 -0700] "POST /wp-load.php?da5593=14072 HTTP/1.1" 200 - "-" "Mozilla/5.0 (Windows NT 10.0; Win64; x64) AppleWebKit/537.36 (KHTML, like Gecko) Chrome/104.0.5112.97 Safari/537.36" 654 **0/654901**
107.20.236.150 - - [15/Sep/2025:12:36:54 -0700] "GET /robots.txt HTTP/1.1" 200 361 "-" "Mozilla/5.0 AppleWebKit/537.36 (KHTML, like Gecko; compatible; PerplexityBot/1.0; +https://perplexity.ai/perplexitybot)" 6 **0/6824**
68.178.198.34 - - [15/Sep/2025:12:47:44 -0700] "POST /wp-cron.php?doing_wp_cron=1757965664.6343719959259033203125 HTTP/1.1" 200 - "-" "WordPress/6.8.2; https://www.sapphirepackaging.in" 30 **0/30528**
114.119.143.187 - - [15/Sep/2025:12:47:43 -0700] "GET /product-category/perfume-liner-inserts/?per_row=3&per_page=9&shop_view=list HTTP/1.1" 200 24650 "https://www.sapphirepackaging.in/product-category/perfume-liner-inserts/?per_row=3&per_page=12&shop_view=list" "Mozilla/5.0 (Linux; Android 7.0;) AppleWebKit/537.36 (KHTML, like Gecko) Mobile Safari/537.36 (compatible; PetalBot;+https://webmaster.petalsearch.com/site/petalbot)" 1470 **1/1470991**
68.178.198.34 - - [15/Sep/2025:12:48:52 -0700] "POST /wp-cron.php?doing_wp_cron=1757965732.4286379814147949218750 HTTP/1.1" 200 - "-" "WordPress/6.8.2; https://www.sapphirepackaging.in" 25 **0/25891**
114.119.152.164 - - [15/Sep/2025:12:48:51 -0700] "GET /product-category/mono-cartons/perfume-boxes/?per_page=12 HTTP/1.1" 200 23797 "https://www.sapphirepackaging.in/product-category/mono-cartons/perfume-boxes/?per_page=24" "Mozilla/5.0 (Linux; Android 7.0;) AppleWebKit/537.36 (KHTML, like Gecko) Mobile Safari/537.36 (compatible; PetalBot;+https://webmaster.petalsearch.com/site/petalbot)" 1171 **1/1171482**
68.178.198.34 - - [15/Sep/2025:12:50:03 -0700] "POST /wp-cron.php?doing_wp_cron=1757965803.6199560165405273437500 HTTP/1.1" 200 - "-" "WordPress/6.8.2; https://www.sapphirepackaging.in" 38 **0/38163**
114.119.142.232 - - [15/Sep/2025:12:50:02 -0700] "GET /product-category/corrugated-box/small-planter-boxes/?per_page=24&shop_view=grid&per_row=4 HTTP/1.1" 200 23816 "https://www.sapphirepackaging.in/product-category/corrugated-box/small-planter-boxes/?shop_view=list&per_page=24" "Mozilla/5.0 (Linux; Android 7.0;) AppleWebKit/537.36 (KHTML, like Gecko) Mobile Safari/537.36 (compatible; PetalBot;+https://webmaster.petalsearch.com/site/petalbot)" 2411 **2/2411195**
68.178.198.34 - - [15/Sep/2025:12:51:21 -0700] "POST /wp-cron.php?doing_wp_cron=1757965881.0291690826416015625000 HTTP/1.1" 200 - "-" "WordPress/6.8.2; https://sapphirepackaging.in" 28 **0/28823**
114.119.142.232 - - [15/Sep/2025:12:51:20 -0700] "GET /product-category/mono-cartons/perfume-boxes/?per_row=4&shop_view=list HTTP/1.1" 200 23787 "https://sapphirepackaging.in/product-category/mono-cartons/perfume-boxes/?shop_view=grid&per_row=4" "Mozilla/5.0 (Linux; Android 7.0;) AppleWebKit/537.36 (KHTML, like Gecko) Mobile Safari/537.36 (compatible; PetalBot;+https://webmaster.petalsearch.com/site/petalbot)" 1053 **1/1053295**
66.249.74.10 - - [15/Sep/2025:12:51:55 -0700] "GET /all-products/ HTTP/1.1" 200 24102 "-" "Mozilla/5.0 (Linux; Android 6.0.1; Nexus 5X Build/MMB29P) AppleWebKit/537.36 (KHTML, like Gecko) Chrome/140.0.7339.127 Mobile Safari/537.36 (compatible; Googlebot/2.1; +http://www.google.com/bot.html)" 953 **0/953209**
68.178.198.34 - - [15/Sep/2025:12:52:53 -0700] "POST /wp-cron.php?doing_wp_cron=1757965973.1373770236968994140625 HTTP/1.1" 200 - "-" "WordPress/6.8.2; https://sapphirepackaging.in" 18 **0/18224**
114.119.152.164 - - [15/Sep/2025:12:52:52 -0700] "GET /product-category/mono-cartons/?per_page=24&shop_view=grid&per_row=4 HTTP/1.1" 200 24002 "https://sapphirepackaging.in/product-category/mono-cartons/?per_page=24&shop_view=list" "Mozilla/5.0 (Linux; Android 7.0;) AppleWebKit/537.36 (KHTML, like Gecko) Mobile Safari/537.36 (compatible; PetalBot;+https://webmaster.petalsearch.com/site/petalbot)" 1291 **1/1291870**
66.249.74.9 - - [15/Sep/2025:12:53:28 -0700] "GET /wp-content/themes/woodmart-1/css/parts/el-off-canvas-column-btn.min.css?ver=8.1.2 HTTP/1.1" 200 178 "https://sapphirepackaging.in/all-products/" "Mozilla/5.0 (Linux; Android 6.0.1; Nexus 5X Build/MMB29P) AppleWebKit/537.36 (KHTML, like Gecko) Chrome/139.0.7258.127 Mobile Safari/537.36 (compatible; Googlebot/2.1; +http://www.google.com/bot.html)" 6 **0/6863**
66.249.74.10 - - [15/Sep/2025:12:53:41 -0700] "GET /wp-content/plugins/elementor/assets/css/widget-image.min.css?ver=3.32.0 HTTP/1.1" 200 120 "https://sapphirepackaging.in/all-products/" "Mozilla/5.0 (Linux; Android 6.0.1; Nexus 5X Build/MMB29P) AppleWebKit/537.36 (KHTML, like Gecko) Chrome/139.0.7258.127 Mobile Safari/537.36 (compatible; Googlebot/2.1; +http://www.google.com/bot.html)" 8 **0/8526**
68.178.198.34 - - [15/Sep/2025:12:54:11 -0700] "POST /wp-cron.php?doing_wp_cron=1757966051.5064940452575683593750 HTTP/1.1" 200 - "-" "WordPress/6.8.2; https://sapphirepackaging.in" 18 **0/18010**
114.119.152.164 - - [15/Sep/2025:12:54:11 -0700] "GET /product-category/corrugated-box/small-planter-boxes/?per_row=4&shop_view=grid HTTP/1.1" 200 23355 "https://sapphirepackaging.in/product-category/corrugated-box/small-planter-boxes/?per_row=3&shop_view=grid" "Mozilla/5.0 (Linux; Android 7.0;) AppleWebKit/537.36 (KHTML, like Gecko) Mobile Safari/537.36 (compatible; PetalBot;+https://webmaster.petalsearch.com/site/petalbot)" 727 **0/727670**
68.178.198.34 - - [15/Sep/2025:12:55:48 -0700] "POST /wp-cron.php?doing_wp_cron=1757966148.3785181045532226562500 HTTP/1.1" 200 - "-" "WordPress/6.8.2; https://sapphirepackaging.in" 24 **0/24491**
114.119.157.234 - - [15/Sep/2025:12:55:47 -0700] "GET /product-category/corrugated-box/partition-boxes/?shop_view=grid&per_row=3 HTTP/1.1" 200 23372 "https://sapphirepackaging.in/product-category/corrugated-box/partition-boxes/?shop_view=list" "Mozilla/5.0 (Linux; Android 7.0;) AppleWebKit/537.36 (KHTML, like Gecko) Mobile Safari/537.36 (compatible; PetalBot;+https://webmaster.petalsearch.com/site/petalbot)" 1038 **1/1038618**
68.178.198.34 - - [15/Sep/2025:12:57:02 -0700] "POST /wp-cron.php?doing_wp_cron=1757966222.3053090572357177734375 HTTP/1.1" 200 - "-" "WordPress/6.8.2; https://sapphirepackaging.in" 46 **0/46390**
114.119.142.232 - - [15/Sep/2025:12:57:01 -0700] "GET /all-products/page/2/?per_row=4&shop_view=grid&per_page=9 HTTP/1.1" 200 25677 "https://sapphirepackaging.in/all-products/page/1/?per_row=4&shop_view=grid&per_page=9" "Mozilla/5.0 (Linux; Android 7.0;) AppleWebKit/537.36 (KHTML, like Gecko) Mobile Safari/537.36 (compatible; PetalBot;+https://webmaster.petalsearch.com/site/petalbot)" 1776 **1/1776417**
68.178.198.34 - - [15/Sep/2025:12:58:28 -0700] "POST /wp-cron.php?doing_wp_cron=1757966308.5727910995483398437500 HTTP/1.1" 200 - "-" "WordPress/6.8.2; https://sapphirepackaging.in" 29 **0/29355**
114.119.157.206 - - [15/Sep/2025:12:58:27 -0700] "GET /product-category/perfume-liner-inserts/?shop_view=list&per_page=12 HTTP/1.1" 200 24184 "https://sapphirepackaging.in/product-category/perfume-liner-inserts/?shop_view=list" "Mozilla/5.0 (Linux; Android 7.0;) AppleWebKit/537.36 (KHTML, like Gecko) Mobile Safari/537.36 (compatible; PetalBot;+https://webmaster.petalsearch.com/site/petalbot)" 1066 **1/1066693**
68.178.198.34 - - [15/Sep/2025:13:05:59 -0700] "POST /wp-cron.php?doing_wp_cron=1757966759.9272060394287109375000 HTTP/1.1" 200 - "-" "WordPress/6.8.2; https://www.sapphirepackaging.in" 26 **0/26095**
114.119.157.234 - - [15/Sep/2025:13:05:59 -0700] "GET /product-category/corrugated-box/small-planter-boxes/?per_page=9&shop_view=grid&per_row=3 HTTP/1.1" 200 23815 "https://www.sapphirepackaging.in/product-category/corrugated-box/small-planter-boxes/?shop_view=list&per_page=9" "Mozilla/5.0 (Linux; Android 7.0;) AppleWebKit/537.36 (KHTML, like Gecko) Mobile Safari/537.36 (compatible; PetalBot;+https://webmaster.petalsearch.com/site/petalbot)" 1233 **1/1233419**
68.178.198.34 - - [15/Sep/2025:13:07:13 -0700] "POST /wp-cron.php?doing_wp_cron=1757966833.7128539085388183593750 HTTP/1.1" 200 - "-" "WordPress/6.8.2; https://www.sapphirepackaging.in" 24 **0/24708**
114.119.135.163 - - [15/Sep/2025:13:07:13 -0700] "GET /all-products/?per_row=3&shop_view=list&per_page=9 HTTP/1.1" 200 29448 "https://www.sapphirepackaging.in/all-products/page/1/?per_row=3&shop_view=list&per_page=9" "Mozilla/5.0 (Linux; Android 7.0;) AppleWebKit/537.36 (KHTML, like Gecko) Mobile Safari/537.36 (compatible; PetalBot;+https://webmaster.petalsearch.com/site/petalbot)" 1333 **1/1333067**
68.178.198.34 - - [15/Sep/2025:13:10:15 -0700] "POST /wp-cron.php?doing_wp_cron=1757967015.1546039581298828125000 HTTP/1.1" 200 - "-" "WordPress/6.8.2; https://sapphirepackaging.in" 30 **0/30698**
114.119.143.187 - - [15/Sep/2025:13:10:14 -0700] "GET /product-category/perfume-liner-inserts/colored-liners/?per_page=9&shop_view=grid&per_row=4 HTTP/1.1" 200 23359 "https://sapphirepackaging.in/product-category/perfume-liner-inserts/colored-liners/?per_page=9&shop_view=list" "Mozilla/5.0 (Linux; Android 7.0;) AppleWebKit/537.36 (KHTML, like Gecko) Mobile Safari/537.36 (compatible; PetalBot;+https://webmaster.petalsearch.com/site/petalbot)" 1412 **1/1412977**
68.178.198.34 - - [15/Sep/2025:13:12:07 -0700] "POST /wp-cron.php?doing_wp_cron=1757967127.2364749908447265625000 HTTP/1.1" 200 - "-" "WordPress/6.8.2; https://sapphirepackaging.in" 25 **0/25150**
114.119.134.208 - - [15/Sep/2025:13:12:06 -0700] "GET /product-category/perfume-liner-inserts/?per_row=4&per_page=18&shop_view=list HTTP/1.1" 200 24201 "https://sapphirepackaging.in/product-category/perfume-liner-inserts/?per_page=18&shop_view=grid&per_row=4" "Mozilla/5.0 (Linux; Android 7.0;) AppleWebKit/537.36 (KHTML, like Gecko) Mobile Safari/537.36 (compatible; PetalBot;+https://webmaster.petalsearch.com/site/petalbot)" 964 **0/964376**
66.249.74.9 - - [15/Sep/2025:13:14:18 -0700] "GET /product-category/mono-cartons/perfume-boxes/ HTTP/1.1" 301 1 "-" "Mozilla/5.0 (Linux; Android 6.0.1; Nexus 5X Build/MMB29P) AppleWebKit/537.36 (KHTML, like Gecko) Chrome/140.0.7339.127 Mobile Safari/537.36 (compatible; Googlebot/2.1; +http://www.google.com/bot.html)" 468 **0/468713**
68.178.198.34 - - [15/Sep/2025:13:19:31 -0700] "POST /wp-cron.php?doing_wp_cron=1757967571.0423660278320312500000 HTTP/1.1" 200 - "-" "WordPress/6.8.2; https://sapphirepackaging.in" 20 **0/20742**
113.170.62.89 - - [15/Sep/2025:13:19:30 -0700] "GET /product-category/corrugated-box/top-bottom-boxes/?per_row=4&shop_view=list&per_page=24 HTTP/1.1" 200 21641 "-" "Mozilla/5.0 (Linux; Android 10; K) AppleWebKit/537.36 (KHTML, like Gecko) Chrome/122.0.0.0 Mobile Safari/537.36" 1170 **1/1170987**
191.220.85.180 - - [15/Sep/2025:13:19:44 -0700] "GET /product-category/perfume-liner-inserts/black-shade-liners/?shop_view=list&per_page=9 HTTP/1.1" 200 21673 "-" "Mozilla/5.0 (Windows NT 10.0; Win64; x64) AppleWebKit/537.36 (KHTML, like Gecko) Chrome/122.0.0.0 Safari/537.36" 1308 **1/1308733**
191.220.85.180 - - [15/Sep/2025:13:19:46 -0700] "GET /product-category/corrugated-box/top-bottom-boxes/?per_row=4&shop_view=list&per_page=18 HTTP/1.1" 200 21648 "-" "Mozilla/5.0 (Windows NT 10.0; Win64; x64; rv:123.0) Gecko/20100101 Firefox/123.0" 1131 **1/1131262**
186.241.47.75 - - [15/Sep/2025:13:19:48 -0700] "GET /product-category/corrugated-box/top-bottom-boxes/?per_row=3&shop_view=list&per_page=12 HTTP/1.1" 200 21649 "-" "Mozilla/5.0 (Windows NT 10.0; Win64; x64; rv:123.0) Gecko/20100101 Firefox/123.0" 1030 **1/1030704**
103.114.97.250 - - [15/Sep/2025:13:19:49 -0700] "GET /product-category/perfume-liner-inserts/black-shade-liners/?per_row=4&shop_view=grid&per_page=24 HTTP/1.1" 200 21370 "-" "Mozilla/5.0 (Windows NT 10.0; Win64; x64) AppleWebKit/537.36 (KHTML, like Gecko) Chrome/121.0.0.0 Safari/537.36 Edg/121.0.0.0 Trailer/93.3.3695.30" 1026 **1/1026023**
191.220.85.180 - - [15/Sep/2025:13:19:49 -0700] "GET /product-category/perfume-liner-inserts/black-shade-liners/?per_page=9&shop_view=grid&per_row=3 HTTP/1.1" 200 21372 "-" "Mozilla/5.0 (iPhone; CPU iPhone OS 17_3 like Mac OS X) AppleWebKit/605.1.15 (KHTML, like Gecko) EdgiOS/120.0.2210.150 Version/17.0 Mobile/15E148 Safari/604.1" 1031 **1/1031547**
186.241.47.75 - - [15/Sep/2025:13:19:52 -0700] "GET /product-category/perfume-liner-inserts/black-shade-liners/?per_row=4&shop_view=list HTTP/1.1" 200 21677 "-" "Mozilla/5.0 (iPhone; CPU iPhone OS 17_2 like Mac OS X) AppleWebKit/605.1.15 (KHTML, like Gecko) EdgiOS/121.0.2277.107 Version/17.0 Mobile/15E148 Safari/604.1" 1037 **1/1037496**
191.220.85.180 - - [15/Sep/2025:13:19:53 -0700] "GET /product-category/perfume-liner-inserts/black-shade-liners/?per_page=12&shop_view=list HTTP/1.1" 200 21674 "-" "Mozilla/5.0 (Windows NT 10.0; Win64; x64; rv:123.0) Gecko/20100101 Firefox/123.0" 1021 **1/1021831**
186.241.47.75 - - [15/Sep/2025:13:19:57 -0700] "GET /product-category/perfume-liner-inserts/black-shade-liners/?per_page=12&shop_view=grid&per_row=3 HTTP/1.1" 200 21377 "-" "Mozilla/5.0 (Linux; Android 10; K) AppleWebKit/537.36 (KHTML, like Gecko) Chrome/122.0.0.0 Mobile Safari/537.36" 970 **0/970861**
191.220.85.180 - - [15/Sep/2025:13:19:58 -0700] "GET /product-category/perfume-liner-inserts/black-shade-liners/?per_row=4&shop_view=grid&per_page=12 HTTP/1.1" 200 21374 "-" "Mozilla/5.0 (Windows NT 10.0; Win64; x64) AppleWebKit/537.36 (KHTML, like Gecko) Chrome/121.0.0.0 Safari/537.36 Edg/121.0.0.0" 873 **0/873926**
68.178.198.34 - - [15/Sep/2025:13:20:31 -0700] "POST /wp-cron.php?doing_wp_cron=1757967631.8623280525207519531250 HTTP/1.1" 200 - "-" "WordPress/6.8.2; https://sapphirepackaging.in" 29 **0/29076**
181.99.99.35 - - [15/Sep/2025:13:20:31 -0700] "GET /product-category/corrugated-box/top-bottom-boxes/?per_row=4&per_page=9&shop_view=list HTTP/1.1" 200 21639 "-" "Mozilla/5.0 (Windows NT 10.0; Win64; x64) AppleWebKit/537.36 (KHTML, like Gecko) Chrome/121.0.0.0 Safari/537.36 Edg/121.0.0.0 Trailer/92.3.3357.27" 1062 **1/1062113**
189.156.250.63 - - [15/Sep/2025:13:20:31 -0700] "GET /product-category/perfume-liner-inserts/black-shade-liners/?per_row=4&shop_view=grid&per_page=18 HTTP/1.1" 200 21373 "-" "Mozilla/5.0 (Windows NT 10.0; Win64; x64) AppleWebKit/537.36 (KHTML, like Gecko) Chrome/122.0.0.0 Safari/537.36" 1044 **1/1044861**
181.46.69.132 - - [15/Sep/2025:13:20:34 -0700] "GET /product-category/corrugated-box/top-bottom-boxes/?per_row=3&per_page=12&shop_view=list HTTP/1.1" 200 21648 "-" "Mozilla/5.0 (iPhone; CPU iPhone OS 17_0_1 like Mac OS X) AppleWebKit/605.1.15 (KHTML, like Gecko) Version/17.0 Mobile/15E148 Safari/604.1" 1129 **1/1129487**
181.99.99.35 - - [15/Sep/2025:13:20:35 -0700] "GET /product-category/perfume-liner-inserts/black-shade-liners/?per_row=3&shop_view=grid&per_page=24 HTTP/1.1" 200 21371 "-" "Mozilla/5.0 (Windows NT 10.0; Win64; x64) AppleWebKit/537.36 (KHTML, like Gecko) Chrome/121.0.0.0 Safari/537.36 Edg/121.0.0.0 Unique/97.7.7239.70" 1049 **1/1049418**
189.156.250.63 - - [15/Sep/2025:13:20:37 -0700] "GET /product-category/corrugated-box/top-bottom-boxes/?per_row=4&per_page=18&shop_view=grid HTTP/1.1" 200 21330 "-" "Mozilla/5.0 (iPhone; CPU iPhone OS 17_0 like Mac OS X) AppleWebKit/605.1.15 (KHTML, like Gecko) Version/17.0 Mobile/15E148 Safari/604.1 OPX/2.1.0" 942 **0/942296**
181.46.69.132 - - [15/Sep/2025:13:20:38 -0700] "GET /product-category/perfume-liner-inserts/black-shade-liners/?per_row=4&shop_view=grid&per_page=9 HTTP/1.1" 200 21370 "-" "Mozilla/5.0 (Linux; Android 11; moto e20 Build/RONS31.267-94-14) AppleWebKit/537.36 (KHTML, like Gecko) Chrome/122.0.6261.64 Mobile Safari/537.36" 827 **0/827839**
181.99.99.35 - - [15/Sep/2025:13:20:40 -0700] "GET /product-category/corrugated-box/top-bottom-boxes/?per_row=3&shop_view=list&per_page=18 HTTP/1.1" 200 21644 "-" "Mozilla/5.0 (Windows NT 10.0; Win64; x64) AppleWebKit/537.36 (KHTML, like Gecko) Chrome/121.0.0.0 Safari/537.36 Edg/121.0.0.0" 974 **0/974345**
189.156.250.63 - - [15/Sep/2025:13:20:40 -0700] "GET /product-category/corrugated-box/top-bottom-boxes/?per_row=3&per_page=24&shop_view=grid HTTP/1.1" 200 21327 "-" "Mozilla/5.0 (Windows NT 10.0; Win64; x64) AppleWebKit/537.36 (KHTML, like Gecko) Chrome/121.0.0.0 Safari/537.36 Edg/121.0.0.0" 866 **0/866089**
181.46.69.132 - - [15/Sep/2025:13:20:42 -0700] "GET /product-category/perfume-liner-inserts/black-shade-liners/?per_row=3&shop_view=grid&per_page=9 HTTP/1.1" 200 21369 "-" "Mozilla/5.0 (Windows NT 10.0; Win64; x64) AppleWebKit/537.36 (KHTML, like Gecko) Chrome/121.0.0.0 Safari/537.36 Edg/121.0.0.0" 795 **0/795587**
181.99.99.35 - - [15/Sep/2025:13:20:44 -0700] "GET /product-category/corrugated-box/top-bottom-boxes/?per_row=4&shop_view=list&per_page=12 HTTP/1.1" 200 21649 "-" "Mozilla/5.0 (Windows NT 10.0; Win64; x64) AppleWebKit/537.36 (KHTML, like Gecko) Chrome/121.0.0.0 Safari/537.36 Edg/121.0.0.0" 948 **0/948454**
189.156.250.63 - - [15/Sep/2025:13:20:46 -0700] "GET /product-category/corrugated-box/top-bottom-boxes/?per_row=4&per_page=24&shop_view=list HTTP/1.1" 200 21645 "-" "Mozilla/5.0 (Windows NT 10.0; Win64; x64) AppleWebKit/537.36 (KHTML, like Gecko) Chrome/122.0.0.0 Safari/537.36" 908 **0/908403**
181.46.69.132 - - [15/Sep/2025:13:20:48 -0700] "GET /product-category/corrugated-box/top-bottom-boxes/?per_row=3&per_page=18&shop_view=list HTTP/1.1" 200 21645 "-" "Mozilla/5.0 (Windows NT 10.0; Win64; x64) AppleWebKit/537.36 (KHTML, like Gecko) Chrome/122.0.0.0 Safari/537.36 Agency/98.8.8175.80" 865 **0/865668**
181.99.99.35 - - [15/Sep/2025:13:20:49 -0700] "GET /product-category/corrugated-box/top-bottom-boxes/?per_row=4&per_page=9&shop_view=grid HTTP/1.1" 200 21329 "-" "Mozilla/5.0 (iPhone; CPU iPhone OS 17_2 like Mac OS X) AppleWebKit/605.1.15 (KHTML, like Gecko) EdgiOS/120.0.2210.150 Version/17.0 Mobile/15E148 Safari/604.1" 860 **0/860981**
189.156.250.63 - - [15/Sep/2025:13:20:50 -0700] "GET /product-category/perfume-liner-inserts/black-shade-liners/?per_page=24&shop_view=grid&per_row=4 HTTP/1.1" 200 21372 "-" "Mozilla/5.0 (Windows NT 10.0; Win64; x64) AppleWebKit/537.36 (KHTML, like Gecko) Chrome/122.0.0.0 Safari/537.36" 943 **0/943219**
181.46.69.132 - - [15/Sep/2025:13:20:51 -0700] "GET /product-category/corrugated-box/top-bottom-boxes/?per_row=3&shop_view=list&per_page=9 HTTP/1.1" 200 21643 "-" "Mozilla/5.0 (iPhone; CPU iPhone OS 17_0 like Mac OS X) AppleWebKit/605.1.15 (KHTML, like Gecko) Version/17.0 Mobile/15E148 Safari/604.1" 853 **0/853788**
181.99.99.35 - - [15/Sep/2025:13:20:52 -0700] "GET /product-category/perfume-liner-inserts/black-shade-liners/?per_page=24&shop_view=list HTTP/1.1" 200 21674 "-" "Mozilla/5.0 (Windows NT 10.0; Win64; x64) AppleWebKit/537.36 (KHTML, like Gecko) Chrome/121.0.0.0 Safari/537.36 Edg/121.0.0.0 GLS/100.10.9850.99" 784 **0/784475**
189.156.250.63 - - [15/Sep/2025:13:20:55 -0700] "GET /product-category/perfume-liner-inserts/black-shade-liners/?per_page=12&shop_view=grid&per_row=4 HTTP/1.1" 200 21376 "-" "Mozilla/5.0 (Windows NT 10.0; Win64; x64; rv:123.0) Gecko/20100101 Firefox/123.0" 818 **0/818189**
68.178.198.34 - - [15/Sep/2025:13:21:15 -0700] "POST /wp-cron.php?doing_wp_cron=1757967675.1661651134490966796875 HTTP/1.1" 200 - "-" "WordPress/6.8.2; https://www.sapphirepackaging.in" 23 **0/23586**
114.119.157.234 - - [15/Sep/2025:13:21:14 -0700] "GET /product-category/mono-cartons/?per_row=3&shop_view=list&per_page=24 HTTP/1.1" 200 25708 "https://www.sapphirepackaging.in/product-category/mono-cartons/?per_row=3&shop_view=list" "Mozilla/5.0 (Linux; Android 7.0;) AppleWebKit/537.36 (KHTML, like Gecko) Mobile Safari/537.36 (compatible; PetalBot;+https://webmaster.petalsearch.com/site/petalbot)" 1168 **1/1168464**
14.244.224.43 - - [15/Sep/2025:13:21:26 -0700] "GET /product-category/perfume-liner-inserts/black-shade-liners/?shop_view=list&per_page=24 HTTP/1.1" 200 21674 "-" "Mozilla/5.0 (Windows NT 10.0; Win64; x64) AppleWebKit/537.36 (KHTML, like Gecko) Chrome/121.0.0.0 Safari/537.36 Edg/121.0.0.0" 1167 **1/1167381**
210.211.56.93 - - [15/Sep/2025:13:21:27 -0700] "GET /product-category/corrugated-box/top-bottom-boxes/?per_row=4&per_page=18&shop_view=list HTTP/1.1" 200 21646 "-" "Mozilla/5.0 (Windows NT 10.0; Win64; x64) AppleWebKit/537.36 (KHTML, like Gecko) Chrome/121.0.0.0 Safari/537.36 Edg/121.0.0.0" 903 **0/903981**
14.244.224.43 - - [15/Sep/2025:13:21:29 -0700] "GET /product-category/corrugated-box/top-bottom-boxes/?per_row=3&per_page=12&shop_view=grid HTTP/1.1" 200 21331 "-" "Mozilla/5.0 (Windows NT 10.0; Win64; x64) AppleWebKit/537.36 (KHTML, like Gecko) Chrome/121.0.0.0 Safari/537.36 Edg/121.0.0.0 Agency/98.8.8188.80" 836 **0/836248**
123.20.132.55 - - [15/Sep/2025:13:21:29 -0700] "GET /product-category/perfume-liner-inserts/black-shade-liners/?per_page=24&shop_view=grid&per_row=3 HTTP/1.1" 200 21370 "-" "Mozilla/5.0 (Windows NT 10.0; Win64; x64) AppleWebKit/537.36 (KHTML, like Gecko) Chrome/121.0.0.0 Safari/537.36 Edg/121.0.0.0" 1049 **1/1049616**
210.211.56.93 - - [15/Sep/2025:13:21:30 -0700] "GET /product-category/corrugated-box/top-bottom-boxes/?per_row=3&per_page=9&shop_view=list HTTP/1.1" 200 21640 "-" "Mozilla/5.0 (Linux; Android 10; K) AppleWebKit/537.36 (KHTML, like Gecko) Chrome/122.0.0.0 Mobile Safari/537.36" 901 **0/901105**
14.244.224.43 - - [15/Sep/2025:13:21:31 -0700] "GET /product-category/corrugated-box/top-bottom-boxes/?per_row=3&per_page=18&shop_view=grid HTTP/1.1" 200 21325 "-" "Mozilla/5.0 (Windows NT 10.0; Win64; x64) AppleWebKit/537.36 (KHTML, like Gecko) Chrome/121.0.0.0 Safari/537.36 Edg/121.0.0.0" 910 **0/910955**
123.20.132.55 - - [15/Sep/2025:13:21:33 -0700] "GET /product-category/corrugated-box/top-bottom-boxes/?per_row=3&per_page=24&shop_view=list HTTP/1.1" 200 21646 "-" "Mozilla/5.0 (Windows NT 10.0; Win64; x64) AppleWebKit/537.36 (KHTML, like Gecko) Chrome/121.0.0.0 Safari/537.36 Edg/121.0.0.0" 1155 **1/1155461**
210.211.56.93 - - [15/Sep/2025:13:21:35 -0700] "GET /product-category/corrugated-box/top-bottom-boxes/?per_row=3&per_page=9&shop_view=grid HTTP/1.1" 200 21327 "-" "Mozilla/5.0 (Linux; Android 10; K) AppleWebKit/537.36 (KHTML, like Gecko) Chrome/122.0.0.0 Mobile Safari/537.36" 804 **0/804034**
14.244.224.43 - - [15/Sep/2025:13:21:36 -0700] "GET /product-category/perfume-liner-inserts/black-shade-liners/?per_row=3&shop_view=grid HTTP/1.1" 200 21365 "-" "Mozilla/5.0 (Windows NT 10.0; Win64; x64) AppleWebKit/537.36 (KHTML, like Gecko) Chrome/122.0.0.0 Safari/537.36 Config/92.2.2788.20" 874 **0/874350**
123.20.132.55 - - [15/Sep/2025:13:21:37 -0700] "GET /product-category/perfume-liner-inserts/black-shade-liners/?per_page=9&shop_view=list HTTP/1.1" 200 21673 "-" "Mozilla/5.0 (Windows NT 10.0; Win64; x64; rv:123.0) Gecko/20100101 Firefox/123.0" 798 **0/798055**
210.211.56.93 - - [15/Sep/2025:13:21:38 -0700] "GET /product-category/perfume-liner-inserts/black-shade-liners/?shop_view=list&per_page=12 HTTP/1.1" 200 21676 "-" "Mozilla/5.0 (iPad; CPU OS 17_0_3 like Mac OS X) AppleWebKit/605.1.15 (KHTML, like Gecko) Version/17.0 Mobile/15E148 Safari/605.1.15" 967 **0/967640**
14.244.224.43 - - [15/Sep/2025:13:21:39 -0700] "GET /product-category/corrugated-box/top-bottom-boxes/?per_row=3&shop_view=list&per_page=24 HTTP/1.1" 200 21645 "-" "Mozilla/5.0 (Windows NT 10.0; Win64; x64; rv:123.0) Gecko/20100101 Firefox/123.0 OpenWave/94.4.4504.39" 862 **0/862315**
123.20.132.55 - - [15/Sep/2025:13:21:41 -0700] "GET /product-category/perfume-liner-inserts/black-shade-liners/?per_page=9&shop_view=grid&per_row=4 HTTP/1.1" 200 21373 "-" "Mozilla/5.0 (Windows NT 10.0; Win64; x64; rv:123.0) Gecko/20100101 Firefox/123.0 Config/92.2.7601.2" 803 **0/803361**
210.211.56.93 - - [15/Sep/2025:13:21:42 -0700] "GET /product-category/perfume-liner-inserts/black-shade-liners/?shop_view=list&per_page=18 HTTP/1.1" 200 21673 "-" "Mozilla/5.0 (iPhone; CPU iPhone OS 17_0 like Mac OS X) AppleWebKit/605.1.15 (KHTML, like Gecko) EdgiOS/117.0.2045.48 Version/17.0 Mobile/15E148 Safari/604.1" 811 **0/811314**
14.244.224.43 - - [15/Sep/2025:13:21:44 -0700] "GET /product-category/corrugated-box/top-bottom-boxes/?per_row=4&shop_view=list&per_page=9 HTTP/1.1" 200 21639 "-" "Mozilla/5.0 (iPhone; CPU iPhone OS 17_0_2 like Mac OS X) AppleWebKit/605.1.15 (KHTML, like Gecko) Version/17.0 Mobile/15E148 Safari/604.1" 949 **0/949188**
123.20.132.55 - - [15/Sep/2025:13:21:45 -0700] "GET /product-category/corrugated-box/top-bottom-boxes/?per_row=4&per_page=24&shop_view=grid HTTP/1.1" 200 21325 "-" "Mozilla/5.0 (Windows NT 10.0; Win64; x64) AppleWebKit/537.36 (KHTML, like Gecko) Chrome/121.0.0.0 Safari/537.36 Edg/121.0.0.0" 1042 **1/1042553**
210.211.56.93 - - [15/Sep/2025:13:21:46 -0700] "GET /product-category/perfume-liner-inserts/black-shade-liners/?per_row=3&shop_view=grid&per_page=18 HTTP/1.1" 200 21372 "-" "Mozilla/5.0 (Linux; Android 10; K) AppleWebKit/537.36 (KHTML, like Gecko) Chrome/122.0.0.0 Mobile Safari/537.36" 985 **0/985214**
14.244.224.43 - - [15/Sep/2025:13:21:47 -0700] "GET /product-category/perfume-liner-inserts/black-shade-liners/?per_row=3&shop_view=list HTTP/1.1" 200 21678 "-" "Mozilla/5.0 (Windows NT 10.0; Win64; x64) AppleWebKit/537.36 (KHTML, like Gecko) Chrome/121.0.0.0 Safari/537.36 Edg/121.0.0.0 Agency/98.8.8188.80" 804 **0/804855**
123.20.132.55 - - [15/Sep/2025:13:21:48 -0700] "GET /product-category/corrugated-box/top-bottom-boxes/?per_row=4&per_page=12&shop_view=grid HTTP/1.1" 200 21332 "-" "Mozilla/5.0 (Linux; Android 11; moto e20 Build/RONS31.267-94-14) AppleWebKit/537.36 (KHTML, like Gecko) Chrome/122.0.6261.64 Mobile Safari/537.36" 923 **0/923541**
210.211.56.93 - - [15/Sep/2025:13:21:50 -0700] "GET /product-category/perfume-liner-inserts/black-shade-liners/?per_row=4&shop_view=grid HTTP/1.1" 200 21368 "-" "Mozilla/5.0 (iPhone; CPU iPhone OS 17_1 like Mac OS X) AppleWebKit/605.1.15 (KHTML, like Gecko) EdgiOS/121.0.2277.107 Version/17.0 Mobile/15E148 Safari/604.1" 1000 **1/1000053**
14.244.224.43 - - [15/Sep/2025:13:21:51 -0700] "GET /product-category/perfume-liner-inserts/black-shade-liners/?per_row=3&shop_view=grid&per_page=12 HTTP/1.1" 200 21375 "-" "Mozilla/5.0 (iPhone; CPU iPhone OS 17_3 like Mac OS X) AppleWebKit/605.1.15 (KHTML, like Gecko) EdgiOS/121.0.2277.107 Version/17.0 Mobile/15E148 Safari/604.1" 1099 **1/1099382**
123.20.132.55 - - [15/Sep/2025:13:21:52 -0700] "GET /product-category/corrugated-box/top-bottom-boxes/?per_row=4&per_page=12&shop_view=list HTTP/1.1" 200 21649 "-" "Mozilla/5.0 (iPhone; CPU iPhone OS 17_0_3 like Mac OS X) AppleWebKit/605.1.15 (KHTML, like Gecko) Version/17.0.1 Mobile/15E148 Safari/604.1" 1007 **1/1007610**
68.178.198.34 - - [15/Sep/2025:13:22:33 -0700] "POST /wp-cron.php?doing_wp_cron=1757967753.8962049484252929687500 HTTP/1.1" 200 - "-" "WordPress/6.8.2; https://www.sapphirepackaging.in" 25 **0/25371**
114.119.134.208 - - [15/Sep/2025:13:22:33 -0700] "GET /all-products/?per_page=24&shop_view=grid&per_row=4 HTTP/1.1" 200 28242 "https://www.sapphirepackaging.in/all-products/?per_page=24&shop_view=grid&per_row=4" "Mozilla/5.0 (Linux; Android 7.0;) AppleWebKit/537.36 (KHTML, like Gecko) Mobile Safari/537.36 (compatible; PetalBot;+https://webmaster.petalsearch.com/site/petalbot)" 1441 **1/1441853**
68.178.198.34 - - [15/Sep/2025:13:23:48 -0700] "POST /wp-cron.php?doing_wp_cron=1757967828.0700209140777587890625 HTTP/1.1" 200 - "-" "WordPress/6.8.2; https://www.sapphirepackaging.in" 32 **0/32037**
114.119.135.163 - - [15/Sep/2025:13:23:46 -0700] "GET /product-category/mono-cartons/tissue-boxes/?per_row=4&per_page=24&shop_view=grid HTTP/1.1" 200 23902 "https://www.sapphirepackaging.in/product-category/mono-cartons/tissue-boxes/?per_row=4&shop_view=list&per_page=24" "Mozilla/5.0 (Linux; Android 7.0;) AppleWebKit/537.36 (KHTML, like Gecko) Mobile Safari/537.36 (compatible; PetalBot;+https://webmaster.petalsearch.com/site/petalbot)" 1801 **1/1801991**
68.178.198.34 - - [15/Sep/2025:13:25:15 -0700] "POST /wp-cron.php?doing_wp_cron=1757967915.6664259433746337890625 HTTP/1.1" 200 - "-" "WordPress/6.8.2; https://sapphirepackaging.in" 26 **0/26421**
114.119.142.232 - - [15/Sep/2025:13:25:14 -0700] "GET /product-category/corrugated-box/?per_row=3&per_page=18&shop_view=grid HTTP/1.1" 200 26080 "https://sapphirepackaging.in/product-category/corrugated-box/?per_row=4&per_page=18&shop_view=list" "Mozilla/5.0 (Linux; Android 7.0;) AppleWebKit/537.36 (KHTML, like Gecko) Mobile Safari/537.36 (compatible; PetalBot;+https://webmaster.petalsearch.com/site/petalbot)" 1498 **1/1498189**
68.178.198.34 - - [15/Sep/2025:13:31:05 -0700] "POST /wp-cron.php?doing_wp_cron=1757968265.3128900527954101562500 HTTP/1.1" 200 - "-" "WordPress/6.8.2; https://sapphirepackaging.in" 21 **0/21740**
5.161.201.188 - - [15/Sep/2025:13:31:04 -0700] "POST /wp-load.php?4a3901=99419 HTTP/1.1" 200 - "-" "Mozilla/5.0 (Windows NT 10.0; Win64; x64) AppleWebKit/537.36 (KHTML, like Gecko) Chrome/104.0.5112.97 Safari/537.36" 767 **0/767354**
66.249.74.9 - - [15/Sep/2025:13:36:00 -0700] "GET /product-category/mono-cartons/perfume-boxes/ HTTP/1.1" 301 1 "-" "Mozilla/5.0 (Linux; Android 6.0.1; Nexus 5X Build/MMB29P) AppleWebKit/537.36 (KHTML, like Gecko) Chrome/140.0.7339.127 Mobile Safari/537.36 (compatible; Googlebot/2.1; +http://www.google.com/bot.html)" 615 **0/615964**
68.178.198.34 - - [15/Sep/2025:13:36:31 -0700] "POST /wp-cron.php?doing_wp_cron=1757968591.0839700698852539062500 HTTP/1.1" 200 - "-" "WordPress/6.8.2; https://www.sapphirepackaging.in" 29 **0/29647**
66.249.73.5 - - [15/Sep/2025:13:36:30 -0700] "GET /product-category/perfume-liner-inserts/colored-liners/?per_row=3&shop_view=grid&per_page=18 HTTP/1.1" 200 21831 "-" "Mozilla/5.0 (Linux; Android 6.0.1; Nexus 5X Build/MMB29P) AppleWebKit/537.36 (KHTML, like Gecko) Chrome/140.0.7339.127 Mobile Safari/537.36 (compatible; Googlebot/2.1; +http://www.google.com/bot.html)" 959 **0/959174**
66.249.74.9 - - [15/Sep/2025:13:36:46 -0700] "GET /product/perfume-boxes/ HTTP/1.1" 200 24509 "-" "Mozilla/5.0 (Linux; Android 6.0.1; Nexus 5X Build/MMB29P) AppleWebKit/537.36 (KHTML, like Gecko) Chrome/140.0.7339.127 Mobile Safari/537.36 (compatible; Googlebot/2.1; +http://www.google.com/bot.html)" 1093 **1/1093179**
114.119.139.26 - - [15/Sep/2025:13:36:59 -0700] "GET /product-category/perfume-liner-inserts/off-white-shade-liners/?shop_view=list&per_page=18 HTTP/1.1" 200 23605 "https://sapphirepackaging.in/product-category/perfume-liner-inserts/off-white-shade-liners/?shop_view=list" "Mozilla/5.0 (Linux; Android 7.0;) AppleWebKit/537.36 (KHTML, like Gecko) Mobile Safari/537.36 (compatible; PetalBot;+https://webmaster.petalsearch.com/site/petalbot)" 732 **0/732824**
66.249.74.11 - - [15/Sep/2025:13:37:02 -0700] "GET /wp-content/plugins/elementor/assets/css/widget-divider.min.css?ver=3.32.0 HTTP/1.1" 200 705 "https://sapphirepackaging.in/product/perfume-boxes/" "Mozilla/5.0 (Linux; Android 6.0.1; Nexus 5X Build/MMB29P) AppleWebKit/537.36 (KHTML, like Gecko) Chrome/139.0.7258.127 Mobile Safari/537.36 (compatible; Googlebot/2.1; +http://www.google.com/bot.html)" 14 **0/14061**
66.249.74.10 - - [15/Sep/2025:13:37:15 -0700] "GET /wp-content/plugins/elementor/assets/css/widget-spacer.min.css?ver=3.32.0 HTTP/1.1" 200 315 "https://sapphirepackaging.in/product/perfume-boxes/" "Mozilla/5.0 (Linux; Android 6.0.1; Nexus 5X Build/MMB29P) AppleWebKit/537.36 (KHTML, like Gecko) Chrome/139.0.7258.127 Mobile Safari/537.36 (compatible; Googlebot/2.1; +http://www.google.com/bot.html)" 8 **0/8306**
68.178.198.34 - - [15/Sep/2025:13:38:29 -0700] "POST /wp-cron.php?doing_wp_cron=1757968709.3923549652099609375000 HTTP/1.1" 200 - "-" "WordPress/6.8.2; https://sapphirepackaging.in" 22 **0/22298**
114.119.157.234 - - [15/Sep/2025:13:38:28 -0700] "GET /product-category/mono-cartons/cosmetics-boxes/?per_row=3&shop_view=list&per_page=9 HTTP/1.1" 200 23853 "https://sapphirepackaging.in/product-category/mono-cartons/cosmetics-boxes/?per_row=3&shop_view=list" "Mozilla/5.0 (Linux; Android 7.0;) AppleWebKit/537.36 (KHTML, like Gecko) Mobile Safari/537.36 (compatible; PetalBot;+https://webmaster.petalsearch.com/site/petalbot)" 987 **0/987891**
68.178.198.34 - - [15/Sep/2025:13:39:50 -0700] "POST /wp-cron.php?doing_wp_cron=1757968790.7361879348754882812500 HTTP/1.1" 200 - "-" "WordPress/6.8.2; https://sapphirepackaging.in" 22 **0/22228**
114.119.139.26 - - [15/Sep/2025:13:39:50 -0700] "GET /product-category/corrugated-box/universal-style-4-flaps/?per_row=3&per_page=18&shop_view=list HTTP/1.1" 200 23924 "https://sapphirepackaging.in/product-category/corrugated-box/universal-style-4-flaps/?per_row=3&shop_view=grid&per_page=18" "Mozilla/5.0 (Linux; Android 7.0;) AppleWebKit/537.36 (KHTML, like Gecko) Mobile Safari/537.36 (compatible; PetalBot;+https://webmaster.petalsearch.com/site/petalbot)" 1049 **1/1049271**
68.178.198.34 - - [15/Sep/2025:13:41:21 -0700] "POST /wp-cron.php?doing_wp_cron=1757968881.6931200027465820312500 HTTP/1.1" 200 - "-" "WordPress/6.8.2; https://sapphirepackaging.in" 24 **0/24478**
114.119.157.206 - - [15/Sep/2025:13:41:21 -0700] "GET /product-category/corrugated-box/top-bottom-boxes/?shop_view=grid&per_row=4 HTTP/1.1" 200 23269 "https://sapphirepackaging.in/product-category/corrugated-box/top-bottom-boxes/?shop_view=list" "Mozilla/5.0 (Linux; Android 7.0;) AppleWebKit/537.36 (KHTML, like Gecko) Mobile Safari/537.36 (compatible; PetalBot;+https://webmaster.petalsearch.com/site/petalbot)" 1063 **1/1063808**
68.178.198.34 - - [15/Sep/2025:13:42:40 -0700] "POST /wp-cron.php?doing_wp_cron=1757968960.1235589981079101562500 HTTP/1.1" 200 - "-" "WordPress/6.8.2; https://www.sapphirepackaging.in" 23 **0/23093**
114.119.143.187 - - [15/Sep/2025:13:42:39 -0700] "GET /product-category/perfume-liner-inserts/colored-liners/?per_row=3&shop_view=list&per_page=12 HTTP/1.1" 200 24013 "https://www.sapphirepackaging.in/product-category/perfume-liner-inserts/colored-liners/?per_row=3&shop_view=list" "Mozilla/5.0 (Linux; Android 7.0;) AppleWebKit/537.36 (KHTML, like Gecko) Mobile Safari/537.36 (compatible; PetalBot;+https://webmaster.petalsearch.com/site/petalbot)" 1040 **1/1040530**
68.178.198.34 - - [15/Sep/2025:13:44:35 -0700] "POST /wp-cron.php?doing_wp_cron=1757969075.3869180679321289062500 HTTP/1.1" 200 - "-" "WordPress/6.8.2; https://sapphirepackaging.in" 28 **0/28593**
114.119.139.26 - - [15/Sep/2025:13:44:34 -0700] "GET /product-category/corrugated-box/partition-boxes/?per_row=3&shop_view=grid&per_page=9 HTTP/1.1" 200 23388 "https://sapphirepackaging.in/product-category/corrugated-box/partition-boxes/?per_row=3&shop_view=grid" "Mozilla/5.0 (Linux; Android 7.0;) AppleWebKit/537.36 (KHTML, like Gecko) Mobile Safari/537.36 (compatible; PetalBot;+https://webmaster.petalsearch.com/site/petalbot)" 1101 **1/1101949**
68.178.198.34 - - [15/Sep/2025:13:52:40 -0700] "POST /wp-cron.php?doing_wp_cron=1757969560.2279219627380371093750 HTTP/1.1" 200 - "-" "WordPress/6.8.2; https://www.sapphirepackaging.in" 22 **0/22033**
114.119.134.208 - - [15/Sep/2025:13:52:39 -0700] "GET /product-category/perfume-liner-inserts/off-white-shade-liners/?per_row=3&per_page=18&shop_view=grid HTTP/1.1" 200 23852 "https://www.sapphirepackaging.in/product-category/perfume-liner-inserts/off-white-shade-liners/?per_row=3&shop_view=list&per_page=18" "Mozilla/5.0 (Linux; Android 7.0;) AppleWebKit/537.36 (KHTML, like Gecko) Mobile Safari/537.36 (compatible; PetalBot;+https://webmaster.petalsearch.com/site/petalbot)" 1047 **1/1047236**
68.178.198.34 - - [15/Sep/2025:13:53:58 -0700] "POST /wp-cron.php?doing_wp_cron=1757969638.0022540092468261718750 HTTP/1.1" 200 - "-" "WordPress/6.8.2; https://sapphirepackaging.in" 25 **0/25401**
114.119.142.232 - - [15/Sep/2025:13:53:57 -0700] "GET /product-category/corrugated-box/footwear-inner-boxes/?per_page=18&shop_view=grid&per_row=3 HTTP/1.1" 200 23424 "https://sapphirepackaging.in/product-category/corrugated-box/footwear-inner-boxes/?shop_view=list&per_page=18" "Mozilla/5.0 (Linux; Android 7.0;) AppleWebKit/537.36 (KHTML, like Gecko) Mobile Safari/537.36 (compatible; PetalBot;+https://webmaster.petalsearch.com/site/petalbot)" 1197 **1/1197880**
68.178.198.34 - - [15/Sep/2025:13:55:15 -0700] "POST /wp-cron.php?doing_wp_cron=1757969715.7999899387359619140625 HTTP/1.1" 200 - "-" "WordPress/6.8.2; https://sapphirepackaging.in" 27 **0/27364**
114.119.139.26 - - [15/Sep/2025:13:55:15 -0700] "GET /product-category/corrugated-box/?per_page=9 HTTP/1.1" 200 25944 "https://sapphirepackaging.in/product-category/corrugated-box/page/1/?per_page=9" "Mozilla/5.0 (Linux; Android 7.0;) AppleWebKit/537.36 (KHTML, like Gecko) Mobile Safari/537.36 (compatible; PetalBot;+https://webmaster.petalsearch.com/site/petalbot)" 1484 **1/1484125**
66.249.73.4 - - [15/Sep/2025:14:11:53 -0700] "GET /wp-content/themes/woodmart-1/css/parts/woocommerce-base.min.css?ver=8.1.2 HTTP/1.1" 200 1562 "https://www.sapphirepackaging.in/product-category/perfume-liner-inserts/colored-liners/?per_row=3&shop_view=grid&per_page=18" "Mozilla/5.0 (Linux; Android 6.0.1; Nexus 5X Build/MMB29P) AppleWebKit/537.36 (KHTML, like Gecko) Chrome/139.0.7258.127 Mobile Safari/537.36 (compatible; Googlebot/2.1; +http://www.google.com/bot.html)" 12 **0/12035**
66.249.73.6 - - [15/Sep/2025:14:12:03 -0700] "GET /wp-content/themes/woodmart-1/css/parts/woo-opt-free-progress-bar.min.css?ver=8.1.2 HTTP/1.1" 200 273 "https://www.sapphirepackaging.in/product-category/perfume-liner-inserts/colored-liners/?per_row=3&shop_view=grid&per_page=18" "Mozilla/5.0 (Linux; Android 6.0.1; Nexus 5X Build/MMB29P) AppleWebKit/537.36 (KHTML, like Gecko) Chrome/139.0.7258.127 Mobile Safari/537.36 (compatible; Googlebot/2.1; +http://www.google.com/bot.html)" 8 **0/8549**
68.178.198.34 - - [15/Sep/2025:14:17:40 -0700] "POST /wp-cron.php?doing_wp_cron=1757971060.0308010578155517578125 HTTP/1.1" 200 - "-" "WordPress/6.8.2; https://www.sapphirepackaging.in" 22 **0/22277**
114.119.143.187 - - [15/Sep/2025:14:17:37 -0700] "GET /product-category/corrugated-box/flat-mailer-style/?per_page=18&shop_view=grid&per_row=3 HTTP/1.1" 200 23936 "https://www.sapphirepackaging.in/product-category/corrugated-box/flat-mailer-style/?per_page=18&shop_view=list" "Mozilla/5.0 (Linux; Android 7.0;) AppleWebKit/537.36 (KHTML, like Gecko) Mobile Safari/537.36 (compatible; PetalBot;+https://webmaster.petalsearch.com/site/petalbot)" 2823 **2/2823524**
68.178.198.34 - - [15/Sep/2025:14:19:05 -0700] "POST /wp-cron.php?doing_wp_cron=1757971145.6997680664062500000000 HTTP/1.1" 200 - "-" "WordPress/6.8.2; https://sapphirepackaging.in" 21 **0/21711**
114.119.152.164 - - [15/Sep/2025:14:19:04 -0700] "GET /product-category/corrugated-box/?per_row=3&shop_view=list&per_page=12 HTTP/1.1" 200 29652 "https://sapphirepackaging.in/product-category/corrugated-box/?per_row=3&shop_view=list&per_page=12" "Mozilla/5.0 (Linux; Android 7.0;) AppleWebKit/537.36 (KHTML, like Gecko) Mobile Safari/537.36 (compatible; PetalBot;+https://webmaster.petalsearch.com/site/petalbot)" 1279 **1/1279548**
68.178.198.34 - - [15/Sep/2025:14:20:19 -0700] "POST /wp-cron.php?doing_wp_cron=1757971219.5963659286499023437500 HTTP/1.1" 200 - "-" "WordPress/6.8.2; https://sapphirepackaging.in" 33 **0/33517**
114.119.135.163 - - [15/Sep/2025:14:20:18 -0700] "GET /product-category/corrugated-box/window-boxes/?per_page=12&shop_view=grid&per_row=4 HTTP/1.1" 200 23470 "https://sapphirepackaging.in/product-category/corrugated-box/window-boxes/?per_page=12&shop_view=list" "Mozilla/5.0 (Linux; Android 7.0;) AppleWebKit/537.36 (KHTML, like Gecko) Mobile Safari/537.36 (compatible; PetalBot;+https://webmaster.petalsearch.com/site/petalbot)" 1578 **1/1578919**
68.178.198.34 - - [15/Sep/2025:14:25:25 -0700] "POST /wp-cron.php?doing_wp_cron=1757971525.3026909828186035156250 HTTP/1.1" 200 - "-" "WordPress/6.8.2; https://sapphirepackaging.in" 25 **0/25032**
20.77.178.245 - - [15/Sep/2025:14:25:24 -0700] "GET / HTTP/2.0" 200 - "-" "Mozilla/5.0 AppleWebKit/537.36 (KHTML, like Gecko); compatible; ChatGPT-User/1.0; +https://openai.com/bot" 1925 **1/1925303**
113.95.132.181 - - [15/Sep/2025:14:29:21 -0700] "GET /robots.txt HTTP/1.1" 200 386 "-" "Mozilla/5.0 (Windows NT 10.0; Win64; x64) AppleWebKit/537.36 (KHTML, like Gecko) Chrome/90.0.2613.57 Safari/537.36 Edge/18.18362" 11 **0/11014**
68.178.198.34 - - [15/Sep/2025:14:31:07 -0700] "POST /wp-cron.php?doing_wp_cron=1757971867.4399878978729248046875 HTTP/1.1" 200 - "-" "WordPress/6.8.2; https://sapphirepackaging.in" 40 **0/40637**
178.156.128.204 - - [15/Sep/2025:14:31:06 -0700] "POST /wp-load.php?0a5fe0=69425 HTTP/1.1" 200 - "-" "Mozilla/5.0 (Windows NT 10.0; Win64; x64) AppleWebKit/537.36 (KHTML, like Gecko) Chrome/104.0.5112.97 Safari/537.36" 892 **0/892882**
68.178.198.34 - - [15/Sep/2025:14:35:01 -0700] "POST /wp-cron.php?doing_wp_cron=1757972101.1058230400085449218750 HTTP/1.1" 200 - "-" "WordPress/6.8.2; https://sapphirepackaging.in" 33 **0/33791**
15.235.27.140 - - [15/Sep/2025:14:35:00 -0700] "GET /sitemap.rss HTTP/2.0" 200 1076 "-" "Mozilla/5.0 (compatible; AhrefsBot/7.0; +http://ahrefs.com/robot/)" 1193 **1/1193144**
68.178.198.34 - - [15/Sep/2025:14:35:14 -0700] "POST /wp-cron.php?doing_wp_cron=1757972114.9585959911346435546875 HTTP/1.1" 200 - "-" "WordPress/6.8.2; https://www.sapphirepackaging.in" 33 **0/33921**
114.119.152.164 - - [15/Sep/2025:14:35:14 -0700] "GET /product-category/perfume-liner-inserts/off-white-shade-liners/?shop_view=list&per_page=24 HTTP/1.1" 200 24060 "https://www.sapphirepackaging.in/product-category/perfume-liner-inserts/off-white-shade-liners/?shop_view=list&per_page=24" "Mozilla/5.0 (Linux; Android 7.0;) AppleWebKit/537.36 (KHTML, like Gecko) Mobile Safari/537.36 (compatible; PetalBot;+https://webmaster.petalsearch.com/site/petalbot)" 1637 **1/1637954**
68.178.198.34 - - [15/Sep/2025:14:36:31 -0700] "POST /wp-cron.php?doing_wp_cron=1757972191.5901150703430175781250 HTTP/1.1" 200 - "-" "WordPress/6.8.2; https://www.sapphirepackaging.in" 21 **0/21352**
114.119.142.232 - - [15/Sep/2025:14:36:30 -0700] "GET /product-category/corrugated-box/universal-style-4-flaps/?per_row=4&shop_view=grid&per_page=24 HTTP/1.1" 200 23942 "https://www.sapphirepackaging.in/product-category/corrugated-box/universal-style-4-flaps/?shop_view=grid&per_row=4" "Mozilla/5.0 (Linux; Android 7.0;) AppleWebKit/537.36 (KHTML, like Gecko) Mobile Safari/537.36 (compatible; PetalBot;+https://webmaster.petalsearch.com/site/petalbot)" 997 **0/997157**
68.178.198.34 - - [15/Sep/2025:14:38:00 -0700] "POST /wp-cron.php?doing_wp_cron=1757972280.3770399093627929687500 HTTP/1.1" 200 - "-" "WordPress/6.8.2; https://www.sapphirepackaging.in" 27 **0/27075**
114.119.152.164 - - [15/Sep/2025:14:37:59 -0700] "GET /product-category/corrugated-box/flat-mailer-style/?shop_view=grid&per_row=4 HTTP/1.1" 200 23932 "https://www.sapphirepackaging.in/product-category/corrugated-box/flat-mailer-style/?shop_view=list" "Mozilla/5.0 (Linux; Android 7.0;) AppleWebKit/537.36 (KHTML, like Gecko) Mobile Safari/537.36 (compatible; PetalBot;+https://webmaster.petalsearch.com/site/petalbot)" 1253 **1/1253708**
68.178.198.34 - - [15/Sep/2025:14:39:19 -0700] "POST /wp-cron.php?doing_wp_cron=1757972359.3231239318847656250000 HTTP/1.1" 200 - "-" "WordPress/6.8.2; https://sapphirepackaging.in" 28 **0/28468**
114.119.135.163 - - [15/Sep/2025:14:39:18 -0700] "GET /product-category/mono-cartons/cosmetics-boxes/?per_page=9&shop_view=grid&per_row=4 HTTP/1.1" 200 23435 "https://sapphirepackaging.in/product-category/mono-cartons/cosmetics-boxes/?per_page=9" "Mozilla/5.0 (Linux; Android 7.0;) AppleWebKit/537.36 (KHTML, like Gecko) Mobile Safari/537.36 (compatible; PetalBot;+https://webmaster.petalsearch.com/site/petalbot)" 1225 **1/1225100**
68.178.198.34 - - [15/Sep/2025:14:40:54 -0700] "POST /wp-cron.php?doing_wp_cron=1757972454.3184549808502197265625 HTTP/1.1" 200 - "-" "WordPress/6.8.2; https://sapphirepackaging.in" 25 **0/25731**
114.119.157.206 - - [15/Sep/2025:14:40:53 -0700] "GET /product-category/corrugated-box/partition-boxes/?per_row=4&shop_view=list&per_page=18 HTTP/1.1" 200 23796 "https://sapphirepackaging.in/product-category/corrugated-box/partition-boxes/?per_row=4&shop_view=list" "Mozilla/5.0 (Linux; Android 7.0;) AppleWebKit/537.36 (KHTML, like Gecko) Mobile Safari/537.36 (compatible; PetalBot;+https://webmaster.petalsearch.com/site/petalbot)" 1206 **1/1206671**
68.178.198.34 - - [15/Sep/2025:14:42:10 -0700] "POST /wp-cron.php?doing_wp_cron=1757972530.5337519645690917968750 HTTP/1.1" 200 - "-" "WordPress/6.8.2; https://www.sapphirepackaging.in" 23 **0/23816**
