114.119.144.7 - - [01/Apr/2026:08:35:42 -0700] "GET /shop?orderby=popularity&per_row=3&shop_view=grid&per_page=18 HTTP/1.1" 301 - "https://cyclocraze.com/shop/page/3?orderby=popularity&per_row=3&shop_view=grid" "Mozilla/5.0 (Linux; Android 7.0;) AppleWebKit/537.36 (KHTML, like Gecko) Mobile Safari/537.36 (compatible; PetalBot;+https://webmaster.petalsearch.com/site/petalbot)" 952 **0/952451**
68.178.198.34 - - [01/Apr/2026:08:36:08 -0700] "POST /wp-cron.php?doing_wp_cron=1775057768.8622210025787353515625 HTTP/1.1" 200 - "-" "WordPress/6.9.4; https://cyclocraze.com" 19 **0/19683**
5.161.52.234 - - [01/Apr/2026:08:36:07 -0700] "POST /wp-load.php?33816c=16109 HTTP/1.1" 200 - "-" "Mozilla/5.0 (Windows NT 10.0; Win64; x64) AppleWebKit/537.36 (KHTML, like Gecko) Chrome/104.0.5112.97 Safari/537.36" 925 **0/925307**
45.114.84.126 - - [01/Apr/2026:08:37:30 -0700] "GET /.git/config HTTP/1.1" 404 145709 "-" "Mozilla/5.0 (compatible; Scanner/1.0)" 1487 **1/1487022**
117.5.247.82 - - [01/Apr/2026:08:37:37 -0700] "GET /product-category/watches/ HTTP/1.1" 200 29352 "-" "Mozilla/5.0 (Windows; U; Windows 95) AppleWebKit/534.15.1 (KHTML, like Gecko) Version/4.1 Safari/534.15.1" 1448 **1/1448496**
114.119.155.111 - - [01/Apr/2026:08:37:58 -0700] "GET /shop?orderby=popularity&per_page=9&shop_view=grid&per_row=3 HTTP/1.1" 301 - "https://cyclocraze.com/shop/page/8?orderby=popularity&shop_view=list&per_page=9" "Mozilla/5.0 (Linux; Android 7.0;) AppleWebKit/537.36 (KHTML, like Gecko) Mobile Safari/537.36 (compatible; PetalBot;+https://webmaster.petalsearch.com/site/petalbot)" 869 **0/869183**
68.178.198.34 - - [01/Apr/2026:08:38:11 -0700] "POST /wp-cron.php?doing_wp_cron=1775057891.5339710712432861328125 HTTP/1.1" 200 - "-" "WordPress/6.9.4; https://cyclocraze.com" 25 **0/25023**
114.119.155.111 - - [01/Apr/2026:08:38:09 -0700] "GET /shop/?orderby=popularity&per_page=9&shop_view=grid&per_row=3 HTTP/1.1" 200 38184 "https://cyclocraze.com/shop/page/8?orderby=popularity&shop_view=list&per_page=9" "Mozilla/5.0 (Linux; Android 7.0;) AppleWebKit/537.36 (KHTML, like Gecko) Mobile Safari/537.36 (compatible; PetalBot;+https://webmaster.petalsearch.com/site/petalbot)" 1783 **1/1783971**
181.225.75.83 - - [01/Apr/2026:08:38:22 -0700] "GET /product/corima-disc-c-ws-carbon-disc-brake-wheel-shimano-sram-black-white-decals/ HTTP/1.1" 200 36347 "-" "Mozilla/5.0 (Windows NT 6.1; WOW64) AppleWebKit/537.36 (KHTML, like Gecko) Chrome/29.0.1547.62 Safari/537.36" 1750 **1/1750695**
68.178.198.34 - - [01/Apr/2026:08:39:43 -0700] "POST /wp-cron.php?doing_wp_cron=1775057983.4005799293518066406250 HTTP/1.1" 200 - "-" "WordPress/6.9.4; https://cyclocraze.com" 21 **0/21750**
114.119.136.174 - - [01/Apr/2026:08:39:42 -0700] "GET /shop?orderby=date&shop_view=list&per_page=12 HTTP/1.1" 301 - "https://cyclocraze.com/shop/page/2?orderby=date&shop_view=list" "Mozilla/5.0 (Linux; Android 7.0;) AppleWebKit/537.36 (KHTML, like Gecko) Mobile Safari/537.36 (compatible; PetalBot;+https://webmaster.petalsearch.com/site/petalbot)" 1056 **1/1056994**
114.119.136.174 - - [01/Apr/2026:08:39:47 -0700] "GET /shop/?orderby=date&shop_view=list&per_page=12 HTTP/1.1" 200 37904 "https://cyclocraze.com/shop/page/2?orderby=date&shop_view=list" "Mozilla/5.0 (Linux; Android 7.0;) AppleWebKit/537.36 (KHTML, like Gecko) Mobile Safari/537.36 (compatible; PetalBot;+https://webmaster.petalsearch.com/site/petalbot)" 1686 **1/1686433**
68.178.198.34 - - [01/Apr/2026:08:41:24 -0700] "POST /wp-cron.php?doing_wp_cron=1775058084.3784151077270507812500 HTTP/1.1" 200 - "-" "WordPress/6.9.4; https://cyclocraze.com" 22 **0/22253**
57.141.14.79 - - [01/Apr/2026:08:41:22 -0700] "GET /shop/page/2/?add-to-cart=11086 HTTP/2.0" 200 276927 "-" "meta-externalagent/1.1 (+https://developers.facebook.com/docs/sharing/webmasters/crawler)" 1681 **1/1681663**
54.39.6.188 - - [01/Apr/2026:08:41:39 -0700] "GET /category/keyboards/feed/ HTTP/2.0" 200 481 "-" "Mozilla/5.0 (compatible; AhrefsBot/7.0; +http://ahrefs.com/robot/)" 954 **0/954284**
114.119.129.199 - - [01/Apr/2026:08:42:25 -0700] "GET /shop?orderby=date&per_row=4&per_page=9&shop_view=grid HTTP/1.1" 301 - "https://cyclocraze.com/shop/page/7?orderby=date&per_row=3&per_page=9&shop_view=list" "Mozilla/5.0 (Linux; Android 7.0;) AppleWebKit/537.36 (KHTML, like Gecko) Mobile Safari/537.36 (compatible; PetalBot;+https://webmaster.petalsearch.com/site/petalbot)" 904 **0/904824**
68.178.198.34 - - [01/Apr/2026:08:43:15 -0700] "POST /wp-cron.php?doing_wp_cron=1775058195.6842079162597656250000 HTTP/1.1" 200 - "-" "WordPress/6.9.4; https://cyclocraze.com" 26 **0/26546**
64.233.173.224 - - [01/Apr/2026:08:43:14 -0700] "GET /.well-known/traffic-advice HTTP/1.1" 404 24663 "-" "Chrome Privacy Preserving Prefetch Proxy" 1469 **1/1469327**
72.14.201.138 - - [01/Apr/2026:08:43:14 -0700] "GET / HTTP/2.0" 200 38596 "https://www.google.com/" "Mozilla/5.0 (Windows NT 10.0; Win64; x64) AppleWebKit/537.36 (KHTML, like Gecko) Chrome/146.0.0.0 Safari/537.36" 2091 **2/2091713**
68.178.198.34 - - [01/Apr/2026:08:45:19 -0700] "POST /wp-cron.php?doing_wp_cron=1775058319.8258020877838134765625 HTTP/1.1" 200 - "-" "WordPress/6.9.4; https://cyclocraze.com" 29 **0/29639**
114.119.129.199 - - [01/Apr/2026:08:45:18 -0700] "GET /shop/page/9?per_row=4&shop_view=list&per_page=18 HTTP/1.1" 301 - "https://cyclocraze.com/shop/page/2?per_row=4&shop_view=list&per_page=18" "Mozilla/5.0 (Linux; Android 7.0;) AppleWebKit/537.36 (KHTML, like Gecko) Mobile Safari/537.36 (compatible; PetalBot;+https://webmaster.petalsearch.com/site/petalbot)" 1213 **1/1213227**
114.119.129.199 - - [01/Apr/2026:08:45:26 -0700] "GET /shop/page/9/?per_row=4&shop_view=list&per_page=18 HTTP/1.1" 200 38885 "https://cyclocraze.com/shop/page/2?per_row=4&shop_view=list&per_page=18" "Mozilla/5.0 (Linux; Android 7.0;) AppleWebKit/537.36 (KHTML, like Gecko) Mobile Safari/537.36 (compatible; PetalBot;+https://webmaster.petalsearch.com/site/petalbot)" 2055 **2/2055473**
59.183.195.73 - - [01/Apr/2026:08:45:38 -0700] "GET /product-category/apparel-accessories/ HTTP/1.1" 200 25230 "-" "Mozilla/5.0 (compatible; MSIE 9.0; Windows NT 11.0; Trident/4.1)" 1478 **1/1478301**
66.249.66.204 - - [01/Apr/2026:08:46:57 -0700] "GET /robots.txt HTTP/1.1" 200 171 "-" "Mozilla/5.0 (compatible; Googlebot/2.1; +http://www.google.com/bot.html)" 787 **0/787602**
66.249.66.44 - - [01/Apr/2026:08:46:58 -0700] "GET /shopdetail/573652498.phtml HTTP/1.1" 404 24672 "-" "Mozilla/5.0 (Linux; Android 6.0.1; Nexus 5X Build/MMB29P) AppleWebKit/537.36 (KHTML, like Gecko) Chrome/146.0.7680.164 Mobile Safari/537.36 (compatible; Googlebot/2.1; +http://www.google.com/bot.html)" 1332 **1/1332687**
68.178.198.34 - - [01/Apr/2026:08:47:01 -0700] "POST /wp-cron.php?doing_wp_cron=1775058421.4923319816589355468750 HTTP/1.1" 200 - "-" "WordPress/6.9.4; https://cyclocraze.com" 35 **0/35834**
114.119.162.58 - - [01/Apr/2026:08:47:00 -0700] "GET /shop/page/9?orderby=popularity&per_row=3&shop_view=list&per_page=18 HTTP/1.1" 301 - "https://cyclocraze.com/shop/page/6?orderby=popularity&per_row=3&shop_view=list&per_page=18" "Mozilla/5.0 (Linux; Android 7.0;) AppleWebKit/537.36 (KHTML, like Gecko) Mobile Safari/537.36 (compatible; PetalBot;+https://webmaster.petalsearch.com/site/petalbot)" 1140 **1/1140073**
114.119.162.58 - - [01/Apr/2026:08:47:09 -0700] "GET /shop/page/9/?orderby=popularity&per_row=3&shop_view=list&per_page=18 HTTP/1.1" 200 38638 "https://cyclocraze.com/shop/page/6?orderby=popularity&per_row=3&shop_view=list&per_page=18" "Mozilla/5.0 (Linux; Android 7.0;) AppleWebKit/537.36 (KHTML, like Gecko) Mobile Safari/537.36 (compatible; PetalBot;+https://webmaster.petalsearch.com/site/petalbot)" 1759 **1/1759418**
192.252.183.219 - - [01/Apr/2026:08:47:12 -0700] "GET / HTTP/1.0" 400 323629 "-" "-" 1923 **1/1923923**
192.252.183.219 - - [01/Apr/2026:08:47:14 -0700] "GET / HTTP/1.0" 400 318788 "-" "-" 1923 **1/1923597**
192.252.183.219 - - [01/Apr/2026:08:47:16 -0700] "GET / HTTP/1.0" 400 315419 "-" "-" 1978 **1/1978339**
66.249.66.72 - - [01/Apr/2026:08:47:37 -0700] "GET /shopdetail/794730790.phtml HTTP/1.1" 404 24671 "-" "Mozilla/5.0 (Linux; Android 6.0.1; Nexus 5X Build/MMB29P) AppleWebKit/537.36 (KHTML, like Gecko) Chrome/146.0.7680.164 Mobile Safari/537.36 (compatible; Googlebot/2.1; +http://www.google.com/bot.html)" 1302 **1/1302145**
68.178.198.34 - - [01/Apr/2026:08:48:28 -0700] "POST /wp-cron.php?doing_wp_cron=1775058508.0299289226531982421875 HTTP/1.1" 200 - "-" "WordPress/6.9.4; https://cyclocraze.com" 20 **0/20672**
142.44.220.40 - - [01/Apr/2026:08:48:27 -0700] "GET /sitemap.rss HTTP/2.0" 200 3492 "-" "Mozilla/5.0 (compatible; AhrefsBot/7.0; +http://ahrefs.com/robot/)" 1043 **1/1043172**
68.178.198.34 - - [01/Apr/2026:08:49:13 -0700] "POST /wp-cron.php?doing_wp_cron=1775058553.3276801109313964843750 HTTP/1.1" 200 - "-" "WordPress/6.9.4; https://cyclocraze.com" 31 **0/31905**
114.119.144.7 - - [01/Apr/2026:08:49:12 -0700] "GET /shop/page/9?orderby=popularity&per_page=18&shop_view=grid&per_row=3 HTTP/1.1" 301 - "https://cyclocraze.com/shop/page/9?orderby=popularity&per_page=18&shop_view=grid&per_row=3" "Mozilla/5.0 (Linux; Android 7.0;) AppleWebKit/537.36 (KHTML, like Gecko) Mobile Safari/537.36 (compatible; PetalBot;+https://webmaster.petalsearch.com/site/petalbot)" 1201 **1/1201275**
114.119.144.7 - - [01/Apr/2026:08:49:17 -0700] "GET /shop/page/9/?orderby=popularity&per_page=18&shop_view=grid&per_row=3 HTTP/1.1" 200 39133 "https://cyclocraze.com/shop/page/9?orderby=popularity&per_page=18&shop_view=grid&per_row=3" "Mozilla/5.0 (Linux; Android 7.0;) AppleWebKit/537.36 (KHTML, like Gecko) Mobile Safari/537.36 (compatible; PetalBot;+https://webmaster.petalsearch.com/site/petalbot)" 1987 **1/1987688**
68.178.198.34 - - [01/Apr/2026:08:51:21 -0700] "POST /wp-cron.php?doing_wp_cron=1775058681.1663839817047119140625 HTTP/1.1" 200 - "-" "WordPress/6.9.4; https://cyclocraze.com" 23 **0/23970**
114.119.129.199 - - [01/Apr/2026:08:51:20 -0700] "GET /shop/page/9?orderby=date&shop_view=grid&per_row=3 HTTP/1.1" 301 - "https://cyclocraze.com/shop/page/6?orderby=date&shop_view=grid&per_row=3" "Mozilla/5.0 (Linux; Android 7.0;) AppleWebKit/537.36 (KHTML, like Gecko) Mobile Safari/537.36 (compatible; PetalBot;+https://webmaster.petalsearch.com/site/petalbot)" 1094 **1/1094879**
114.119.129.199 - - [01/Apr/2026:08:51:23 -0700] "GET /shop/page/9/?orderby=date&shop_view=grid&per_row=3 HTTP/1.1" 200 38801 "https://cyclocraze.com/shop/page/6?orderby=date&shop_view=grid&per_row=3" "Mozilla/5.0 (Linux; Android 7.0;) AppleWebKit/537.36 (KHTML, like Gecko) Mobile Safari/537.36 (compatible; PetalBot;+https://webmaster.petalsearch.com/site/petalbot)" 1874 **1/1874026**
66.249.66.42 - - [01/Apr/2026:08:52:45 -0700] "GET /product-category/recovery-training/ HTTP/1.1" 200 29873 "-" "Mozilla/5.0 (Linux; Android 6.0.1; Nexus 5X Build/MMB29P) AppleWebKit/537.36 (KHTML, like Gecko) Chrome/146.0.7680.164 Mobile Safari/537.36 (compatible; Googlebot/2.1; +http://www.google.com/bot.html)" 1296 **1/1296057**
114.119.129.199 - - [01/Apr/2026:08:52:53 -0700] "GET /shop/page/9/?per_row=4&per_page=12&shop_view=list HTTP/1.1" 200 37644 "https://cyclocraze.com/shop/page/7/?per_row=4&per_page=12&shop_view=list" "Mozilla/5.0 (Linux; Android 7.0;) AppleWebKit/537.36 (KHTML, like Gecko) Mobile Safari/537.36 (compatible; PetalBot;+https://webmaster.petalsearch.com/site/petalbot)" 1425 **1/1425663**
66.249.66.72 - - [01/Apr/2026:08:52:55 -0700] "GET /wp-content/uploads/elementor/css/post-1676.css?ver=1772928000 HTTP/1.1" 200 265 "https://cyclocraze.com/product-category/recovery-training/" "Mozilla/5.0 (Linux; Android 6.0.1; Nexus 5X Build/MMB29P) AppleWebKit/537.36 (KHTML, like Gecko) Chrome/146.0.7680.164 Mobile Safari/537.36 (compatible; Googlebot/2.1; +http://www.google.com/bot.html)" 9 **0/9223**
66.249.66.72 - - [01/Apr/2026:08:52:55 -0700] "GET /wp-content/plugins/woocommerce/assets/js/frontend/woocommerce.min.js?ver=10.6.0 HTTP/1.1" 200 1336 "https://cyclocraze.com/product-category/recovery-training/" "Mozilla/5.0 (Linux; Android 6.0.1; Nexus 5X Build/MMB29P) AppleWebKit/537.36 (KHTML, like Gecko) Chrome/146.0.7680.164 Mobile Safari/537.36 (compatible; Googlebot/2.1; +http://www.google.com/bot.html)" 11 **0/11054**
68.178.198.34 - - [01/Apr/2026:08:54:53 -0700] "POST /wp-cron.php?doing_wp_cron=1775058893.6098608970642089843750 HTTP/1.1" 200 - "-" "WordPress/6.9.4; https://cyclocraze.com" 24 **0/24027**
114.119.155.111 - - [01/Apr/2026:08:54:52 -0700] "GET /shop/page/9/?orderby=date&per_page=9&shop_view=grid&per_row=4 HTTP/1.1" 200 37288 "https://cyclocraze.com/shop/page/7?orderby=date&per_page=9&shop_view=grid&per_row=4" "Mozilla/5.0 (Linux; Android 7.0;) AppleWebKit/537.36 (KHTML, like Gecko) Mobile Safari/537.36 (compatible; PetalBot;+https://webmaster.petalsearch.com/site/petalbot)" 1334 **1/1334478**
68.178.198.34 - - [01/Apr/2026:08:55:36 -0700] "POST /wp-cron.php?doing_wp_cron=1775058936.7189218997955322265625 HTTP/1.1" 200 - "-" "WordPress/6.9.4; https://cyclocraze.com" 27 **0/27222**
66.249.66.192 - - [01/Apr/2026:08:55:34 -0700] "GET /product-category/bibshorts/ HTTP/1.1" 200 28836 "-" "Mozilla/5.0 (Linux; Android 6.0.1; Nexus 5X Build/MMB29P) AppleWebKit/537.36 (KHTML, like Gecko) Chrome/146.0.7680.164 Mobile Safari/537.36 (compatible; Googlebot/2.1; +http://www.google.com/bot.html)" 1819 **1/1819637**
66.249.66.203 - - [01/Apr/2026:08:57:09 -0700] "GET /wp-content/themes/woodmart/css/parts/woo-widget-other.min.css?ver=8.4.1 HTTP/1.1" 200 189 "https://cyclocraze.com/product-category/bibshorts/" "Mozilla/5.0 (Linux; Android 6.0.1; Nexus 5X Build/MMB29P) AppleWebKit/537.36 (KHTML, like Gecko) Chrome/146.0.7680.164 Mobile Safari/537.36 (compatible; Googlebot/2.1; +http://www.google.com/bot.html)" 9 **0/9154**
66.249.66.11 - - [01/Apr/2026:08:57:09 -0700] "GET /wp-content/themes/woodmart/css/parts/mod-transform.min.css?ver=8.4.1 HTTP/1.1" 200 180 "https://cyclocraze.com/product-category/bibshorts/" "Mozilla/5.0 (Linux; Android 6.0.1; Nexus 5X Build/MMB29P) AppleWebKit/537.36 (KHTML, like Gecko) Chrome/146.0.7680.164 Mobile Safari/537.36 (compatible; Googlebot/2.1; +http://www.google.com/bot.html)" 7 **0/7611**
68.178.198.34 - - [01/Apr/2026:08:57:19 -0700] "POST /wp-cron.php?doing_wp_cron=1775059039.5116250514984130859375 HTTP/1.1" 200 - "-" "WordPress/6.9.4; https://cyclocraze.com" 22 **0/22559**
216.73.216.50 - - [01/Apr/2026:08:57:18 -0700] "GET /compare/?product_id=12346 HTTP/2.0" 200 24829 "-" "Mozilla/5.0 AppleWebKit/537.36 (KHTML, like Gecko; compatible; ClaudeBot/1.0; +claudebot@anthropic.com)" 1451 **1/1451533**
216.73.216.50 - - [01/Apr/2026:08:57:29 -0700] "GET /shop/page/8/ HTTP/2.0" 200 33266 "-" "Mozilla/5.0 AppleWebKit/537.36 (KHTML, like Gecko; compatible; ClaudeBot/1.0; +claudebot@anthropic.com)" 1863 **1/1863868**
114.119.129.199 - - [01/Apr/2026:08:58:16 -0700] "GET /shop/page/8?per_row=3&shop_view=grid&per_page=9 HTTP/1.1" 301 - "https://cyclocraze.com/shop/page/5?per_row=3&shop_view=grid&per_page=9" "Mozilla/5.0 (Linux; Android 7.0;) AppleWebKit/537.36 (KHTML, like Gecko) Mobile Safari/537.36 (compatible; PetalBot;+https://webmaster.petalsearch.com/site/petalbot)" 1139 **1/1139351**
114.119.129.199 - - [01/Apr/2026:08:58:23 -0700] "GET /shop/page/8/?per_row=3&shop_view=grid&per_page=9 HTTP/1.1" 200 37766 "https://cyclocraze.com/shop/page/5?per_row=3&shop_view=grid&per_page=9" "Mozilla/5.0 (Linux; Android 7.0;) AppleWebKit/537.36 (KHTML, like Gecko) Mobile Safari/537.36 (compatible; PetalBot;+https://webmaster.petalsearch.com/site/petalbot)" 1484 **1/1484898**
68.178.198.34 - - [01/Apr/2026:09:00:06 -0700] "POST /wp-cron.php?doing_wp_cron=1775059206.9572789669036865234375 HTTP/1.1" 200 - "-" "WordPress/6.9.4; https://cyclocraze.com" 26 **0/26943**
114.119.155.111 - - [01/Apr/2026:09:00:05 -0700] "GET /shop/page/8?orderby=rating&per_row=4&shop_view=grid&per_page=9 HTTP/1.1" 301 - "https://cyclocraze.com/shop/page/5?orderby=rating&per_row=4&shop_view=grid&per_page=9" "Mozilla/5.0 (Linux; Android 7.0;) AppleWebKit/537.36 (KHTML, like Gecko) Mobile Safari/537.36 (compatible; PetalBot;+https://webmaster.petalsearch.com/site/petalbot)" 1820 **1/1820302**
68.178.198.34 - - [01/Apr/2026:09:01:40 -0700] "POST /wp-cron.php?doing_wp_cron=1775059300.3717761039733886718750 HTTP/1.1" 200 - "-" "WordPress/6.9.4; https://cyclocraze.com" 21 **0/21009**
57.141.14.62 - - [01/Apr/2026:09:01:39 -0700] "GET /product-category/sensors/?add-to-cart=11088 HTTP/2.0" 200 196723 "-" "meta-externalagent/1.1 (+https://developers.facebook.com/docs/sharing/webmasters/crawler)" 1397 **1/1397006**
114.119.153.56 - - [01/Apr/2026:09:01:57 -0700] "GET /shop?orderby=date&per_page=18&shop_view=grid&per_row=4 HTTP/1.1" 301 - "https://cyclocraze.com/shop/page/3?orderby=date&shop_view=list&per_page=18" "Mozilla/5.0 (Linux; Android 7.0;) AppleWebKit/537.36 (KHTML, like Gecko) Mobile Safari/537.36 (compatible; PetalBot;+https://webmaster.petalsearch.com/site/petalbot)" 809 **0/809546**
68.178.198.34 - - [01/Apr/2026:09:02:04 -0700] "POST /wp-cron.php?doing_wp_cron=1775059324.0947649478912353515625 HTTP/1.1" 200 - "-" "WordPress/6.9.4; https://cyclocraze.com" 22 **0/22570**
114.119.153.56 - - [01/Apr/2026:09:02:01 -0700] "GET /shop/?orderby=date&per_page=18&shop_view=grid&per_row=4 HTTP/1.1" 200 40445 "https://cyclocraze.com/shop/page/3?orderby=date&shop_view=list&per_page=18" "Mozilla/5.0 (Linux; Android 7.0;) AppleWebKit/537.36 (KHTML, like Gecko) Mobile Safari/537.36 (compatible; PetalBot;+https://webmaster.petalsearch.com/site/petalbot)" 2586 **2/2586321**
68.178.198.34 - - [01/Apr/2026:09:05:26 -0700] "POST /wp-cron.php?doing_wp_cron=1775059526.3384859561920166015625 HTTP/1.1" 200 - "-" "WordPress/6.9.4; https://cyclocraze.com" 22 **0/22249**
114.119.162.58 - - [01/Apr/2026:09:05:25 -0700] "GET /shop/page/8?orderby=rating&per_row=4&per_page=12&shop_view=list HTTP/1.1" 301 - "https://cyclocraze.com/shop/page/8?orderby=rating&per_row=4&per_page=12&shop_view=list" "Mozilla/5.0 (Linux; Android 7.0;) AppleWebKit/537.36 (KHTML, like Gecko) Mobile Safari/537.36 (compatible; PetalBot;+https://webmaster.petalsearch.com/site/petalbot)" 1231 **1/1231620**
68.178.198.34 - - [01/Apr/2026:09:06:35 -0700] "POST /wp-cron.php?doing_wp_cron=1775059595.0720889568328857421875 HTTP/1.1" 200 - "-" "WordPress/6.9.4; https://cyclocraze.com" 24 **0/24458**
14.167.62.85 - - [01/Apr/2026:09:06:33 -0700] "GET /product/northwave-tribute-2-triathlon-shoes-white/ HTTP/1.1" 200 35977 "-" "Mozilla/5.0 (Windows NT 6.1; Win64; x64) AppleWebKit/537.36 (KHTML, like Gecko) Chrome/88.0.4324.190 Safari/537.36" 1561 **1/1561244**
68.178.198.34 - - [01/Apr/2026:09:08:09 -0700] "POST /wp-cron.php?doing_wp_cron=1775059689.0529329776763916015625 HTTP/1.1" 200 - "-" "WordPress/6.9.4; https://cyclocraze.com" 25 **0/25567**
216.73.216.50 - - [01/Apr/2026:09:08:07 -0700] "GET /shop/?shop_view=grid HTTP/2.0" 200 33594 "-" "Mozilla/5.0 AppleWebKit/537.36 (KHTML, like Gecko; compatible; ClaudeBot/1.0; +claudebot@anthropic.com)" 1989 **1/1989281**
216.73.216.50 - - [01/Apr/2026:09:08:07 -0700] "GET /shop/page/2/ HTTP/2.0" 200 34449 "-" "Mozilla/5.0 AppleWebKit/537.36 (KHTML, like Gecko; compatible; ClaudeBot/1.0; +claudebot@anthropic.com)" 2050 **2/2050255**
74.7.227.30 - - [01/Apr/2026:09:08:08 -0700] "GET /sitemap.rss HTTP/2.0" 200 3491 "-" "Mozilla/5.0 AppleWebKit/537.36 (KHTML, like Gecko; compatible; GPTBot/1.3; +https://openai.com/gptbot)" 1165 **1/1165109**
216.73.216.50 - - [01/Apr/2026:09:08:09 -0700] "GET /shop/page/13/ HTTP/2.0" 301 1 "-" "Mozilla/5.0 AppleWebKit/537.36 (KHTML, like Gecko; compatible; ClaudeBot/1.0; +claudebot@anthropic.com)" 699 **0/699335**
216.73.216.50 - - [01/Apr/2026:09:08:10 -0700] "GET /shop/ HTTP/2.0" 200 33576 "https://cyclocraze.com/shop/page/13/" "Mozilla/5.0 AppleWebKit/537.36 (KHTML, like Gecko; compatible; ClaudeBot/1.0; +claudebot@anthropic.com)" 1581 **1/1581791**
216.73.216.50 - - [01/Apr/2026:09:08:42 -0700] "GET /shop/page/5/ HTTP/2.0" 200 33852 "-" "Mozilla/5.0 AppleWebKit/537.36 (KHTML, like Gecko; compatible; ClaudeBot/1.0; +claudebot@anthropic.com)" 1628 **1/1628704**
216.73.216.50 - - [01/Apr/2026:09:08:42 -0700] "GET /shop/page/9/ HTTP/2.0" 200 33701 "-" "Mozilla/5.0 AppleWebKit/537.36 (KHTML, like Gecko; compatible; ClaudeBot/1.0; +claudebot@anthropic.com)" 1614 **1/1614382**
216.73.216.50 - - [01/Apr/2026:09:08:52 -0700] "GET /shop/page/1/ HTTP/2.0" 301 1 "-" "Mozilla/5.0 AppleWebKit/537.36 (KHTML, like Gecko; compatible; ClaudeBot/1.0; +claudebot@anthropic.com)" 1041 **1/1041904**
216.73.216.50 - - [01/Apr/2026:09:08:52 -0700] "GET /shop/page/10/ HTTP/2.0" 200 34408 "-" "Mozilla/5.0 AppleWebKit/537.36 (KHTML, like Gecko; compatible; ClaudeBot/1.0; +claudebot@anthropic.com)" 1567 **1/1567118**
216.73.216.50 - - [01/Apr/2026:09:08:53 -0700] "GET /shop/ HTTP/2.0" 200 33577 "https://cyclocraze.com/shop/page/1/" "Mozilla/5.0 AppleWebKit/537.36 (KHTML, like Gecko; compatible; ClaudeBot/1.0; +claudebot@anthropic.com)" 1607 **1/1607238**
216.73.216.50 - - [01/Apr/2026:09:09:23 -0700] "GET /shop/page/11/ HTTP/2.0" 200 33377 "-" "Mozilla/5.0 AppleWebKit/537.36 (KHTML, like Gecko; compatible; ClaudeBot/1.0; +claudebot@anthropic.com)" 1451 **1/1451543**
216.73.216.50 - - [01/Apr/2026:09:09:24 -0700] "GET /shop/page/12/ HTTP/2.0" 200 34109 "-" "Mozilla/5.0 AppleWebKit/537.36 (KHTML, like Gecko; compatible; ClaudeBot/1.0; +claudebot@anthropic.com)" 1468 **1/1468905**
68.178.198.34 - - [01/Apr/2026:09:10:12 -0700] "POST /wp-cron.php?doing_wp_cron=1775059812.1284580230712890625000 HTTP/1.1" 200 - "-" "WordPress/6.9.4; https://cyclocraze.com" 28 **0/28404**
216.73.216.50 - - [01/Apr/2026:09:10:11 -0700] "GET /shop/page/14/ HTTP/2.0" 301 1 "-" "Mozilla/5.0 AppleWebKit/537.36 (KHTML, like Gecko; compatible; ClaudeBot/1.0; +claudebot@anthropic.com)" 1056 **1/1056686**
216.73.216.50 - - [01/Apr/2026:09:10:11 -0700] "GET /product-category/tubes/ HTTP/2.0" 200 25213 "-" "Mozilla/5.0 AppleWebKit/537.36 (KHTML, like Gecko; compatible; ClaudeBot/1.0; +claudebot@anthropic.com)" 2083 **2/2083324**
216.73.216.50 - - [01/Apr/2026:09:10:12 -0700] "GET /shop/ HTTP/2.0" 200 33577 "https://cyclocraze.com/shop/page/14/" "Mozilla/5.0 AppleWebKit/537.36 (KHTML, like Gecko; compatible; ClaudeBot/1.0; +claudebot@anthropic.com)" 2008 **2/2008039**
216.73.216.50 - - [01/Apr/2026:09:10:24 -0700] "GET /product-category/sensors/ HTTP/2.0" 200 29559 "-" "Mozilla/5.0 AppleWebKit/537.36 (KHTML, like Gecko; compatible; ClaudeBot/1.0; +claudebot@anthropic.com)" 2042 **2/2042249**
216.73.216.50 - - [01/Apr/2026:09:10:24 -0700] "GET /product-category/bibshorts/ HTTP/2.0" 200 28834 "-" "Mozilla/5.0 AppleWebKit/537.36 (KHTML, like Gecko; compatible; ClaudeBot/1.0; +claudebot@anthropic.com)" 2088 **2/2088981**
43.172.197.87 - - [01/Apr/2026:09:10:33 -0700] "GET /product/speedo-junior-jet-goggles-for-6-14-yrs-3/ HTTP/1.1" 200 36758 "-" "Mozilla/5.0 (Windows NT 10.0; Win64; x64) AppleWebKit/537.36 (KHTML, like Gecko) Chrome/116.0.0.0 Safari/537.36" 1815 **1/1815932**
43.173.179.135 - - [01/Apr/2026:09:10:48 -0700] "GET /product/speedo-junior-jet-goggles-for-6-14-yrs-3/ HTTP/1.1" 200 36759 "-" "Mozilla/5.0 (Windows NT 10.0; Win64; x64) AppleWebKit/537.36 (KHTML, like Gecko) Chrome/111.0.0.0 Safari/537.36" 1340 **1/1340006**
68.178.198.34 - - [01/Apr/2026:09:11:17 -0700] "POST /wp-cron.php?doing_wp_cron=1775059877.9364130496978759765625 HTTP/1.1" 200 - "-" "WordPress/6.9.4; https://cyclocraze.com" 26 **0/26666**
114.119.129.199 - - [01/Apr/2026:09:11:17 -0700] "GET /shop/page/8?orderby=popularity&shop_view=grid&per_row=4 HTTP/1.1" 301 - "https://cyclocraze.com/shop/page/5?orderby=popularity&shop_view=grid&per_row=4" "Mozilla/5.0 (Linux; Android 7.0;) AppleWebKit/537.36 (KHTML, like Gecko) Mobile Safari/537.36 (compatible; PetalBot;+https://webmaster.petalsearch.com/site/petalbot)" 932 **0/932856**
114.119.129.199 - - [01/Apr/2026:09:11:20 -0700] "GET /shop/page/8/?orderby=popularity&shop_view=grid&per_row=4 HTTP/1.1" 200 38629 "https://cyclocraze.com/shop/page/5?orderby=popularity&shop_view=grid&per_row=4" "Mozilla/5.0 (Linux; Android 7.0;) AppleWebKit/537.36 (KHTML, like Gecko) Mobile Safari/537.36 (compatible; PetalBot;+https://webmaster.petalsearch.com/site/petalbot)" 1599 **1/1599349**
43.173.178.3 - - [01/Apr/2026:09:11:53 -0700] "GET /product/wahoo-speedplay-comp-clipless-pedals/ HTTP/1.1" 200 37458 "-" "Mozilla/5.0 (Windows NT 10.0; Win64; x64) AppleWebKit/537.36 (KHTML, like Gecko) Chrome/112.0.0.0 Safari/537.36" 1452 **1/1452778**
68.178.198.34 - - [01/Apr/2026:09:12:09 -0700] "POST /wp-cron.php?doing_wp_cron=1775059929.2829639911651611328125 HTTP/1.1" 200 - "-" "WordPress/6.9.4; https://cyclocraze.com" 26 **0/26531**
43.173.175.226 - - [01/Apr/2026:09:12:07 -0700] "GET /product/wahoo-speedplay-comp-clipless-pedals/ HTTP/1.1" 200 37458 "-" "Mozilla/5.0 (Windows NT 10.0; Win64; x64) AppleWebKit/537.36 (KHTML, like Gecko) Chrome/131.0.0.0 Safari/537.36" 1610 **1/1610629**
114.119.144.7 - - [01/Apr/2026:09:12:43 -0700] "GET /shop/page/8?orderby=popularity&per_row=3&shop_view=list&per_page=12 HTTP/1.1" 301 - "https://cyclocraze.com/shop/page/6?orderby=popularity&per_row=3&shop_view=list&per_page=12" "Mozilla/5.0 (Linux; Android 7.0;) AppleWebKit/537.36 (KHTML, like Gecko) Mobile Safari/537.36 (compatible; PetalBot;+https://webmaster.petalsearch.com/site/petalbot)" 909 **0/909496**
114.119.144.7 - - [01/Apr/2026:09:12:54 -0700] "GET /shop/page/8/?orderby=popularity&per_row=3&shop_view=list&per_page=12 HTTP/1.1" 200 38307 "https://cyclocraze.com/shop/page/6?orderby=popularity&per_row=3&shop_view=list&per_page=12" "Mozilla/5.0 (Linux; Android 7.0;) AppleWebKit/537.36 (KHTML, like Gecko) Mobile Safari/537.36 (compatible; PetalBot;+https://webmaster.petalsearch.com/site/petalbot)" 1653 **1/1653758**
68.178.198.34 - - [01/Apr/2026:09:13:23 -0700] "POST /wp-cron.php?doing_wp_cron=1775060003.0330240726470947265625 HTTP/1.1" 200 - "-" "WordPress/6.9.4; https://cyclocraze.com" 28 **0/28170**
216.73.216.50 - - [01/Apr/2026:09:13:21 -0700] "GET /shop/page/6/ HTTP/2.0" 200 34198 "-" "Mozilla/5.0 AppleWebKit/537.36 (KHTML, like Gecko; compatible; ClaudeBot/1.0; +claudebot@anthropic.com)" 1805 **1/1805523**
216.73.216.50 - - [01/Apr/2026:09:13:21 -0700] "GET /shop/page/7/ HTTP/2.0" 200 34402 "-" "Mozilla/5.0 AppleWebKit/537.36 (KHTML, like Gecko; compatible; ClaudeBot/1.0; +claudebot@anthropic.com)" 1829 **1/1829019**
216.73.216.50 - - [01/Apr/2026:09:13:23 -0700] "GET /shop/page/3/ HTTP/2.0" 200 34490 "-" "Mozilla/5.0 AppleWebKit/537.36 (KHTML, like Gecko; compatible; ClaudeBot/1.0; +claudebot@anthropic.com)" 1479 **1/1479111**
68.178.198.34 - - [01/Apr/2026:09:13:34 -0700] "POST /wp-cron.php?doing_wp_cron=1775060014.0499470233917236328125 HTTP/1.1" 200 - "-" "WordPress/6.9.4; https://cyclocraze.com" 22 **0/22513**
216.73.216.50 - - [01/Apr/2026:09:13:33 -0700] "GET /product/orbra-orca-m31e-team-carb-tit-57cm HTTP/2.0" 301 1 "-" "Mozilla/5.0 AppleWebKit/537.36 (KHTML, like Gecko; compatible; ClaudeBot/1.0; +claudebot@anthropic.com)" 1054 **1/1054307**
216.73.216.50 - - [01/Apr/2026:09:13:34 -0700] "GET /product/orbra-orca-m31e-team-carb-tit-57cm/ HTTP/2.0" 200 32464 "https://cyclocraze.com/product/orbra-orca-m31e-team-carb-tit-57cm" "Mozilla/5.0 AppleWebKit/537.36 (KHTML, like Gecko; compatible; ClaudeBot/1.0; +claudebot@anthropic.com)" 1645 **1/1645361**
68.178.198.34 - - [01/Apr/2026:09:14:52 -0700] "POST /wp-cron.php?doing_wp_cron=1775060092.1176600456237792968750 HTTP/1.1" 200 - "-" "WordPress/6.9.4; https://cyclocraze.com" 26 **0/26429**
114.119.133.63 - - [01/Apr/2026:09:14:51 -0700] "GET /shop/page/8?orderby=date&per_row=4&shop_view=list&per_page=9 HTTP/1.1" 301 - "https://cyclocraze.com/shop/page/9?orderby=date&per_row=4&shop_view=list&per_page=9" "Mozilla/5.0 (Linux; Android 7.0;) AppleWebKit/537.36 (KHTML, like Gecko) Mobile Safari/537.36 (compatible; PetalBot;+https://webmaster.petalsearch.com/site/petalbot)" 1027 **1/1027531**
114.119.133.63 - - [01/Apr/2026:09:14:57 -0700] "GET /shop/page/8/?orderby=date&per_row=4&shop_view=list&per_page=9 HTTP/1.1" 200 36738 "https://cyclocraze.com/shop/page/9?orderby=date&per_row=4&shop_view=list&per_page=9" "Mozilla/5.0 (Linux; Android 7.0;) AppleWebKit/537.36 (KHTML, like Gecko) Mobile Safari/537.36 (compatible; PetalBot;+https://webmaster.petalsearch.com/site/petalbot)" 1559 **1/1559150**
216.73.216.50 - - [01/Apr/2026:09:15:10 -0700] "GET /product/orbea-orca-m30-carbon-tit-53cm HTTP/2.0" 301 1 "-" "Mozilla/5.0 AppleWebKit/537.36 (KHTML, like Gecko; compatible; ClaudeBot/1.0; +claudebot@anthropic.com)" 1230 **1/1230986**
216.73.216.50 - - [01/Apr/2026:09:15:11 -0700] "GET /product/orbea-orca-m30-carbon-tit-53cm/ HTTP/2.0" 200 32016 "https://cyclocraze.com/product/orbea-orca-m30-carbon-tit-53cm" "Mozilla/5.0 AppleWebKit/537.36 (KHTML, like Gecko; compatible; ClaudeBot/1.0; +claudebot@anthropic.com)" 1762 **1/1762862**
68.178.198.34 - - [01/Apr/2026:09:16:38 -0700] "POST /wp-cron.php?doing_wp_cron=1775060198.4744539260864257812500 HTTP/1.1" 200 - "-" "WordPress/6.9.4; https://cyclocraze.com" 20 **0/20622**
18.210.201.249 - - [01/Apr/2026:09:16:37 -0700] "GET /robots.txt HTTP/1.1" 200 191 "-" "Mozilla/5.0 (Macintosh; Intel Mac OS X 10_10_1) AppleWebKit/600.2.5 (KHTML, like Gecko) Version/8.0.2 Safari/600.2.5 (Gort)" 875 **0/875251**
68.178.198.34 - - [01/Apr/2026:09:17:11 -0700] "POST /wp-cron.php?doing_wp_cron=1775060231.7131268978118896484375 HTTP/1.1" 200 - "-" "WordPress/6.9.4; https://cyclocraze.com" 23 **0/23236**
216.73.216.50 - - [01/Apr/2026:09:17:10 -0700] "GET /product/cycplus-as2-pro-mini-e-pump HTTP/2.0" 301 1 "-" "Mozilla/5.0 AppleWebKit/537.36 (KHTML, like Gecko; compatible; ClaudeBot/1.0; +claudebot@anthropic.com)" 925 **0/925571**
216.73.216.50 - - [01/Apr/2026:09:17:11 -0700] "GET /product/cycplus-as2-pro-mini-e-pump/ HTTP/2.0" 200 33349 "https://cyclocraze.com/product/cycplus-as2-pro-mini-e-pump" "Mozilla/5.0 AppleWebKit/537.36 (KHTML, like Gecko; compatible; ClaudeBot/1.0; +claudebot@anthropic.com)" 1309 **1/1309196**
20.227.140.34 - - [01/Apr/2026:09:17:12 -0700] "GET / HTTP/2.0" 200 - "-" "Mozilla/5.0 AppleWebKit/537.36 (KHTML, like Gecko); compatible; ChatGPT-User/1.0; +https://openai.com/bot" 1625 **1/1625325**
52.231.49.59 - - [01/Apr/2026:09:17:33 -0700] "GET /installing-a-bike-bottle-cage-a-step-by-step-guide/ HTTP/2.0" 200 34571 "-" "Mozilla/5.0 AppleWebKit/537.36 (KHTML, like Gecko); compatible; ChatGPT-User/1.0; +https://openai.com/bot" 1393 **1/1393853**
68.178.198.34 - - [01/Apr/2026:09:19:05 -0700] "POST /wp-cron.php?doing_wp_cron=1775060345.8261799812316894531250 HTTP/1.1" 200 - "-" "WordPress/6.9.4; https://cyclocraze.com" 27 **0/27639**
216.73.216.50 - - [01/Apr/2026:09:19:04 -0700] "GET /tag/imported-bicycle HTTP/2.0" 301 1 "-" "Mozilla/5.0 AppleWebKit/537.36 (KHTML, like Gecko; compatible; ClaudeBot/1.0; +claudebot@anthropic.com)" 1142 **1/1142612**
216.73.216.50 - - [01/Apr/2026:09:19:05 -0700] "GET /tag/imported-bicycle/ HTTP/2.0" 200 28825 "https://cyclocraze.com/tag/imported-bicycle" "Mozilla/5.0 AppleWebKit/537.36 (KHTML, like Gecko; compatible; ClaudeBot/1.0; +claudebot@anthropic.com)" 1626 **1/1626150**
114.119.155.111 - - [01/Apr/2026:09:19:09 -0700] "GET /shop/page/8/?per_page=9&shop_view=list HTTP/1.1" 200 37388 "https://cyclocraze.com/shop/page/10/?per_page=9&shop_view=list" "Mozilla/5.0 (Linux; Android 7.0;) AppleWebKit/537.36 (KHTML, like Gecko) Mobile Safari/537.36 (compatible; PetalBot;+https://webmaster.petalsearch.com/site/petalbot)" 1858 **1/1858433**
68.178.198.34 - - [01/Apr/2026:09:20:03 -0700] "POST /wp-cron.php?doing_wp_cron=1775060403.4819080829620361328125 HTTP/1.1" 200 - "-" "WordPress/6.9.4; https://cyclocraze.com" 22 **0/22360**
114.119.153.56 - - [01/Apr/2026:09:20:00 -0700] "GET /shop/page/8/?per_page=12&shop_view=grid&per_row=4 HTTP/1.1" 200 37516 "https://cyclocraze.com/shop/page/5/?per_page=12&shop_view=grid&per_row=4" "Mozilla/5.0 (Linux; Android 7.0;) AppleWebKit/537.36 (KHTML, like Gecko) Mobile Safari/537.36 (compatible; PetalBot;+https://webmaster.petalsearch.com/site/petalbot)" 3046 **3/3046310**
216.73.216.50 - - [01/Apr/2026:09:20:44 -0700] "GET /?p=11140 HTTP/2.0" 301 1 "-" "Mozilla/5.0 AppleWebKit/537.36 (KHTML, like Gecko; compatible; ClaudeBot/1.0; +claudebot@anthropic.com)" 932 **0/932364**
216.73.216.50 - - [01/Apr/2026:09:20:45 -0700] "GET /product/zone-3-attack-sunglasses-red-white/ HTTP/2.0" 200 32121 "https://cyclocraze.com/?p=11140" "Mozilla/5.0 AppleWebKit/537.36 (KHTML, like Gecko; compatible; ClaudeBot/1.0; +claudebot@anthropic.com)" 1892 **1/1892807**
68.178.198.34 - - [01/Apr/2026:09:21:16 -0700] "POST /wp-cron.php?doing_wp_cron=1775060476.9323050975799560546875 HTTP/1.1" 200 - "-" "WordPress/6.9.4; https://cyclocraze.com" 26 **0/26440**
51.222.168.103 - - [01/Apr/2026:09:21:15 -0700] "GET /tag/mountain-cycle/ HTTP/2.0" 200 26237 "-" "Mozilla/5.0 (compatible; AhrefsBot/7.0; +http://ahrefs.com/robot/)" 1625 **1/1625504**
216.73.216.50 - - [01/Apr/2026:09:21:16 -0700] "GET /product/prologo-dimension-t4-143-hard-black-silver HTTP/2.0" 301 1 "-" "Mozilla/5.0 AppleWebKit/537.36 (KHTML, like Gecko; compatible; ClaudeBot/1.0; +claudebot@anthropic.com)" 957 **0/957844**
216.73.216.50 - - [01/Apr/2026:09:21:16 -0700] "GET /product/assos-mille-gt-c2-mens-bibshorts-blackseries HTTP/2.0" 301 1 "-" "Mozilla/5.0 AppleWebKit/537.36 (KHTML, like Gecko; compatible; ClaudeBot/1.0; +claudebot@anthropic.com)" 1047 **1/1047368**
216.73.216.50 - - [01/Apr/2026:09:21:17 -0700] "GET /product/prologo-dimension-t4-143-hard-black-silver/ HTTP/2.0" 200 32249 "https://cyclocraze.com/product/prologo-dimension-t4-143-hard-black-silver" "Mozilla/5.0 AppleWebKit/537.36 (KHTML, like Gecko; compatible; ClaudeBot/1.0; +claudebot@anthropic.com)" 1461 **1/1461745**
216.73.216.50 - - [01/Apr/2026:09:21:17 -0700] "GET /product/assos-mille-gt-c2-mens-bibshorts-blackseries/ HTTP/2.0" 200 34840 "https://cyclocraze.com/product/assos-mille-gt-c2-mens-bibshorts-blackseries" "Mozilla/5.0 AppleWebKit/537.36 (KHTML, like Gecko; compatible; ClaudeBot/1.0; +claudebot@anthropic.com)" 1681 **1/1681328**
68.178.198.34 - - [01/Apr/2026:09:23:05 -0700] "POST /wp-cron.php?doing_wp_cron=1775060585.0815680027008056640625 HTTP/1.1" 200 - "-" "WordPress/6.9.4; https://cyclocraze.com" 34 **0/34248**
57.141.14.104 - - [01/Apr/2026:09:23:02 -0700] "GET /product-category/watches/?per_row=3&shop_view=list&per_page=9&add-to-cart=11083 HTTP/2.0" 200 195892 "-" "meta-externalagent/1.1 (+https://developers.facebook.com/docs/sharing/webmasters/crawler)" 2461 **2/2461393**
114.119.133.63 - - [01/Apr/2026:09:23:49 -0700] "GET /shop/page/8/?orderby=price-desc&per_row=3&per_page=18&shop_view=list HTTP/1.1" 200 39530 "https://cyclocraze.com/shop/page/9?orderby=price-desc&per_row=3&per_page=18&shop_view=list" "Mozilla/5.0 (Linux; Android 7.0;) AppleWebKit/537.36 (KHTML, like Gecko) Mobile Safari/537.36 (compatible; PetalBot;+https://webmaster.petalsearch.com/site/petalbot)" 2074 **2/2074063**
68.178.198.34 - - [01/Apr/2026:09:25:54 -0700] "POST /wp-cron.php?doing_wp_cron=1775060754.5825929641723632812500 HTTP/1.1" 200 - "-" "WordPress/6.9.4; https://cyclocraze.com" 24 **0/24698**
114.119.155.111 - - [01/Apr/2026:09:25:52 -0700] "GET /shop/page/8/?orderby=price-desc&per_page=12&shop_view=grid&per_row=3 HTTP/1.1" 200 38309 "https://cyclocraze.com/shop/page/9/?orderby=price-desc&per_page=12&shop_view=grid&per_row=3" "Mozilla/5.0 (Linux; Android 7.0;) AppleWebKit/537.36 (KHTML, like Gecko) Mobile Safari/537.36 (compatible; PetalBot;+https://webmaster.petalsearch.com/site/petalbot)" 1625 **1/1625430**
68.178.198.34 - - [01/Apr/2026:09:28:01 -0700] "POST /wp-cron.php?doing_wp_cron=1775060881.6773650646209716796875 HTTP/1.1" 200 - "-" "WordPress/6.9.4; https://cyclocraze.com" 25 **0/25332**
54.39.89.35 - - [01/Apr/2026:09:27:59 -0700] "GET /tag/cycle-shop-in-gurgaon/ HTTP/2.0" 200 26188 "-" "Mozilla/5.0 (compatible; AhrefsBot/7.0; +http://ahrefs.com/robot/)" 1925 **1/1925578**
114.119.129.199 - - [01/Apr/2026:09:28:17 -0700] "-" 408 - "-" "-" 0 **0/305**
68.178.198.34 - - [01/Apr/2026:09:31:22 -0700] "POST /wp-cron.php?doing_wp_cron=1775061082.7661368846893310546875 HTTP/1.1" 200 - "-" "WordPress/6.9.4; https://cyclocraze.com" 21 **0/21758**
216.73.216.50 - - [01/Apr/2026:09:31:21 -0700] "GET /robots.txt HTTP/2.0" 200 171 "-" "Mozilla/5.0 AppleWebKit/537.36 (KHTML, like Gecko; compatible; ClaudeBot/1.0; +claudebot@anthropic.com)" 1135 **1/1135386**
216.73.216.50 - - [01/Apr/2026:09:31:22 -0700] "GET /product/xxf-n1808-bike-travel-bag-tt-road-bike HTTP/2.0" 301 1 "-" "Mozilla/5.0 AppleWebKit/537.36 (KHTML, like Gecko; compatible; ClaudeBot/1.0; +claudebot@anthropic.com)" 977 **0/977064**
216.73.216.50 - - [01/Apr/2026:09:31:23 -0700] "GET /product/xxf-n1808-bike-travel-bag-tt-road-bike/ HTTP/2.0" 200 32981 "https://cyclocraze.com/product/xxf-n1808-bike-travel-bag-tt-road-bike" "Mozilla/5.0 AppleWebKit/537.36 (KHTML, like Gecko; compatible; ClaudeBot/1.0; +claudebot@anthropic.com)" 1532 **1/1532792**
114.119.153.56 - - [01/Apr/2026:09:31:35 -0700] "GET /shop/page/8?per_row=4&per_page=12&shop_view=list HTTP/1.1" 301 - "https://cyclocraze.com/shop/page/5?per_row=4&per_page=12&shop_view=list" "Mozilla/5.0 (Linux; Android 7.0;) AppleWebKit/537.36 (KHTML, like Gecko) Mobile Safari/537.36 (compatible; PetalBot;+https://webmaster.petalsearch.com/site/petalbot)" 1040 **1/1040250**
216.73.216.50 - - [01/Apr/2026:09:31:36 -0700] "GET /?p=12139 HTTP/2.0" 301 1 "-" "Mozilla/5.0 AppleWebKit/537.36 (KHTML, like Gecko; compatible; ClaudeBot/1.0; +claudebot@anthropic.com)" 904 **0/904026**
216.73.216.50 - - [01/Apr/2026:09:31:37 -0700] "GET /product/pinarello-x1-105-pearl-white-51cm/ HTTP/2.0" 200 32707 "https://cyclocraze.com/?p=12139" "Mozilla/5.0 AppleWebKit/537.36 (KHTML, like Gecko; compatible; ClaudeBot/1.0; +claudebot@anthropic.com)" 1586 **1/1586812**
114.119.153.56 - - [01/Apr/2026:09:31:48 -0700] "GET /shop/page/8/?per_row=4&per_page=12&shop_view=list HTTP/1.1" 200 37167 "https://cyclocraze.com/shop/page/5?per_row=4&per_page=12&shop_view=list" "Mozilla/5.0 (Linux; Android 7.0;) AppleWebKit/537.36 (KHTML, like Gecko) Mobile Safari/537.36 (compatible; PetalBot;+https://webmaster.petalsearch.com/site/petalbot)" 1495 **1/1495943**
68.178.198.34 - - [01/Apr/2026:09:33:02 -0700] "POST /wp-cron.php?doing_wp_cron=1775061181.9984350204467773437500 HTTP/1.1" 200 - "-" "WordPress/6.9.4; https://cyclocraze.com" 32 **0/32069**
216.73.216.50 - - [01/Apr/2026:09:33:00 -0700] "GET /?p=12577 HTTP/2.0" 301 1 "-" "Mozilla/5.0 AppleWebKit/537.36 (KHTML, like Gecko; compatible; ClaudeBot/1.0; +claudebot@anthropic.com)" 1309 **1/1309094**
216.73.216.50 - - [01/Apr/2026:09:33:02 -0700] "GET /product/cycplus-as2-pro-mini-e-pump/ HTTP/2.0" 200 33344 "https://cyclocraze.com/?p=12577" "Mozilla/5.0 AppleWebKit/537.36 (KHTML, like Gecko; compatible; ClaudeBot/1.0; +claudebot@anthropic.com)" 1957 **1/1957792**
68.178.198.34 - - [01/Apr/2026:09:34:04 -0700] "POST /wp-cron.php?doing_wp_cron=1775061244.2686860561370849609375 HTTP/1.1" 200 - "-" "WordPress/6.9.4; https://cyclocraze.com" 35 **0/35365**
216.73.216.50 - - [01/Apr/2026:09:34:02 -0700] "GET /product/wahoo-tickr-fit HTTP/2.0" 301 1 "-" "Mozilla/5.0 AppleWebKit/537.36 (KHTML, like Gecko; compatible; ClaudeBot/1.0; +claudebot@anthropic.com)" 1349 **1/1349907**
216.73.216.50 - - [01/Apr/2026:09:34:04 -0700] "GET /product/wahoo-tickr-fit/ HTTP/2.0" 200 32630 "https://cyclocraze.com/product/wahoo-tickr-fit" "Mozilla/5.0 AppleWebKit/537.36 (KHTML, like Gecko; compatible; ClaudeBot/1.0; +claudebot@anthropic.com)" 2000 **2/2000788**
54.39.136.51 - - [01/Apr/2026:09:34:09 -0700] "GET /product-category/accessories/cycling-shoes/?per_page=9 HTTP/2.0" 200 30142 "-" "Mozilla/5.0 (compatible; AhrefsBot/7.0; +http://ahrefs.com/robot/)" 1729 **1/1729724**
147.185.132.16 - - [01/Apr/2026:09:34:28 -0700] "GET / HTTP/1.1" 301 - "-" "Hello from Palo Alto Networks, find out more about our scans in https://docs-cortex.paloaltonetworks.com/r/1/Cortex-Xpanse/Scanning-activity" 970 **0/970790**
68.178.198.34 - - [01/Apr/2026:09:35:12 -0700] "POST /wp-cron.php?doing_wp_cron=1775061312.5180308818817138671875 HTTP/1.1" 200 - "-" "WordPress/6.9.4; https://cyclocraze.com" 25 **0/25167**
185.12.59.118 - - [01/Apr/2026:09:35:11 -0700] "GET / HTTP/2.0" 301 - "-" "Mozilla/5.0 (Windows NT 10.0; Win64; x64; rv:132.0) Gecko/20100101 Firefox/132.0" 1546 **1/1546922**
114.119.162.58 - - [01/Apr/2026:09:35:24 -0700] "GET /shop/page/7?per_row=4&shop_view=list&per_page=18 HTTP/1.1" 301 - "https://cyclocraze.com/shop/page/2?per_row=4&shop_view=list&per_page=18" "Mozilla/5.0 (Linux; Android 7.0;) AppleWebKit/537.36 (KHTML, like Gecko) Mobile Safari/537.36 (compatible; PetalBot;+https://webmaster.petalsearch.com/site/petalbot)" 1293 **1/1293388**
114.119.162.58 - - [01/Apr/2026:09:35:28 -0700] "GET /shop/page/7/?per_row=4&shop_view=list&per_page=18 HTTP/1.1" 200 40074 "https://cyclocraze.com/shop/page/2?per_row=4&shop_view=list&per_page=18" "Mozilla/5.0 (Linux; Android 7.0;) AppleWebKit/537.36 (KHTML, like Gecko) Mobile Safari/537.36 (compatible; PetalBot;+https://webmaster.petalsearch.com/site/petalbot)" 2090 **2/2090357**
18.97.9.101 - - [01/Apr/2026:09:35:53 -0700] "GET /robots.txt HTTP/1.1" 200 382 "-" "Mozilla/5.0 AppleWebKit/537.36 (KHTML, like Gecko; compatible; PerplexityBot/1.0; +https://perplexity.ai/perplexitybot)" 947 **0/947516**
18.97.9.98 - - [01/Apr/2026:09:35:53 -0700] "GET /touring-bicycle-vs-road-bike-which-one-is-right-for-you/ HTTP/1.1" 200 39119 "-" "Mozilla/5.0 AppleWebKit/537.36 (KHTML, like Gecko; compatible; PerplexityBot/1.0; +https://perplexity.ai/perplexitybot)" 1669 **1/1669286**
178.156.136.36 - - [01/Apr/2026:09:36:15 -0700] "POST /wp-load.php?3869cb=99010 HTTP/1.1" 200 - "-" "Mozilla/5.0 (Windows NT 10.0; Win64; x64) AppleWebKit/537.36 (KHTML, like Gecko) Chrome/104.0.5112.97 Safari/537.36" 756 **0/756577**
68.178.198.34 - - [01/Apr/2026:09:37:44 -0700] "POST /wp-cron.php?doing_wp_cron=1775061464.8111848831176757812500 HTTP/1.1" 200 - "-" "WordPress/6.9.4; https://cyclocraze.com" 19 **0/19374**
5.61.209.107 - - [01/Apr/2026:09:37:43 -0700] "GET /SDK/webLanguage HTTP/1.1" 301 - "-" "Mozilla/5.0 (Windows NT 10.0; Win64; x64) AppleWebKit/537.36 (KHTML, like Gecko) Chrome/90.0.4430.85 Safari/537.36 Edg/90.0.818.46" 928 **0/928995**
68.178.198.34 - - [01/Apr/2026:09:38:42 -0700] "POST /wp-cron.php?doing_wp_cron=1775061522.9387090206146240234375 HTTP/1.1" 200 - "-" "WordPress/6.9.4; https://cyclocraze.com" 19 **0/19943**
114.119.129.199 - - [01/Apr/2026:09:38:42 -0700] "GET /shop/page/7?orderby=rating&per_row=4&shop_view=list&per_page=24 HTTP/1.1" 301 - "https://cyclocraze.com/shop/page/2?orderby=rating&per_row=4&shop_view=list&per_page=24" "Mozilla/5.0 (Linux; Android 7.0;) AppleWebKit/537.36 (KHTML, like Gecko) Mobile Safari/537.36 (compatible; PetalBot;+https://webmaster.petalsearch.com/site/petalbot)" 790 **0/790896**
216.73.216.50 - - [01/Apr/2026:09:38:49 -0700] "GET /product/northwave-tribute-2-size-43-triathlon-shoes-white HTTP/2.0" 301 1 "-" "Mozilla/5.0 AppleWebKit/537.36 (KHTML, like Gecko; compatible; ClaudeBot/1.0; +claudebot@anthropic.com)" 782 **0/782060**
216.73.216.50 - - [01/Apr/2026:09:38:50 -0700] "GET /product/northwave-tribute-2-size-43-triathlon-shoes-white/ HTTP/2.0" 200 31768 "https://cyclocraze.com/product/northwave-tribute-2-size-43-triathlon-shoes-white" "Mozilla/5.0 AppleWebKit/537.36 (KHTML, like Gecko; compatible; ClaudeBot/1.0; +claudebot@anthropic.com)" 1492 **1/1492833**
158.144.60.189 - - [01/Apr/2026:09:38:54 -0700] "GET /best-road-bicycle-in-india-for-speed-and-comfort-top-picks-for-every-budget/ HTTP/2.0" 200 29948 "https://www.google.com/" "Mozilla/5.0 (Windows NT 10.0; Win64; x64) AppleWebKit/537.36 (KHTML, like Gecko) Chrome/145.0.0.0 Safari/537.36" 1412 **1/1412315**
158.144.60.189 - - [01/Apr/2026:09:38:56 -0700] "GET /wp-content/plugins/fluentform/assets/css/fluent-forms-elementor-widget.css?ver=6.1.20 HTTP/2.0" 200 772 "https://cyclocraze.com/best-road-bicycle-in-india-for-speed-and-comfort-top-picks-for-every-budget/" "Mozilla/5.0 (Windows NT 10.0; Win64; x64) AppleWebKit/537.36 (KHTML, like Gecko) Chrome/145.0.0.0 Safari/537.36" 12 **0/12031**
158.144.60.189 - - [01/Apr/2026:09:38:56 -0700] "GET /wp-content/plugins/all-in-one-seo-pack/dist/Lite/assets/css/table-of-contents/global.e90f6d47.css?ver=4.9.5.1 HTTP/2.0" 200 420 "https://cyclocraze.com/best-road-bicycle-in-india-for-speed-and-comfort-top-picks-for-every-budget/" "Mozilla/5.0 (Windows NT 10.0; Win64; x64) AppleWebKit/537.36 (KHTML, like Gecko) Chrome/145.0.0.0 Safari/537.36" 18 **0/18843**
158.144.60.189 - - [01/Apr/2026:09:38:56 -0700] "GET /wp-content/uploads/elementor/css/custom-frontend.min.css?ver=1773292198 HTTP/2.0" 200 6594 "https://cyclocraze.com/best-road-bicycle-in-india-for-speed-and-comfort-top-picks-for-every-budget/" "Mozilla/5.0 (Windows NT 10.0; Win64; x64) AppleWebKit/537.36 (KHTML, like Gecko) Chrome/145.0.0.0 Safari/537.36" 13 **0/13254**
158.144.60.189 - - [01/Apr/2026:09:38:56 -0700] "GET /wp-content/uploads/elementor/css/post-6.css?ver=1773292199 HTTP/2.0" 200 373 "https://cyclocraze.com/best-road-bicycle-in-india-for-speed-and-comfort-top-picks-for-every-budget/" "Mozilla/5.0 (Windows NT 10.0; Win64; x64) AppleWebKit/537.36 (KHTML, like Gecko) Chrome/145.0.0.0 Safari/537.36" 16 **0/16912**
158.144.60.189 - - [01/Apr/2026:09:38:56 -0700] "GET /wp-includes/css/dist/block-library/style.min.css?ver=6.9.4 HTTP/2.0" 200 14701 "https://cyclocraze.com/best-road-bicycle-in-india-for-speed-and-comfort-top-picks-for-every-budget/" "Mozilla/5.0 (Windows NT 10.0; Win64; x64) AppleWebKit/537.36 (KHTML, like Gecko) Chrome/145.0.0.0 Safari/537.36" 27 **0/27069**
158.144.60.189 - - [01/Apr/2026:09:38:56 -0700] "GET /wp-content/themes/woodmart/css/parts/int-elementor-pro.min.css?ver=8.4.1 HTTP/2.0" 200 1439 "https://cyclocraze.com/best-road-bicycle-in-india-for-speed-and-comfort-top-picks-for-every-budget/" "Mozilla/5.0 (Windows NT 10.0; Win64; x64) AppleWebKit/537.36 (KHTML, like Gecko) Chrome/145.0.0.0 Safari/537.36" 7 **0/7689**
158.144.60.189 - - [01/Apr/2026:09:38:56 -0700] "GET /wp-content/themes/woodmart/css/parts/helpers-wpb-elem.min.css?ver=8.4.1 HTTP/2.0" 200 293 "https://cyclocraze.com/best-road-bicycle-in-india-for-speed-and-comfort-top-picks-for-every-budget/" "Mozilla/5.0 (Windows NT 10.0; Win64; x64) AppleWebKit/537.36 (KHTML, like Gecko) Chrome/145.0.0.0 Safari/537.36" 20 **0/20791**
158.144.60.189 - - [01/Apr/2026:09:38:56 -0700] "GET /wp-content/themes/woodmart/css/parts/woocommerce-base.min.css?ver=8.4.1 HTTP/2.0" 200 1570 "https://cyclocraze.com/best-road-bicycle-in-india-for-speed-and-comfort-top-picks-for-every-budget/" "Mozilla/5.0 (Windows NT 10.0; Win64; x64) AppleWebKit/537.36 (KHTML, like Gecko) Chrome/145.0.0.0 Safari/537.36" 10 **0/10811**
158.144.60.189 - - [01/Apr/2026:09:38:56 -0700] "GET /wp-content/plugins/click-to-chat-for-whatsapp/new/inc/assets/css/main.css?ver=4.37 HTTP/2.0" 200 943 "https://cyclocraze.com/best-road-bicycle-in-india-for-speed-and-comfort-top-picks-for-every-budget/" "Mozilla/5.0 (Windows NT 10.0; Win64; x64) AppleWebKit/537.36 (KHTML, like Gecko) Chrome/145.0.0.0 Safari/537.36" 39 **0/39741**
158.144.60.189 - - [01/Apr/2026:09:38:56 -0700] "GET /wp-content/themes/woodmart/css/parts/woo-mod-block-notices.min.css?ver=8.4.1 HTTP/2.0" 200 638 "https://cyclocraze.com/best-road-bicycle-in-india-for-speed-and-comfort-top-picks-for-every-budget/" "Mozilla/5.0 (Windows NT 10.0; Win64; x64) AppleWebKit/537.36 (KHTML, like Gecko) Chrome/145.0.0.0 Safari/537.36" 12 **0/12015**
158.144.60.189 - - [01/Apr/2026:09:38:56 -0700] "GET /wp-content/themes/woodmart/css/parts/int-elem-base.min.css?ver=8.4.1 HTTP/2.0" 200 1354 "https://cyclocraze.com/best-road-bicycle-in-india-for-speed-and-comfort-top-picks-for-every-budget/" "Mozilla/5.0 (Windows NT 10.0; Win64; x64) AppleWebKit/537.36 (KHTML, like Gecko) Chrome/145.0.0.0 Safari/537.36" 13 **0/13991**
158.144.60.189 - - [01/Apr/2026:09:38:56 -0700] "GET /wp-content/themes/woodmart/css/parts/base.min.css?ver=8.4.1 HTTP/2.0" 200 10069 "https://cyclocraze.com/best-road-bicycle-in-india-for-speed-and-comfort-top-picks-for-every-budget/" "Mozilla/5.0 (Windows NT 10.0; Win64; x64) AppleWebKit/537.36 (KHTML, like Gecko) Chrome/145.0.0.0 Safari/537.36" 27 **0/27980**
158.144.60.189 - - [01/Apr/2026:09:38:56 -0700] "GET /wp-content/plugins/perfect-woocommerce-brands/build/frontend/css/style.css?ver=3.6.10 HTTP/2.0" 200 1336 "https://cyclocraze.com/best-road-bicycle-in-india-for-speed-and-comfort-top-picks-for-every-budget/" "Mozilla/5.0 (Windows NT 10.0; Win64; x64) AppleWebKit/537.36 (KHTML, like Gecko) Chrome/145.0.0.0 Safari/537.36" 29 **0/29646**
158.144.60.189 - - [01/Apr/2026:09:38:56 -0700] "GET /wp-content/themes/woodmart/css/parts/int-rev-slider.min.css?ver=8.4.1 HTTP/2.0" 200 256 "https://cyclocraze.com/best-road-bicycle-in-india-for-speed-and-comfort-top-picks-for-every-budget/" "Mozilla/5.0 (Windows NT 10.0; Win64; x64) AppleWebKit/537.36 (KHTML, like Gecko) Chrome/145.0.0.0 Safari/537.36" 31 **0/31098**
158.144.60.189 - - [01/Apr/2026:09:38:56 -0700] "GET /wp-content/themes/woodmart/css/parts/woo-mod-shop-attributes.min.css?ver=8.4.1 HTTP/2.0" 200 406 "https://cyclocraze.com/best-road-bicycle-in-india-for-speed-and-comfort-top-picks-for-every-budget/" "Mozilla/5.0 (Windows NT 10.0; Win64; x64) AppleWebKit/537.36 (KHTML, like Gecko) Chrome/145.0.0.0 Safari/537.36" 19 **0/19100**
158.144.60.189 - - [01/Apr/2026:09:38:56 -0700] "GET /wp-content/themes/woodmart/css/parts/opt-sticky-nav.min.css?ver=8.4.1 HTTP/2.0" 200 1132 "https://cyclocraze.com/best-road-bicycle-in-india-for-speed-and-comfort-top-picks-for-every-budget/" "Mozilla/5.0 (Windows NT 10.0; Win64; x64) AppleWebKit/537.36 (KHTML, like Gecko) Chrome/145.0.0.0 Safari/537.36" 19 **0/19494**
