57.141.14.16 - - [01/Apr/2026:07:52:37 -0700] "GET /product/61147593258/ HTTP/2.0" 500 - "-" "meta-externalagent/1.1 (+https://developers.facebook.com/docs/sharing/webmasters/crawler)" 107 **0/107319**
74.7.227.176 - - [01/Apr/2026:07:52:40 -0700] "GET /product/611212643509/ HTTP/2.0" 500 1 "https://www.bhartirefrigeration.in/sitemap_detail_893.xml" "Mozilla/5.0 AppleWebKit/537.36 (KHTML, like Gecko; compatible; GPTBot/1.3; +https://openai.com/gptbot)" 98 **0/98793**
20.15.133.191 - - [01/Apr/2026:07:53:36 -0700] "GET /goodscode/113339173.shtm HTTP/2.0" 200 18110 "-" "Mozilla/5.0 AppleWebKit/537.36 (KHTML, like Gecko; compatible; bingbot/2.0; +http://www.bing.com/bingbot.htm) Chrome/116.0.1938.76 Safari/537.36" 457 **0/457488**
74.7.227.176 - - [01/Apr/2026:07:53:42 -0700] "GET /product/611473452869/ HTTP/2.0" 500 1 "https://www.bhartirefrigeration.in/sitemap_detail_915.xml" "Mozilla/5.0 AppleWebKit/537.36 (KHTML, like Gecko; compatible; GPTBot/1.3; +https://openai.com/gptbot)" 99 **0/99008**
57.141.14.62 - - [01/Apr/2026:07:53:43 -0700] "GET /product/61123884124/ HTTP/2.0" 500 - "-" "meta-externalagent/1.1 (+https://developers.facebook.com/docs/sharing/webmasters/crawler)" 99 **0/99234**
74.7.227.176 - - [01/Apr/2026:07:54:44 -0700] "GET /product/611650651804/ HTTP/2.0" 500 1 "https://www.bhartirefrigeration.in/sitemap_detail_832.xml" "Mozilla/5.0 AppleWebKit/537.36 (KHTML, like Gecko; compatible; GPTBot/1.3; +https://openai.com/gptbot)" 106 **0/106290**
57.141.14.17 - - [01/Apr/2026:07:54:50 -0700] "GET /product/61119229179/ HTTP/2.0" 500 - "-" "meta-externalagent/1.1 (+https://developers.facebook.com/docs/sharing/webmasters/crawler)" 105 **0/105363**
74.7.227.176 - - [01/Apr/2026:07:55:45 -0700] "GET /product/611355250407/ HTTP/2.0" 500 1 "https://www.bhartirefrigeration.in/sitemap_detail_868.xml" "Mozilla/5.0 AppleWebKit/537.36 (KHTML, like Gecko; compatible; GPTBot/1.3; +https://openai.com/gptbot)" 111 **0/111687**
57.141.14.72 - - [01/Apr/2026:07:55:57 -0700] "GET /product/61168779926/ HTTP/2.0" 500 - "-" "meta-externalagent/1.1 (+https://developers.facebook.com/docs/sharing/webmasters/crawler)" 95 **0/95414**
74.7.227.176 - - [01/Apr/2026:07:56:50 -0700] "GET /product/611674800565/ HTTP/2.0" 500 1 "https://www.bhartirefrigeration.in/sitemap_detail_915.xml" "Mozilla/5.0 AppleWebKit/537.36 (KHTML, like Gecko; compatible; GPTBot/1.3; +https://openai.com/gptbot)" 96 **0/96276**
57.141.14.49 - - [01/Apr/2026:07:57:04 -0700] "GET /product/61134029789/ HTTP/2.0" 500 - "-" "meta-externalagent/1.1 (+https://developers.facebook.com/docs/sharing/webmasters/crawler)" 102 **0/102215**
74.7.227.176 - - [01/Apr/2026:07:57:50 -0700] "GET /product/611514220129/ HTTP/2.0" 500 1 "https://www.bhartirefrigeration.in/sitemap_detail_893.xml" "Mozilla/5.0 AppleWebKit/537.36 (KHTML, like Gecko; compatible; GPTBot/1.3; +https://openai.com/gptbot)" 96 **0/96489**
57.141.14.2 - - [01/Apr/2026:07:58:10 -0700] "GET /product/61165931939/ HTTP/2.0" 500 - "-" "meta-externalagent/1.1 (+https://developers.facebook.com/docs/sharing/webmasters/crawler)" 96 **0/96055**
207.46.13.170 - - [01/Apr/2026:07:58:15 -0700] "GET /?products/186294854 HTTP/2.0" 200 18265 "-" "Mozilla/5.0 AppleWebKit/537.36 (KHTML, like Gecko; compatible; bingbot/2.0; +http://www.bing.com/bingbot.htm) Chrome/116.0.1938.76 Safari/537.36" 501 **0/501876**
74.7.227.176 - - [01/Apr/2026:07:58:55 -0700] "GET /product/611574034332/ HTTP/2.0" 500 1 "https://www.bhartirefrigeration.in/sitemap_detail_915.xml" "Mozilla/5.0 AppleWebKit/537.36 (KHTML, like Gecko; compatible; GPTBot/1.3; +https://openai.com/gptbot)" 95 **0/95120**
57.141.14.53 - - [01/Apr/2026:07:59:16 -0700] "GET /product/61113419319/ HTTP/2.0" 500 - "-" "meta-externalagent/1.1 (+https://developers.facebook.com/docs/sharing/webmasters/crawler)" 96 **0/96132**
20.15.133.191 - - [01/Apr/2026:07:59:56 -0700] "GET /goodscode/92460374.shtm HTTP/2.0" 200 18258 "-" "Mozilla/5.0 AppleWebKit/537.36 (KHTML, like Gecko; compatible; bingbot/2.0; +http://www.bing.com/bingbot.htm) Chrome/116.0.1938.76 Safari/537.36" 711 **0/711698**
74.7.227.176 - - [01/Apr/2026:07:59:59 -0700] "GET /product/611290570884/ HTTP/2.0" 500 1 "https://www.bhartirefrigeration.in/sitemap_detail_227.xml" "Mozilla/5.0 AppleWebKit/537.36 (KHTML, like Gecko; compatible; GPTBot/1.3; +https://openai.com/gptbot)" 98 **0/98931**
57.141.14.37 - - [01/Apr/2026:08:00:23 -0700] "GET /product/61113321876/ HTTP/2.0" 500 - "-" "meta-externalagent/1.1 (+https://developers.facebook.com/docs/sharing/webmasters/crawler)" 125 **0/125287**
20.15.133.191 - - [01/Apr/2026:08:00:26 -0700] "GET /goodscode/124779530.shtm HTTP/2.0" 200 18420 "-" "Mozilla/5.0 AppleWebKit/537.36 (KHTML, like Gecko; compatible; bingbot/2.0; +http://www.bing.com/bingbot.htm) Chrome/116.0.1938.76 Safari/537.36" 506 **0/506921**
20.15.133.191 - - [01/Apr/2026:08:00:46 -0700] "GET /goodscode/161651931.shtm HTTP/2.0" 200 18186 "-" "Mozilla/5.0 AppleWebKit/537.36 (KHTML, like Gecko; compatible; bingbot/2.0; +http://www.bing.com/bingbot.htm) Chrome/116.0.1938.76 Safari/537.36" 455 **0/455840**
74.7.227.176 - - [01/Apr/2026:08:01:02 -0700] "GET /product/611373320920/ HTTP/2.0" 500 1 "https://www.bhartirefrigeration.in/sitemap_detail_915.xml" "Mozilla/5.0 AppleWebKit/537.36 (KHTML, like Gecko; compatible; GPTBot/1.3; +https://openai.com/gptbot)" 122 **0/122633**
57.141.14.6 - - [01/Apr/2026:08:01:30 -0700] "GET /product/61123764433/ HTTP/2.0" 500 - "-" "meta-externalagent/1.1 (+https://developers.facebook.com/docs/sharing/webmasters/crawler)" 126 **0/126622**
74.7.227.176 - - [01/Apr/2026:08:02:08 -0700] "GET /product/611357981772/ HTTP/2.0" 500 1 "https://www.bhartirefrigeration.in/sitemap_detail_868.xml" "Mozilla/5.0 AppleWebKit/537.36 (KHTML, like Gecko; compatible; GPTBot/1.3; +https://openai.com/gptbot)" 109 **0/109872**
20.15.133.162 - - [01/Apr/2026:08:02:26 -0700] "GET /goodscode/92426799.shtm HTTP/2.0" 200 18351 "-" "Mozilla/5.0 AppleWebKit/537.36 (KHTML, like Gecko; compatible; bingbot/2.0; +http://www.bing.com/bingbot.htm) Chrome/116.0.1938.76 Safari/537.36" 468 **0/468656**
57.141.14.44 - - [01/Apr/2026:08:02:37 -0700] "GET /product/61113367974/ HTTP/2.0" 500 - "-" "meta-externalagent/1.1 (+https://developers.facebook.com/docs/sharing/webmasters/crawler)" 91 **0/91940**
20.15.133.162 - - [01/Apr/2026:08:02:56 -0700] "GET /goodscode/161683307.shtm HTTP/2.0" 200 18443 "-" "Mozilla/5.0 AppleWebKit/537.36 (KHTML, like Gecko; compatible; bingbot/2.0; +http://www.bing.com/bingbot.htm) Chrome/116.0.1938.76 Safari/537.36" 491 **0/491450**
74.7.227.176 - - [01/Apr/2026:08:03:13 -0700] "GET /product/611452910984/ HTTP/2.0" 500 1 "https://www.bhartirefrigeration.in/sitemap_detail_832.xml" "Mozilla/5.0 AppleWebKit/537.36 (KHTML, like Gecko; compatible; GPTBot/1.3; +https://openai.com/gptbot)" 98 **0/98054**
20.15.133.191 - - [01/Apr/2026:08:03:17 -0700] "GET /goodscode/92476970.shtm HTTP/2.0" 200 18674 "-" "Mozilla/5.0 AppleWebKit/537.36 (KHTML, like Gecko; compatible; bingbot/2.0; +http://www.bing.com/bingbot.htm) Chrome/116.0.1938.76 Safari/537.36" 479 **0/479678**
57.141.14.55 - - [01/Apr/2026:08:03:43 -0700] "GET /product/61129593301/ HTTP/2.0" 500 - "-" "meta-externalagent/1.1 (+https://developers.facebook.com/docs/sharing/webmasters/crawler)" 94 **0/94551**
74.7.227.176 - - [01/Apr/2026:08:04:18 -0700] "GET /product/611355096417/ HTTP/2.0" 500 1 "https://www.bhartirefrigeration.in/sitemap_detail_868.xml" "Mozilla/5.0 AppleWebKit/537.36 (KHTML, like Gecko; compatible; GPTBot/1.3; +https://openai.com/gptbot)" 95 **0/95367**
57.141.14.71 - - [01/Apr/2026:08:04:50 -0700] "GET /product/61134024803/ HTTP/2.0" 500 - "-" "meta-externalagent/1.1 (+https://developers.facebook.com/docs/sharing/webmasters/crawler)" 95 **0/95501**
20.15.133.162 - - [01/Apr/2026:08:04:56 -0700] "GET /goodscode/235393361.shtm HTTP/2.0" 200 18178 "-" "Mozilla/5.0 AppleWebKit/537.36 (KHTML, like Gecko; compatible; bingbot/2.0; +http://www.bing.com/bingbot.htm) Chrome/116.0.1938.76 Safari/537.36" 526 **0/526406**
74.7.227.176 - - [01/Apr/2026:08:05:22 -0700] "GET /product/611650578688/ HTTP/2.0" 500 1 "https://www.bhartirefrigeration.in/sitemap_detail_832.xml" "Mozilla/5.0 AppleWebKit/537.36 (KHTML, like Gecko; compatible; GPTBot/1.3; +https://openai.com/gptbot)" 107 **0/107309**
66.132.186.186 - - [01/Apr/2026:08:05:23 -0700] "GET / HTTP/1.1" 500 - "-" "Mozilla/5.0 (compatible; CensysInspect/1.1; +https://about.censys.io/)" 360 **0/360078**
57.141.14.3 - - [01/Apr/2026:08:05:56 -0700] "GET /product/61147574403/ HTTP/2.0" 500 - "-" "meta-externalagent/1.1 (+https://developers.facebook.com/docs/sharing/webmasters/crawler)" 98 **0/98893**
74.7.227.176 - - [01/Apr/2026:08:06:23 -0700] "GET /product/611452875524/ HTTP/2.0" 500 1 "https://www.bhartirefrigeration.in/sitemap_detail_832.xml" "Mozilla/5.0 AppleWebKit/537.36 (KHTML, like Gecko; compatible; GPTBot/1.3; +https://openai.com/gptbot)" 103 **0/103035**
20.15.133.191 - - [01/Apr/2026:08:06:27 -0700] "GET /goodscode/161701467.shtm HTTP/2.0" 200 18118 "-" "Mozilla/5.0 AppleWebKit/537.36 (KHTML, like Gecko; compatible; bingbot/2.0; +http://www.bing.com/bingbot.htm) Chrome/116.0.1938.76 Safari/537.36" 494 **0/494567**
57.141.14.48 - - [01/Apr/2026:08:07:03 -0700] "GET /product/61123625473/ HTTP/2.0" 500 - "-" "meta-externalagent/1.1 (+https://developers.facebook.com/docs/sharing/webmasters/crawler)" 107 **0/107260**
74.7.227.176 - - [01/Apr/2026:08:07:26 -0700] "GET /product/611357971296/ HTTP/2.0" 500 1 "https://www.bhartirefrigeration.in/sitemap_detail_868.xml" "Mozilla/5.0 AppleWebKit/537.36 (KHTML, like Gecko; compatible; GPTBot/1.3; +https://openai.com/gptbot)" 98 **0/98749**
20.15.133.191 - - [01/Apr/2026:08:07:27 -0700] "GET /goodscode/113345663.shtm HTTP/2.0" 200 18314 "-" "Mozilla/5.0 AppleWebKit/537.36 (KHTML, like Gecko; compatible; bingbot/2.0; +http://www.bing.com/bingbot.htm) Chrome/116.0.1938.76 Safari/537.36" 514 **0/514266**
57.141.14.32 - - [01/Apr/2026:08:08:20 -0700] "GET /product/61168602599/ HTTP/2.0" 500 - "-" "meta-externalagent/1.1 (+https://developers.facebook.com/docs/sharing/webmasters/crawler)" 97 **0/97813**
74.7.227.176 - - [01/Apr/2026:08:08:32 -0700] "GET /product/611553052247/ HTTP/2.0" 500 1 "https://www.bhartirefrigeration.in/sitemap_detail_868.xml" "Mozilla/5.0 AppleWebKit/537.36 (KHTML, like Gecko; compatible; GPTBot/1.3; +https://openai.com/gptbot)" 92 **0/92977**
157.55.39.59 - - [01/Apr/2026:08:08:36 -0700] "GET /?products/192226753 HTTP/2.0" 200 18104 "-" "Mozilla/5.0 AppleWebKit/537.36 (KHTML, like Gecko; compatible; bingbot/2.0; +http://www.bing.com/bingbot.htm) Chrome/116.0.1938.76 Safari/537.36" 487 **0/487867**
116.204.13.115 - - [01/Apr/2026:08:08:38 -0700] "GET /uploaded-files/blog/images/how-professional-ac-techs-fix-common-air-conditioner-problems68df8290bb41b.webp HTTP/2.0" 200 36665 "https://www.bhartirefrigeration.in/blog/how-professional-ac-techs-fix-common-air-conditioner-problems.html" "Mozilla/5.0 (Macintosh; Intel Mac OS X 10_15_7) AppleWebKit/537.36 (KHTML, like Gecko) Chrome/120.0.0.0 Safari/537.36" 12 **0/12577**
57.141.14.61 - - [01/Apr/2026:08:09:16 -0700] "GET /product/61113057951/ HTTP/2.0" 500 - "-" "meta-externalagent/1.1 (+https://developers.facebook.com/docs/sharing/webmasters/crawler)" 96 **0/96079**
74.7.227.176 - - [01/Apr/2026:08:09:34 -0700] "GET /product/611290441707/ HTTP/2.0" 500 1 "https://www.bhartirefrigeration.in/sitemap_detail_227.xml" "Mozilla/5.0 AppleWebKit/537.36 (KHTML, like Gecko; compatible; GPTBot/1.3; +https://openai.com/gptbot)" 99 **0/99734**
57.141.14.89 - - [01/Apr/2026:08:10:23 -0700] "GET /product/61155310759/ HTTP/2.0" 500 - "-" "meta-externalagent/1.1 (+https://developers.facebook.com/docs/sharing/webmasters/crawler)" 114 **0/114138**
74.7.227.176 - - [01/Apr/2026:08:10:36 -0700] "GET /product/611352296742/ HTTP/2.0" 500 1 "https://www.bhartirefrigeration.in/sitemap_detail_868.xml" "Mozilla/5.0 AppleWebKit/537.36 (KHTML, like Gecko; compatible; GPTBot/1.3; +https://openai.com/gptbot)" 97 **0/97011**
57.141.14.105 - - [01/Apr/2026:08:11:31 -0700] "GET /product/61137159683/ HTTP/2.0" 500 - "-" "meta-externalagent/1.1 (+https://developers.facebook.com/docs/sharing/webmasters/crawler)" 101 **0/101940**
74.7.227.176 - - [01/Apr/2026:08:11:38 -0700] "GET /product/611473882349/ HTTP/2.0" 500 1 "https://www.bhartirefrigeration.in/sitemap_detail_915.xml" "Mozilla/5.0 AppleWebKit/537.36 (KHTML, like Gecko; compatible; GPTBot/1.3; +https://openai.com/gptbot)" 101 **0/101275**
20.15.133.184 - - [01/Apr/2026:08:11:47 -0700] "GET /goodscode/161714683.shtm HTTP/2.0" 200 18213 "-" "Mozilla/5.0 AppleWebKit/537.36 (KHTML, like Gecko; compatible; bingbot/2.0; +http://www.bing.com/bingbot.htm) Chrome/116.0.1938.76 Safari/537.36" 451 **0/451183**
20.15.133.184 - - [01/Apr/2026:08:11:57 -0700] "GET /goodscode/113357333.shtm HTTP/2.0" 200 17927 "-" "Mozilla/5.0 AppleWebKit/537.36 (KHTML, like Gecko; compatible; bingbot/2.0; +http://www.bing.com/bingbot.htm) Chrome/116.0.1938.76 Safari/537.36" 460 **0/460336**
57.141.14.49 - - [01/Apr/2026:08:12:37 -0700] "GET /product/61137123701/ HTTP/2.0" 500 - "-" "meta-externalagent/1.1 (+https://developers.facebook.com/docs/sharing/webmasters/crawler)" 110 **0/110886**
74.7.227.176 - - [01/Apr/2026:08:12:40 -0700] "GET /product/611452809067/ HTTP/2.0" 500 1 "https://www.bhartirefrigeration.in/sitemap_detail_868.xml" "Mozilla/5.0 AppleWebKit/537.36 (KHTML, like Gecko; compatible; GPTBot/1.3; +https://openai.com/gptbot)" 102 **0/102441**
20.15.133.191 - - [01/Apr/2026:08:13:17 -0700] "GET /goodscode/102417210.shtm HTTP/2.0" 200 17945 "-" "Mozilla/5.0 AppleWebKit/537.36 (KHTML, like Gecko; compatible; bingbot/2.0; +http://www.bing.com/bingbot.htm) Chrome/116.0.1938.76 Safari/537.36" 448 **0/448516**
74.7.227.176 - - [01/Apr/2026:08:13:42 -0700] "GET /product/611511438227/ HTTP/2.0" 500 1 "https://www.bhartirefrigeration.in/sitemap_detail_490.xml" "Mozilla/5.0 AppleWebKit/537.36 (KHTML, like Gecko; compatible; GPTBot/1.3; +https://openai.com/gptbot)" 93 **0/93862**
57.141.14.91 - - [01/Apr/2026:08:13:43 -0700] "GET /product/61144544499/ HTTP/2.0" 500 - "-" "meta-externalagent/1.1 (+https://developers.facebook.com/docs/sharing/webmasters/crawler)" 96 **0/96421**
74.7.227.176 - - [01/Apr/2026:08:14:43 -0700] "GET /product/611212854989/ HTTP/2.0" 500 1 "https://www.bhartirefrigeration.in/sitemap_detail_490.xml" "Mozilla/5.0 AppleWebKit/537.36 (KHTML, like Gecko; compatible; GPTBot/1.3; +https://openai.com/gptbot)" 104 **0/104716**
57.141.14.92 - - [01/Apr/2026:08:14:49 -0700] "GET /product/61144669239/ HTTP/2.0" 500 - "-" "meta-externalagent/1.1 (+https://developers.facebook.com/docs/sharing/webmasters/crawler)" 96 **0/96097**
20.15.133.191 - - [01/Apr/2026:08:15:08 -0700] "GET /goodscode/235382344.shtm HTTP/2.0" 200 18538 "-" "Mozilla/5.0 AppleWebKit/537.36 (KHTML, like Gecko; compatible; bingbot/2.0; +http://www.bing.com/bingbot.htm) Chrome/116.0.1938.76 Safari/537.36" 515 **0/515855**
20.15.133.191 - - [01/Apr/2026:08:15:09 -0700] "GET /goodscode/102459488.shtm HTTP/2.0" 200 18066 "-" "Mozilla/5.0 AppleWebKit/537.36 (KHTML, like Gecko; compatible; bingbot/2.0; +http://www.bing.com/bingbot.htm) Chrome/116.0.1938.76 Safari/537.36" 476 **0/476015**
20.15.133.184 - - [01/Apr/2026:08:15:48 -0700] "GET /goodscode/161650383.shtm HTTP/2.0" 200 18028 "-" "Mozilla/5.0 AppleWebKit/537.36 (KHTML, like Gecko; compatible; bingbot/2.0; +http://www.bing.com/bingbot.htm) Chrome/116.0.1938.76 Safari/537.36" 481 **0/481139**
74.7.227.176 - - [01/Apr/2026:08:15:49 -0700] "GET /product/611272481994/ HTTP/2.0" 500 1 "https://www.bhartirefrigeration.in/sitemap_detail_915.xml" "Mozilla/5.0 AppleWebKit/537.36 (KHTML, like Gecko; compatible; GPTBot/1.3; +https://openai.com/gptbot)" 116 **0/116629**
57.141.14.101 - - [01/Apr/2026:08:15:56 -0700] "GET /product/61116426048/ HTTP/2.0" 500 - "-" "meta-externalagent/1.1 (+https://developers.facebook.com/docs/sharing/webmasters/crawler)" 100 **0/100393**
20.15.133.191 - - [01/Apr/2026:08:16:08 -0700] "GET /goodscode/187192510.shtm HTTP/2.0" 200 18162 "-" "Mozilla/5.0 AppleWebKit/537.36 (KHTML, like Gecko; compatible; bingbot/2.0; +http://www.bing.com/bingbot.htm) Chrome/116.0.1938.76 Safari/537.36" 542 **0/542667**
74.7.227.176 - - [01/Apr/2026:08:16:54 -0700] "GET /product/611413763694/ HTTP/2.0" 500 1 "https://www.bhartirefrigeration.in/sitemap_detail_893.xml" "Mozilla/5.0 AppleWebKit/537.36 (KHTML, like Gecko; compatible; GPTBot/1.3; +https://openai.com/gptbot)" 98 **0/98416**
57.141.14.11 - - [01/Apr/2026:08:17:03 -0700] "GET /product/61147640553/ HTTP/2.0" 500 - "-" "meta-externalagent/1.1 (+https://developers.facebook.com/docs/sharing/webmasters/crawler)" 101 **0/101563**
20.15.133.191 - - [01/Apr/2026:08:17:48 -0700] "GET /goodscode/187224533.shtm HTTP/2.0" 200 17907 "-" "Mozilla/5.0 AppleWebKit/537.36 (KHTML, like Gecko; compatible; bingbot/2.0; +http://www.bing.com/bingbot.htm) Chrome/116.0.1938.76 Safari/537.36" 444 **0/444966**
74.7.227.176 - - [01/Apr/2026:08:17:55 -0700] "GET /product/611310134975/ HTTP/2.0" 500 1 "https://www.bhartirefrigeration.in/sitemap_detail_893.xml" "Mozilla/5.0 AppleWebKit/537.36 (KHTML, like Gecko; compatible; GPTBot/1.3; +https://openai.com/gptbot)" 95 **0/95339**
57.141.14.37 - - [01/Apr/2026:08:18:10 -0700] "GET /product/61119196563/ HTTP/2.0" 500 - "-" "meta-externalagent/1.1 (+https://developers.facebook.com/docs/sharing/webmasters/crawler)" 100 **0/100260**
40.77.167.158 - - [01/Apr/2026:08:18:23 -0700] "GET /?products/194412410 HTTP/2.0" 200 18037 "-" "Mozilla/5.0 AppleWebKit/537.36 (KHTML, like Gecko; compatible; bingbot/2.0; +http://www.bing.com/bingbot.htm) Chrome/116.0.1938.76 Safari/537.36" 469 **0/469940**
74.7.227.176 - - [01/Apr/2026:08:18:58 -0700] "GET /product/611455709029/ HTTP/2.0" 500 1 "https://www.bhartirefrigeration.in/sitemap_detail_868.xml" "Mozilla/5.0 AppleWebKit/537.36 (KHTML, like Gecko; compatible; GPTBot/1.3; +https://openai.com/gptbot)" 112 **0/112547**
57.141.14.56 - - [01/Apr/2026:08:19:16 -0700] "GET /product/61113342963/ HTTP/2.0" 500 - "-" "meta-externalagent/1.1 (+https://developers.facebook.com/docs/sharing/webmasters/crawler)" 101 **0/101321**
74.7.227.176 - - [01/Apr/2026:08:19:59 -0700] "GET /product/611272650582/ HTTP/2.0" 500 1 "https://www.bhartirefrigeration.in/sitemap_detail_915.xml" "Mozilla/5.0 AppleWebKit/537.36 (KHTML, like Gecko; compatible; GPTBot/1.3; +https://openai.com/gptbot)" 95 **0/95754**
57.141.14.89 - - [01/Apr/2026:08:20:23 -0700] "GET /product/61134446426/ HTTP/2.0" 500 - "-" "meta-externalagent/1.1 (+https://developers.facebook.com/docs/sharing/webmasters/crawler)" 110 **0/110036**
74.7.227.176 - - [01/Apr/2026:08:21:02 -0700] "GET /product/611251865238/ HTTP/2.0" 500 1 "https://www.bhartirefrigeration.in/sitemap_detail_832.xml" "Mozilla/5.0 AppleWebKit/537.36 (KHTML, like Gecko; compatible; GPTBot/1.3; +https://openai.com/gptbot)" 108 **0/108963**
57.141.14.83 - - [01/Apr/2026:08:21:30 -0700] "GET /product/61123842004/ HTTP/2.0" 500 - "-" "meta-externalagent/1.1 (+https://developers.facebook.com/docs/sharing/webmasters/crawler)" 95 **0/95932**
74.7.227.176 - - [01/Apr/2026:08:22:06 -0700] "GET /product/611396942182/ HTTP/2.0" 500 1 "https://www.bhartirefrigeration.in/sitemap_detail_227.xml" "Mozilla/5.0 AppleWebKit/537.36 (KHTML, like Gecko; compatible; GPTBot/1.3; +https://openai.com/gptbot)" 103 **0/103802**
57.141.14.24 - - [01/Apr/2026:08:22:37 -0700] "GET /product/61123638109/ HTTP/2.0" 500 - "-" "meta-externalagent/1.1 (+https://developers.facebook.com/docs/sharing/webmasters/crawler)" 118 **0/118641**
74.7.227.176 - - [01/Apr/2026:08:23:10 -0700] "GET /product/611251678731/ HTTP/2.0" 500 1 "https://www.bhartirefrigeration.in/sitemap_detail_832.xml" "Mozilla/5.0 AppleWebKit/537.36 (KHTML, like Gecko; compatible; GPTBot/1.3; +https://openai.com/gptbot)" 99 **0/99385**
57.141.14.33 - - [01/Apr/2026:08:23:43 -0700] "GET /product/61113445653/ HTTP/2.0" 500 - "-" "meta-externalagent/1.1 (+https://developers.facebook.com/docs/sharing/webmasters/crawler)" 101 **0/101146**
74.7.227.176 - - [01/Apr/2026:08:24:11 -0700] "GET /product/611653829524/ HTTP/2.0" 500 1 "https://www.bhartirefrigeration.in/sitemap_detail_832.xml" "Mozilla/5.0 AppleWebKit/537.36 (KHTML, like Gecko; compatible; GPTBot/1.3; +https://openai.com/gptbot)" 101 **0/101710**
57.141.14.31 - - [01/Apr/2026:08:24:50 -0700] "GET /product/61129559794/ HTTP/2.0" 500 - "-" "meta-externalagent/1.1 (+https://developers.facebook.com/docs/sharing/webmasters/crawler)" 105 **0/105135**
74.7.227.176 - - [01/Apr/2026:08:25:13 -0700] "GET /product/611272908810/ HTTP/2.0" 500 1 "https://www.bhartirefrigeration.in/sitemap_detail_915.xml" "Mozilla/5.0 AppleWebKit/537.36 (KHTML, like Gecko; compatible; GPTBot/1.3; +https://openai.com/gptbot)" 102 **0/102085**
57.141.14.71 - - [01/Apr/2026:08:25:56 -0700] "GET /product/61165544201/ HTTP/2.0" 500 - "-" "meta-externalagent/1.1 (+https://developers.facebook.com/docs/sharing/webmasters/crawler)" 96 **0/96338**
74.7.227.176 - - [01/Apr/2026:08:26:15 -0700] "GET /product/611379062407/ HTTP/2.0" 500 1 "https://www.bhartirefrigeration.in/sitemap_detail_915.xml" "Mozilla/5.0 AppleWebKit/537.36 (KHTML, like Gecko; compatible; GPTBot/1.3; +https://openai.com/gptbot)" 98 **0/98595**
57.141.14.59 - - [01/Apr/2026:08:27:04 -0700] "GET /product/61147880403/ HTTP/2.0" 500 - "-" "meta-externalagent/1.1 (+https://developers.facebook.com/docs/sharing/webmasters/crawler)" 109 **0/109331**
74.7.227.176 - - [01/Apr/2026:08:27:21 -0700] "GET /product/611376359032/ HTTP/2.0" 500 1 "https://www.bhartirefrigeration.in/sitemap_detail_915.xml" "Mozilla/5.0 AppleWebKit/537.36 (KHTML, like Gecko; compatible; GPTBot/1.3; +https://openai.com/gptbot)" 100 **0/100973**
57.141.14.34 - - [01/Apr/2026:08:28:09 -0700] "GET /product/61144879614/ HTTP/2.0" 500 - "-" "meta-externalagent/1.1 (+https://developers.facebook.com/docs/sharing/webmasters/crawler)" 108 **0/108294**
74.7.227.176 - - [01/Apr/2026:08:28:26 -0700] "GET /product/611413763357/ HTTP/2.0" 500 1 "https://www.bhartirefrigeration.in/sitemap_detail_829.xml" "Mozilla/5.0 AppleWebKit/537.36 (KHTML, like Gecko; compatible; GPTBot/1.3; +https://openai.com/gptbot)" 104 **0/104687**
57.141.14.2 - - [01/Apr/2026:08:29:17 -0700] "GET /product/61123860634/ HTTP/2.0" 500 - "-" "meta-externalagent/1.1 (+https://developers.facebook.com/docs/sharing/webmasters/crawler)" 112 **0/112167**
173.252.95.25 - - [01/Apr/2026:08:29:23 -0700] "GET /robots.txt HTTP/2.0" 200 75 "-" "facebookexternalhit/1.1 (+http://www.facebook.com/externalhit_uatext.php)" 319 **0/319968**
66.220.149.28 - - [01/Apr/2026:08:29:23 -0700] "GET / HTTP/2.0" 500 - "-" "meta-externalagent/1.1 (+https://developers.facebook.com/docs/sharing/webmasters/crawler)" 97 **0/97459**
74.7.227.176 - - [01/Apr/2026:08:29:26 -0700] "GET /product/611254488971/ HTTP/2.0" 500 1 "https://www.bhartirefrigeration.in/sitemap_detail_868.xml" "Mozilla/5.0 AppleWebKit/537.36 (KHTML, like Gecko; compatible; GPTBot/1.3; +https://openai.com/gptbot)" 97 **0/97375**
57.141.14.103 - - [01/Apr/2026:08:30:23 -0700] "GET /product/61129537501/ HTTP/2.0" 500 - "-" "meta-externalagent/1.1 (+https://developers.facebook.com/docs/sharing/webmasters/crawler)" 117 **0/117617**
52.167.144.138 - - [01/Apr/2026:08:30:30 -0700] "GET /?products/171012632 HTTP/2.0" 200 17934 "-" "Mozilla/5.0 AppleWebKit/537.36 (KHTML, like Gecko; compatible; bingbot/2.0; +http://www.bing.com/bingbot.htm) Chrome/116.0.1938.76 Safari/537.36" 464 **0/464250**
74.7.227.176 - - [01/Apr/2026:08:30:32 -0700] "GET /product/611410740574/ HTTP/2.0" 500 1 "https://www.bhartirefrigeration.in/sitemap_detail_490.xml" "Mozilla/5.0 AppleWebKit/537.36 (KHTML, like Gecko; compatible; GPTBot/1.3; +https://openai.com/gptbot)" 104 **0/104767**
207.46.13.107 - - [01/Apr/2026:08:30:38 -0700] "GET /?products/123548086 HTTP/2.0" 200 18064 "-" "Mozilla/5.0 AppleWebKit/537.36 (KHTML, like Gecko; compatible; bingbot/2.0; +http://www.bing.com/bingbot.htm) Chrome/116.0.1938.76 Safari/537.36" 4260 **4/4260839**
52.167.144.138 - - [01/Apr/2026:08:31:21 -0700] "GET /?products/142300268 HTTP/2.0" 200 18188 "-" "Mozilla/5.0 AppleWebKit/537.36 (KHTML, like Gecko; compatible; bingbot/2.0; +http://www.bing.com/bingbot.htm) Chrome/116.0.1938.76 Safari/537.36" 544 **0/544987**
207.46.13.107 - - [01/Apr/2026:08:31:28 -0700] "GET /?products/138804006 HTTP/2.0" 200 18000 "-" "Mozilla/5.0 AppleWebKit/537.36 (KHTML, like Gecko; compatible; bingbot/2.0; +http://www.bing.com/bingbot.htm) Chrome/116.0.1938.76 Safari/537.36" 450 **0/450149**
57.141.14.109 - - [01/Apr/2026:08:31:30 -0700] "GET /product/61147564989/ HTTP/2.0" 500 - "-" "meta-externalagent/1.1 (+https://developers.facebook.com/docs/sharing/webmasters/crawler)" 98 **0/98206**
74.7.227.176 - - [01/Apr/2026:08:31:36 -0700] "GET /product/611491844285/ HTTP/2.0" 500 1 "https://www.bhartirefrigeration.in/sitemap_detail_227.xml" "Mozilla/5.0 AppleWebKit/537.36 (KHTML, like Gecko; compatible; GPTBot/1.3; +https://openai.com/gptbot)" 101 **0/101424**
57.141.14.48 - - [01/Apr/2026:08:32:36 -0700] "GET /product/61123499644/ HTTP/2.0" 500 - "-" "meta-externalagent/1.1 (+https://developers.facebook.com/docs/sharing/webmasters/crawler)" 99 **0/99453**
74.7.227.176 - - [01/Apr/2026:08:32:36 -0700] "GET /product/611397245329/ HTTP/2.0" 500 1 "https://www.bhartirefrigeration.in/sitemap_detail_227.xml" "Mozilla/5.0 AppleWebKit/537.36 (KHTML, like Gecko; compatible; GPTBot/1.3; +https://openai.com/gptbot)" 98 **0/98091**
74.7.227.176 - - [01/Apr/2026:08:33:41 -0700] "GET /product/611410831967/ HTTP/2.0" 500 1 "https://www.bhartirefrigeration.in/sitemap_detail_829.xml" "Mozilla/5.0 AppleWebKit/537.36 (KHTML, like Gecko; compatible; GPTBot/1.3; +https://openai.com/gptbot)" 97 **0/97917**
57.141.14.67 - - [01/Apr/2026:08:33:43 -0700] "GET /product/61165573163/ HTTP/2.0" 500 - "-" "meta-externalagent/1.1 (+https://developers.facebook.com/docs/sharing/webmasters/crawler)" 93 **0/93948**
74.7.227.176 - - [01/Apr/2026:08:34:42 -0700] "GET /product/611212924278/ HTTP/2.0" 500 1 "https://www.bhartirefrigeration.in/sitemap_detail_829.xml" "Mozilla/5.0 AppleWebKit/537.36 (KHTML, like Gecko; compatible; GPTBot/1.3; +https://openai.com/gptbot)" 100 **0/100654**
57.141.14.100 - - [01/Apr/2026:08:34:50 -0700] "GET /product/611310140429/ HTTP/2.0" 500 - "-" "meta-externalagent/1.1 (+https://developers.facebook.com/docs/sharing/webmasters/crawler)" 99 **0/99783**
74.7.227.176 - - [01/Apr/2026:08:35:45 -0700] "GET /product/611473665782/ HTTP/2.0" 500 1 "https://www.bhartirefrigeration.in/sitemap_detail_915.xml" "Mozilla/5.0 AppleWebKit/537.36 (KHTML, like Gecko; compatible; GPTBot/1.3; +https://openai.com/gptbot)" 101 **0/101358**
57.141.14.101 - - [01/Apr/2026:08:35:56 -0700] "GET /product/61155060676/ HTTP/2.0" 500 - "-" "meta-externalagent/1.1 (+https://developers.facebook.com/docs/sharing/webmasters/crawler)" 98 **0/98881**
74.7.227.176 - - [01/Apr/2026:08:36:47 -0700] "GET /product/611296487682/ HTTP/2.0" 500 1 "https://www.bhartirefrigeration.in/sitemap_detail_227.xml" "Mozilla/5.0 AppleWebKit/537.36 (KHTML, like Gecko; compatible; GPTBot/1.3; +https://openai.com/gptbot)" 99 **0/99291**
57.141.14.61 - - [01/Apr/2026:08:37:03 -0700] "GET /product/61147987719/ HTTP/2.0" 500 - "-" "meta-externalagent/1.1 (+https://developers.facebook.com/docs/sharing/webmasters/crawler)" 102 **0/102842**
74.7.227.176 - - [01/Apr/2026:08:37:48 -0700] "GET /product/611452520078/ HTTP/2.0" 500 1 "https://www.bhartirefrigeration.in/sitemap_detail_832.xml" "Mozilla/5.0 AppleWebKit/537.36 (KHTML, like Gecko; compatible; GPTBot/1.3; +https://openai.com/gptbot)" 98 **0/98749**
69.171.249.3 - - [01/Apr/2026:08:38:09 -0700] "GET /robots.txt HTTP/2.0" 200 79 "-" "facebookexternalhit/1.1 (+http://www.facebook.com/externalhit_uatext.php)" 234 **0/234108**
69.171.249.6 - - [01/Apr/2026:08:38:10 -0700] "GET /robots.txt HTTP/2.0" 200 79 "-" "facebookexternalhit/1.1 (+http://www.facebook.com/externalhit_uatext.php)" 282 **0/282163**
57.141.14.72 - - [01/Apr/2026:08:38:10 -0700] "GET /product/61165501028/ HTTP/2.0" 500 - "-" "meta-externalagent/1.1 (+https://developers.facebook.com/docs/sharing/webmasters/crawler)" 108 **0/108664**
20.15.133.191 - - [01/Apr/2026:08:38:30 -0700] "GET /goodscode/195356199.shtm HTTP/2.0" 200 18138 "-" "Mozilla/5.0 AppleWebKit/537.36 (KHTML, like Gecko; compatible; bingbot/2.0; +http://www.bing.com/bingbot.htm) Chrome/116.0.1938.76 Safari/537.36" 446 **0/446725**
74.7.227.176 - - [01/Apr/2026:08:38:51 -0700] "GET /product/611473893824/ HTTP/2.0" 500 1 "https://www.bhartirefrigeration.in/sitemap_detail_915.xml" "Mozilla/5.0 AppleWebKit/537.36 (KHTML, like Gecko; compatible; GPTBot/1.3; +https://openai.com/gptbot)" 107 **0/107508**
173.252.70.28 - - [01/Apr/2026:08:39:16 -0700] "GET /robots.txt HTTP/2.0" 200 79 "-" "facebookexternalhit/1.1 (+http://www.facebook.com/externalhit_uatext.php)" 253 **0/253743**
173.252.70.114 - - [01/Apr/2026:08:39:17 -0700] "GET /robots.txt HTTP/2.0" 200 79 "-" "facebookexternalhit/1.1 (+http://www.facebook.com/externalhit_uatext.php)" 263 **0/263187**
57.141.14.101 - - [01/Apr/2026:08:39:17 -0700] "GET /product/61137061079/ HTTP/2.0" 500 - "-" "meta-externalagent/1.1 (+https://developers.facebook.com/docs/sharing/webmasters/crawler)" 105 **0/105878**
40.77.167.35 - - [01/Apr/2026:08:39:32 -0700] "GET /?products/152579056 HTTP/2.0" 200 18413 "-" "Mozilla/5.0 AppleWebKit/537.36 (KHTML, like Gecko; compatible; bingbot/2.0; +http://www.bing.com/bingbot.htm) Chrome/116.0.1938.76 Safari/537.36" 491 **0/491375**
74.7.227.176 - - [01/Apr/2026:08:39:57 -0700] "GET /product/611473660409/ HTTP/2.0" 500 1 "https://www.bhartirefrigeration.in/sitemap_detail_915.xml" "Mozilla/5.0 AppleWebKit/537.36 (KHTML, like Gecko; compatible; GPTBot/1.3; +https://openai.com/gptbot)" 106 **0/106398**
57.141.14.32 - - [01/Apr/2026:08:40:23 -0700] "GET /product/61123667908/ HTTP/2.0" 500 - "-" "meta-externalagent/1.1 (+https://developers.facebook.com/docs/sharing/webmasters/crawler)" 123 **0/123954**
74.7.227.176 - - [01/Apr/2026:08:41:01 -0700] "GET /product/611355169498/ HTTP/2.0" 500 1 "https://www.bhartirefrigeration.in/sitemap_detail_832.xml" "Mozilla/5.0 AppleWebKit/537.36 (KHTML, like Gecko; compatible; GPTBot/1.3; +https://openai.com/gptbot)" 97 **0/97387**
40.77.167.35 - - [01/Apr/2026:08:41:22 -0700] "GET /?products/219874975 HTTP/2.0" 200 17913 "-" "Mozilla/5.0 AppleWebKit/537.36 (KHTML, like Gecko; compatible; bingbot/2.0; +http://www.bing.com/bingbot.htm) Chrome/116.0.1938.76 Safari/537.36" 468 **0/468636**
57.141.14.40 - - [01/Apr/2026:08:41:30 -0700] "GET /product/61123805176/ HTTP/2.0" 500 - "-" "meta-externalagent/1.1 (+https://developers.facebook.com/docs/sharing/webmasters/crawler)" 101 **0/101645**
74.7.227.176 - - [01/Apr/2026:08:42:01 -0700] "GET /product/611293597530/ HTTP/2.0" 500 1 "https://www.bhartirefrigeration.in/sitemap_detail_227.xml" "Mozilla/5.0 AppleWebKit/537.36 (KHTML, like Gecko; compatible; GPTBot/1.3; +https://openai.com/gptbot)" 106 **0/106417**
57.141.14.53 - - [01/Apr/2026:08:42:37 -0700] "GET /product/61158106033/ HTTP/2.0" 500 - "-" "meta-externalagent/1.1 (+https://developers.facebook.com/docs/sharing/webmasters/crawler)" 99 **0/99251**
74.7.227.176 - - [01/Apr/2026:08:43:04 -0700] "GET /product/611553400143/ HTTP/2.0" 500 1 "https://www.bhartirefrigeration.in/sitemap_detail_832.xml" "Mozilla/5.0 AppleWebKit/537.36 (KHTML, like Gecko; compatible; GPTBot/1.3; +https://openai.com/gptbot)" 96 **0/96307**
57.141.14.74 - - [01/Apr/2026:08:43:43 -0700] "GET /product/61123563508/ HTTP/2.0" 500 - "-" "meta-externalagent/1.1 (+https://developers.facebook.com/docs/sharing/webmasters/crawler)" 101 **0/101315**
74.7.227.176 - - [01/Apr/2026:08:44:09 -0700] "GET /product/611650792231/ HTTP/2.0" 500 1 "https://www.bhartirefrigeration.in/sitemap_detail_832.xml" "Mozilla/5.0 AppleWebKit/537.36 (KHTML, like Gecko; compatible; GPTBot/1.3; +https://openai.com/gptbot)" 106 **0/106325**
20.15.133.162 - - [01/Apr/2026:08:44:11 -0700] "GET /goodscode/195354635.shtm HTTP/2.0" 200 18417 "-" "Mozilla/5.0 AppleWebKit/537.36 (KHTML, like Gecko; compatible; bingbot/2.0; +http://www.bing.com/bingbot.htm) Chrome/116.0.1938.76 Safari/537.36" 486 **0/486308**
40.77.167.35 - - [01/Apr/2026:08:44:42 -0700] "GET /?products/223851743 HTTP/2.0" 200 18145 "-" "Mozilla/5.0 AppleWebKit/537.36 (KHTML, like Gecko; compatible; bingbot/2.0; +http://www.bing.com/bingbot.htm) Chrome/116.0.1938.76 Safari/537.36" 519 **0/519311**
57.141.14.101 - - [01/Apr/2026:08:44:50 -0700] "GET /product/61155027826/ HTTP/2.0" 500 - "-" "meta-externalagent/1.1 (+https://developers.facebook.com/docs/sharing/webmasters/crawler)" 106 **0/106482**
74.7.227.176 - - [01/Apr/2026:08:45:09 -0700] "GET /product/611254763102/ HTTP/2.0" 500 1 "https://www.bhartirefrigeration.in/sitemap_detail_868.xml" "Mozilla/5.0 AppleWebKit/537.36 (KHTML, like Gecko; compatible; GPTBot/1.3; +https://openai.com/gptbot)" 127 **0/127333**
57.141.14.100 - - [01/Apr/2026:08:45:57 -0700] "GET /product/61147803039/ HTTP/2.0" 500 - "-" "meta-externalagent/1.1 (+https://developers.facebook.com/docs/sharing/webmasters/crawler)" 102 **0/102821**
74.7.227.176 - - [01/Apr/2026:08:46:15 -0700] "GET /product/611553075332/ HTTP/2.0" 500 1 "https://www.bhartirefrigeration.in/sitemap_detail_868.xml" "Mozilla/5.0 AppleWebKit/537.36 (KHTML, like Gecko; compatible; GPTBot/1.3; +https://openai.com/gptbot)" 102 **0/102262**
57.141.14.16 - - [01/Apr/2026:08:47:03 -0700] "GET /product/61116001518/ HTTP/2.0" 500 - "-" "meta-externalagent/1.1 (+https://developers.facebook.com/docs/sharing/webmasters/crawler)" 98 **0/98708**
74.7.227.176 - - [01/Apr/2026:08:47:15 -0700] "GET /product/611397316150/ HTTP/2.0" 500 1 "https://www.bhartirefrigeration.in/sitemap_detail_227.xml" "Mozilla/5.0 AppleWebKit/537.36 (KHTML, like Gecko; compatible; GPTBot/1.3; +https://openai.com/gptbot)" 101 **0/101667**
66.249.66.70 - - [01/Apr/2026:08:47:19 -0700] "GET /medawas-gurugram/fan-repairing.html HTTP/1.1" 200 18186 "-" "Mozilla/5.0 (Linux; Android 6.0.1; Nexus 5X Build/MMB29P) AppleWebKit/537.36 (KHTML, like Gecko) Chrome/146.0.7680.164 Mobile Safari/537.36 (compatible; Googlebot/2.1; +http://www.google.com/bot.html)" 444 **0/444121**
52.167.144.192 - - [01/Apr/2026:08:47:26 -0700] "GET /?product/6111387137/ HTTP/2.0" 200 18193 "-" "Mozilla/5.0 AppleWebKit/537.36 (KHTML, like Gecko; compatible; bingbot/2.0; +http://www.bing.com/bingbot.htm) Chrome/116.0.1938.76 Safari/537.36" 522 **0/522847**
52.167.144.192 - - [01/Apr/2026:08:47:27 -0700] "GET /product/6112717273/ HTTP/2.0" 200 18280 "-" "Mozilla/5.0 AppleWebKit/537.36 (KHTML, like Gecko; compatible; bingbot/2.0; +http://www.bing.com/bingbot.htm) Chrome/116.0.1938.76 Safari/537.36" 489 **0/489596**
52.167.144.192 - - [01/Apr/2026:08:47:27 -0700] "GET /product/61152186276/ HTTP/2.0" 200 18059 "-" "Mozilla/5.0 AppleWebKit/537.36 (KHTML, like Gecko; compatible; bingbot/2.0; +http://www.bing.com/bingbot.htm) Chrome/116.0.1938.76 Safari/537.36" 473 **0/473540**
52.167.144.192 - - [01/Apr/2026:08:47:29 -0700] "GET /product/61131248346/ HTTP/2.0" 200 18208 "-" "Mozilla/5.0 AppleWebKit/537.36 (KHTML, like Gecko; compatible; bingbot/2.0; +http://www.bing.com/bingbot.htm) Chrome/116.0.1938.76 Safari/537.36" 515 **0/515405**
157.55.39.12 - - [01/Apr/2026:08:47:30 -0700] "GET /product/61152089940/ HTTP/2.0" 200 17921 "-" "Mozilla/5.0 AppleWebKit/537.36 (KHTML, like Gecko; compatible; bingbot/2.0; +http://www.bing.com/bingbot.htm) Chrome/116.0.1938.76 Safari/537.36" 473 **0/473009**
157.55.39.12 - - [01/Apr/2026:08:47:31 -0700] "GET /product/6112663755/ HTTP/2.0" 200 18151 "-" "Mozilla/5.0 AppleWebKit/537.36 (KHTML, like Gecko; compatible; bingbot/2.0; +http://www.bing.com/bingbot.htm) Chrome/116.0.1938.76 Safari/537.36" 494 **0/494499**
157.55.39.12 - - [01/Apr/2026:08:47:32 -0700] "GET /product/61141791465/ HTTP/2.0" 200 18341 "-" "Mozilla/5.0 AppleWebKit/537.36 (KHTML, like Gecko; compatible; bingbot/2.0; +http://www.bing.com/bingbot.htm) Chrome/116.0.1938.76 Safari/537.36" 481 **0/481107**
40.77.167.35 - - [01/Apr/2026:08:47:35 -0700] "GET /product/6112578877/ HTTP/2.0" 200 17915 "-" "Mozilla/5.0 AppleWebKit/537.36 (KHTML, like Gecko; compatible; bingbot/2.0; +http://www.bing.com/bingbot.htm) Chrome/116.0.1938.76 Safari/537.36" 448 **0/448428**
40.77.167.35 - - [01/Apr/2026:08:47:37 -0700] "GET /product/61152083486/ HTTP/2.0" 200 18104 "-" "Mozilla/5.0 AppleWebKit/537.36 (KHTML, like Gecko; compatible; bingbot/2.0; +http://www.bing.com/bingbot.htm) Chrome/116.0.1938.76 Safari/537.36" 481 **0/481829**
52.167.144.192 - - [01/Apr/2026:08:47:46 -0700] "GET /product/6112688256/ HTTP/2.0" 200 18037 "-" "Mozilla/5.0 AppleWebKit/537.36 (KHTML, like Gecko; compatible; bingbot/2.0; +http://www.bing.com/bingbot.htm) Chrome/116.0.1938.76 Safari/537.36" 494 **0/494850**
52.167.144.192 - - [01/Apr/2026:08:47:47 -0700] "GET /product/61131108783/ HTTP/2.0" 200 18047 "-" "Mozilla/5.0 AppleWebKit/537.36 (KHTML, like Gecko; compatible; bingbot/2.0; +http://www.bing.com/bingbot.htm) Chrome/116.0.1938.76 Safari/537.36" 457 **0/457542**
157.55.39.12 - - [01/Apr/2026:08:47:50 -0700] "GET /product/61131381647/ HTTP/2.0" 200 18079 "-" "Mozilla/5.0 AppleWebKit/537.36 (KHTML, like Gecko; compatible; bingbot/2.0; +http://www.bing.com/bingbot.htm) Chrome/116.0.1938.76 Safari/537.36" 465 **0/465633**
157.55.39.12 - - [01/Apr/2026:08:47:52 -0700] "GET /product/61131298717/ HTTP/2.0" 200 18147 "-" "Mozilla/5.0 AppleWebKit/537.36 (KHTML, like Gecko; compatible; bingbot/2.0; +http://www.bing.com/bingbot.htm) Chrome/116.0.1938.76 Safari/537.36" 493 **0/493236**
57.141.14.96 - - [01/Apr/2026:08:48:09 -0700] "GET /product/61155429793/ HTTP/2.0" 500 - "-" "meta-externalagent/1.1 (+https://developers.facebook.com/docs/sharing/webmasters/crawler)" 96 **0/96712**
40.77.167.35 - - [01/Apr/2026:08:48:13 -0700] "GET /product/61131072019/ HTTP/2.0" 200 18094 "-" "Mozilla/5.0 AppleWebKit/537.36 (KHTML, like Gecko; compatible; bingbot/2.0; +http://www.bing.com/bingbot.htm) Chrome/116.0.1938.76 Safari/537.36" 508 **0/508548**
40.77.167.35 - - [01/Apr/2026:08:48:13 -0700] "GET /product/61141662284/ HTTP/2.0" 200 18245 "-" "Mozilla/5.0 AppleWebKit/537.36 (KHTML, like Gecko; compatible; bingbot/2.0; +http://www.bing.com/bingbot.htm) Chrome/116.0.1938.76 Safari/537.36" 453 **0/453632**
40.77.167.35 - - [01/Apr/2026:08:48:14 -0700] "GET /product/61162981159/ HTTP/2.0" 200 18090 "-" "Mozilla/5.0 AppleWebKit/537.36 (KHTML, like Gecko; compatible; bingbot/2.0; +http://www.bing.com/bingbot.htm) Chrome/116.0.1938.76 Safari/537.36" 490 **0/490734**
40.77.167.35 - - [01/Apr/2026:08:48:15 -0700] "GET /product/611137845/ HTTP/2.0" 200 18118 "-" "Mozilla/5.0 AppleWebKit/537.36 (KHTML, like Gecko; compatible; bingbot/2.0; +http://www.bing.com/bingbot.htm) Chrome/116.0.1938.76 Safari/537.36" 473 **0/473562**
40.77.167.35 - - [01/Apr/2026:08:48:15 -0700] "GET /product/6111144783/ HTTP/2.0" 200 17914 "-" "Mozilla/5.0 AppleWebKit/537.36 (KHTML, like Gecko; compatible; bingbot/2.0; +http://www.bing.com/bingbot.htm) Chrome/116.0.1938.76 Safari/537.36" 451 **0/451321**
52.167.144.192 - - [01/Apr/2026:08:48:17 -0700] "GET /product/61162519521/ HTTP/2.0" 200 18808 "-" "Mozilla/5.0 AppleWebKit/537.36 (KHTML, like Gecko; compatible; bingbot/2.0; +http://www.bing.com/bingbot.htm) Chrome/116.0.1938.76 Safari/537.36" 516 **0/516618**
74.7.227.176 - - [01/Apr/2026:08:48:18 -0700] "GET /product/611358182526/ HTTP/2.0" 500 1 "https://www.bhartirefrigeration.in/sitemap_detail_868.xml" "Mozilla/5.0 AppleWebKit/537.36 (KHTML, like Gecko; compatible; GPTBot/1.3; +https://openai.com/gptbot)" 100 **0/100616**
52.167.144.192 - - [01/Apr/2026:08:48:18 -0700] "GET /product/61162799912/ HTTP/2.0" 200 18056 "-" "Mozilla/5.0 AppleWebKit/537.36 (KHTML, like Gecko; compatible; bingbot/2.0; +http://www.bing.com/bingbot.htm) Chrome/116.0.1938.76 Safari/537.36" 468 **0/468124**
52.167.144.192 - - [01/Apr/2026:08:48:19 -0700] "GET /product/61152146483/ HTTP/2.0" 200 18405 "-" "Mozilla/5.0 AppleWebKit/537.36 (KHTML, like Gecko; compatible; bingbot/2.0; +http://www.bing.com/bingbot.htm) Chrome/116.0.1938.76 Safari/537.36" 492 **0/492722**
157.55.39.12 - - [01/Apr/2026:08:48:22 -0700] "GET /product/61162939924/ HTTP/2.0" 200 18013 "-" "Mozilla/5.0 AppleWebKit/537.36 (KHTML, like Gecko; compatible; bingbot/2.0; +http://www.bing.com/bingbot.htm) Chrome/116.0.1938.76 Safari/537.36" 501 **0/501805**
157.55.39.12 - - [01/Apr/2026:08:48:23 -0700] "GET /product/611135030/ HTTP/2.0" 200 17909 "-" "Mozilla/5.0 AppleWebKit/537.36 (KHTML, like Gecko; compatible; bingbot/2.0; +http://www.bing.com/bingbot.htm) Chrome/116.0.1938.76 Safari/537.36" 443 **0/443673**
157.55.39.12 - - [01/Apr/2026:08:48:24 -0700] "GET /product/61114941/ HTTP/2.0" 200 18157 "-" "Mozilla/5.0 AppleWebKit/537.36 (KHTML, like Gecko; compatible; bingbot/2.0; +http://www.bing.com/bingbot.htm) Chrome/116.0.1938.76 Safari/537.36" 449 **0/449327**
157.55.39.12 - - [01/Apr/2026:08:48:25 -0700] "GET /product/6112616880/ HTTP/2.0" 200 18568 "-" "Mozilla/5.0 AppleWebKit/537.36 (KHTML, like Gecko; compatible; bingbot/2.0; +http://www.bing.com/bingbot.htm) Chrome/116.0.1938.76 Safari/537.36" 459 **0/459422**
40.77.167.35 - - [01/Apr/2026:08:48:27 -0700] "GET /product/61162932268/ HTTP/2.0" 200 18477 "-" "Mozilla/5.0 AppleWebKit/537.36 (KHTML, like Gecko; compatible; bingbot/2.0; +http://www.bing.com/bingbot.htm) Chrome/116.0.1938.76 Safari/537.36" 520 **0/520514**
40.77.167.35 - - [01/Apr/2026:08:48:28 -0700] "GET /product/611168619/ HTTP/2.0" 200 18380 "-" "Mozilla/5.0 AppleWebKit/537.36 (KHTML, like Gecko; compatible; bingbot/2.0; +http://www.bing.com/bingbot.htm) Chrome/116.0.1938.76 Safari/537.36" 472 **0/472828**
57.141.14.75 - - [01/Apr/2026:08:49:17 -0700] "GET /product/61123768924/ HTTP/2.0" 500 - "-" "meta-externalagent/1.1 (+https://developers.facebook.com/docs/sharing/webmasters/crawler)" 97 **0/97063**
74.7.227.176 - - [01/Apr/2026:08:49:24 -0700] "GET /product/611358112984/ HTTP/2.0" 500 1 "https://www.bhartirefrigeration.in/sitemap_detail_832.xml" "Mozilla/5.0 AppleWebKit/537.36 (KHTML, like Gecko; compatible; GPTBot/1.3; +https://openai.com/gptbot)" 96 **0/96296**
57.141.14.101 - - [01/Apr/2026:08:50:23 -0700] "GET /product/61134100538/ HTTP/2.0" 500 - "-" "meta-externalagent/1.1 (+https://developers.facebook.com/docs/sharing/webmasters/crawler)" 113 **0/113190**
74.7.227.176 - - [01/Apr/2026:08:50:26 -0700] "GET /product/611656890433/ HTTP/2.0" 500 1 "https://www.bhartirefrigeration.in/sitemap_detail_832.xml" "Mozilla/5.0 AppleWebKit/537.36 (KHTML, like Gecko; compatible; GPTBot/1.3; +https://openai.com/gptbot)" 111 **0/111788**
66.249.66.6 - - [01/Apr/2026:08:51:28 -0700] "GET /sector-14-gurugram/mixer-mixi-repair.html HTTP/1.1" 200 17951 "-" "Mozilla/5.0 (Linux; Android 6.0.1; Nexus 5X Build/MMB29P) AppleWebKit/537.36 (KHTML, like Gecko) Chrome/146.0.7680.164 Mobile Safari/537.36 (compatible; Googlebot/2.1; +http://www.google.com/bot.html)" 516 **0/516227**
74.7.227.176 - - [01/Apr/2026:08:51:29 -0700] "GET /product/611494668557/ HTTP/2.0" 500 1 "https://www.bhartirefrigeration.in/sitemap_detail_227.xml" "Mozilla/5.0 AppleWebKit/537.36 (KHTML, like Gecko; compatible; GPTBot/1.3; +https://openai.com/gptbot)" 102 **0/102111**
57.141.14.15 - - [01/Apr/2026:08:51:30 -0700] "GET /product/61144982214/ HTTP/2.0" 500 - "-" "meta-externalagent/1.1 (+https://developers.facebook.com/docs/sharing/webmasters/crawler)" 105 **0/105715**
157.55.39.12 - - [01/Apr/2026:08:52:00 -0700] "GET /?products/152834541 HTTP/2.0" 200 18275 "-" "Mozilla/5.0 AppleWebKit/537.36 (KHTML, like Gecko; compatible; bingbot/2.0; +http://www.bing.com/bingbot.htm) Chrome/116.0.1938.76 Safari/537.36" 456 **0/456469**
74.7.227.176 - - [01/Apr/2026:08:52:35 -0700] "GET /product/611497458764/ HTTP/2.0" 500 1 "https://www.bhartirefrigeration.in/sitemap_detail_227.xml" "Mozilla/5.0 AppleWebKit/537.36 (KHTML, like Gecko; compatible; GPTBot/1.3; +https://openai.com/gptbot)" 99 **0/99641**
57.141.14.101 - - [01/Apr/2026:08:52:37 -0700] "GET /product/611410492914/ HTTP/2.0" 500 - "-" "meta-externalagent/1.1 (+https://developers.facebook.com/docs/sharing/webmasters/crawler)" 98 **0/98759**
66.249.66.42 - - [01/Apr/2026:08:52:55 -0700] "GET /dlf-phase-4-gurugram/microwave-repair.html HTTP/1.1" 200 17967 "-" "Mozilla/5.0 (Linux; Android 6.0.1; Nexus 5X Build/MMB29P) AppleWebKit/537.36 (KHTML, like Gecko) Chrome/146.0.7680.164 Mobile Safari/537.36 (compatible; Googlebot/2.1; +http://www.google.com/bot.html)" 475 **0/475660**
157.55.39.12 - - [01/Apr/2026:08:53:00 -0700] "GET /?product/61162565420/ HTTP/2.0" 200 18202 "-" "Mozilla/5.0 AppleWebKit/537.36 (KHTML, like Gecko; compatible; bingbot/2.0; +http://www.bing.com/bingbot.htm) Chrome/116.0.1938.76 Safari/537.36" 453 **0/453814**
74.7.227.176 - - [01/Apr/2026:08:53:37 -0700] "GET /product/611310125369/ HTTP/2.0" 500 1 "https://www.bhartirefrigeration.in/sitemap_detail_849.xml" "Mozilla/5.0 AppleWebKit/537.36 (KHTML, like Gecko; compatible; GPTBot/1.3; +https://openai.com/gptbot)" 102 **0/102126**
57.141.14.22 - - [01/Apr/2026:08:53:43 -0700] "GET /product/61147612149/ HTTP/2.0" 500 - "-" "meta-externalagent/1.1 (+https://developers.facebook.com/docs/sharing/webmasters/crawler)" 102 **0/102833**
74.7.227.176 - - [01/Apr/2026:08:54:39 -0700] "GET /product/611692681825/ HTTP/2.0" 500 1 "https://www.bhartirefrigeration.in/sitemap_detail_227.xml" "Mozilla/5.0 AppleWebKit/537.36 (KHTML, like Gecko; compatible; GPTBot/1.3; +https://openai.com/gptbot)" 98 **0/98234**
57.141.14.39 - - [01/Apr/2026:08:54:50 -0700] "GET /product/61113218088/ HTTP/2.0" 500 - "-" "meta-externalagent/1.1 (+https://developers.facebook.com/docs/sharing/webmasters/crawler)" 94 **0/94396**
74.7.227.176 - - [01/Apr/2026:08:55:45 -0700] "GET /product/611313374750/ HTTP/2.0" 500 1 "https://www.bhartirefrigeration.in/sitemap_detail_893.xml" "Mozilla/5.0 AppleWebKit/537.36 (KHTML, like Gecko; compatible; GPTBot/1.3; +https://openai.com/gptbot)" 99 **0/99454**
57.141.14.37 - - [01/Apr/2026:08:55:57 -0700] "GET /product/611310105626/ HTTP/2.0" 500 - "-" "meta-externalagent/1.1 (+https://developers.facebook.com/docs/sharing/webmasters/crawler)" 100 **0/100958**
20.235.75.216 - - [01/Apr/2026:08:56:25 -0700] "GET / HTTP/2.0" 500 1 "-" "Mozilla/5.0 AppleWebKit/537.36 (KHTML, like Gecko); compatible; ChatGPT-User/1.0; +https://openai.com/bot" 180 **0/180757**
74.7.227.176 - - [01/Apr/2026:08:56:48 -0700] "GET /product/611452682779/ HTTP/2.0" 500 1 "https://www.bhartirefrigeration.in/sitemap_detail_868.xml" "Mozilla/5.0 AppleWebKit/537.36 (KHTML, like Gecko; compatible; GPTBot/1.3; +https://openai.com/gptbot)" 103 **0/103840**
57.141.14.38 - - [01/Apr/2026:08:57:03 -0700] "GET /product/61137406328/ HTTP/2.0" 500 - "-" "meta-externalagent/1.1 (+https://developers.facebook.com/docs/sharing/webmasters/crawler)" 119 **0/119542**
74.7.227.176 - - [01/Apr/2026:08:57:48 -0700] "GET /product/611650596481/ HTTP/2.0" 500 1 "https://www.bhartirefrigeration.in/sitemap_detail_832.xml" "Mozilla/5.0 AppleWebKit/537.36 (KHTML, like Gecko; compatible; GPTBot/1.3; +https://openai.com/gptbot)" 95 **0/95062**
52.167.144.166 - - [01/Apr/2026:08:58:07 -0700] "GET /?products/202516672 HTTP/2.0" 200 18064 "-" "Mozilla/5.0 AppleWebKit/537.36 (KHTML, like Gecko; compatible; bingbot/2.0; +http://www.bing.com/bingbot.htm) Chrome/116.0.1938.76 Safari/537.36" 521 **0/521399**
57.141.14.60 - - [01/Apr/2026:08:58:10 -0700] "GET /product/61126937158/ HTTP/2.0" 500 - "-" "meta-externalagent/1.1 (+https://developers.facebook.com/docs/sharing/webmasters/crawler)" 102 **0/102003**
74.7.227.176 - - [01/Apr/2026:08:58:53 -0700] "GET /product/611476903082/ HTTP/2.0" 500 1 "https://www.bhartirefrigeration.in/sitemap_detail_915.xml" "Mozilla/5.0 AppleWebKit/537.36 (KHTML, like Gecko; compatible; GPTBot/1.3; +https://openai.com/gptbot)" 97 **0/97212**
52.167.144.190 - - [01/Apr/2026:08:59:04 -0700] "GET /product/611140412/ HTTP/2.0" 200 18220 "-" "Mozilla/5.0 AppleWebKit/537.36 (KHTML, like Gecko; compatible; bingbot/2.0; +http://www.bing.com/bingbot.htm) Chrome/116.0.1938.76 Safari/537.36" 470 **0/470924**
57.141.14.40 - - [01/Apr/2026:08:59:17 -0700] "GET /product/61126902076/ HTTP/2.0" 500 - "-" "meta-externalagent/1.1 (+https://developers.facebook.com/docs/sharing/webmasters/crawler)" 123 **0/123498**
74.7.227.176 - - [01/Apr/2026:08:59:57 -0700] "GET /product/611272577925/ HTTP/2.0" 500 1 "https://www.bhartirefrigeration.in/sitemap_detail_915.xml" "Mozilla/5.0 AppleWebKit/537.36 (KHTML, like Gecko; compatible; GPTBot/1.3; +https://openai.com/gptbot)" 94 **0/94856**
52.167.144.166 - - [01/Apr/2026:09:00:17 -0700] "GET /product/61152183581/ HTTP/2.0" 200 18131 "-" "Mozilla/5.0 AppleWebKit/537.36 (KHTML, like Gecko; compatible; bingbot/2.0; +http://www.bing.com/bingbot.htm) Chrome/116.0.1938.76 Safari/537.36" 522 **0/522084**
57.141.14.89 - - [01/Apr/2026:09:00:23 -0700] "GET /product/61113049824/ HTTP/2.0" 500 - "-" "meta-externalagent/1.1 (+https://developers.facebook.com/docs/sharing/webmasters/crawler)" 114 **0/114855**
52.167.144.166 - - [01/Apr/2026:09:00:27 -0700] "GET /?products/186134430 HTTP/2.0" 200 18205 "-" "Mozilla/5.0 AppleWebKit/537.36 (KHTML, like Gecko; compatible; bingbot/2.0; +http://www.bing.com/bingbot.htm) Chrome/116.0.1938.76 Safari/537.36" 530 **0/530336**
74.7.227.176 - - [01/Apr/2026:09:00:58 -0700] "GET /product/611511089007/ HTTP/2.0" 500 1 "https://www.bhartirefrigeration.in/sitemap_detail_829.xml" "Mozilla/5.0 AppleWebKit/537.36 (KHTML, like Gecko; compatible; GPTBot/1.3; +https://openai.com/gptbot)" 98 **0/98807**
57.141.14.56 - - [01/Apr/2026:09:01:30 -0700] "GET /product/611310469163/ HTTP/2.0" 500 - "-" "meta-externalagent/1.1 (+https://developers.facebook.com/docs/sharing/webmasters/crawler)" 106 **0/106348**
